481
CXUS53 KICT 092026
CF6SLN
PRELIMINARY LOCAL CLIMATOLOGICAL DATA (WS FORM: F-6)
STATION: SALINA KS
MONTH: MARCH
YEAR: 2021
LATITUDE: 38 47 N
LONGITUDE: 97 39 W
TEMPERATURE IN F: :PCPN: SNOW: WIND :SUNSHINE: SKY :PK WND
================================================================================
1 2 3 4 5 6A 6B 7 8 9 10 11 12 13 14 15 16 17 18
12Z AVG MX 2MIN
DY MAX MIN AVG DEP HDD CDD WTR SNW DPTH SPD SPD DIR MIN PSBL S-S WX SPD DR
================================================================================
1 56 17 37 -3 28 0 0.00 M M 4.5 13 320 M M 0 18 320
2 68 20 44 3 21 0 0.00 M M 10.9 25 220 M M 0 36 200
3 74 26 50 9 15 0 0.00 M M 7.8 17 210 M M 0 22 210
4 73 29 51 10 14 0 0.00 M M 7.2 23 140 M M 2 31 140
5 63 34 49 7 16 0 0.00 M M 6.0 15 70 M M 2 20 60
6 69 31 50 8 15 0 0.00 M M 9.5 20 200 M M 0 26 200
7 69 40 55 13 10 0 0.00 M M 18.0 36 200 M M 0 45 190
8 72 45 59 16 6 0 0.00 M M 18.7 30 170 M M 0 42 170
9 74 52 63 20 2 0 0.00 M M 23.1 36 190 M M 0 55 190
10 77 41 59 15 6 0 0.00 M M 24.2 38 200 M M 1 53 190
11 60 29 45 1 20 0 0.00 M M 8.3 16 30 M M 0 29 100
12 45 40 43 -1 22 0 0.40 M M 10.3 18 80 M M 8 13 29 80
13 52 41 47 2 18 0 0.14 M M 12.3 21 100 M M 10 13 29 80
14 66 48 57 12 8 0 0.26 M M 15.7 26 140 M M 6 13 39 130
15 59 39 49 4 16 0 0.01 M M 9.8 18 340 M M 8 1 30 100
16 64 34 49 3 16 0 0.00 M M 9.2 22 360 M M 8 12 29 360
17 48 36 42 -4 23 0 0.52 M M 23.7 32 350 M M 10 1 41 360
18 51 34 43 -3 22 0 0.00 M M 18.4 32 340 M M 7 40 340
19 58 27 43 -3 22 0 0.00 M M 5.5 16 110 M M 0 21 110
20 65 32 49 2 16 0 0.00 M M 14.8 26 160 M M 0 36 160
21 68 47 58 11 7 0 0.00 M M 19.5 35 190 M M 0 49 190
22 53 48 51 3 14 0 1.41 M M 8.5 18 100 M M 10 1 24 110
23 59 44 52 4 13 0 0.03 M M 15.2 30 290 M M 10 1 38 290
24 49 43 46 -2 19 0 0.01 M M 12.7 28 350 M M 10 34 340
25 55 40 48 0 17 0 0.00 M M 5.8 13 20 M M 9 17 80
26 70 34 52 3 13 0 0.16 M M 9.8 26 150 M M 4 13 36 190
27 64 38 51 2 14 0 0.00 M M 13.8 31 340 M M 3 1 40 350
28 68 31 50 1 15 0 0.00 M M 10.0 24 190 M M 0 38 200
29 80 49 65 15 0 0 0.00 M M 25.4 36 200 M M 0 58 190
30 65 36 51 1 14 0 0.00 M M 19.5 39 350 M M 0 51 350
31 57 27 42 -8 23 0 0.00 M M 5.7 20 290 M M 1 26 300
================================================================================
SM 1951 1132 465 0 2.94 M 403.8 M 109
================================================================================
AV 62.9 36.5 13.0 FASTST M M 4 MAX(MPH)
MISC ----> 39 350 58 190
================================================================================
NOTES:
# LAST OF SEVERAL OCCURRENCES
COLUMN 17 PEAK WIND IN M.P.H.
PRELIMINARY LOCAL CLIMATOLOGICAL DATA (WS FORM: F-6) , PAGE 2
STATION: SALINA KS
MONTH: MARCH
YEAR: 2021
LATITUDE: 38 47 N
LONGITUDE: 97 39 W
[TEMPERATURE DATA] [PRECIPITATION DATA] SYMBOLS USED IN COLUMN 16
AVERAGE MONTHLY: 49.7 TOTAL FOR MONTH: 2.94 1 = FOG OR MIST
DPTR FM NORMAL: 4.3 DPTR FM NORMAL: 0.55 2 = FOG REDUCING VISIBILITY
HIGHEST: 80 ON 29 GRTST 24HR 1.44 ON 22-23 TO 1/4 MILE OR LESS
LOWEST: 17 ON 1 3 = THUNDER
SNOW, ICE PELLETS, HAIL 4 = ICE PELLETS
TOTAL MONTH: M 5 = HAIL
GRTST 24HR M ON M 6 = FREEZING RAIN OR DRIZZLE
GRTST DEPTH: M ON M 7 = DUSTSTORM OR SANDSTORM:
VSBY 1/2 MILE OR LESS
8 = SMOKE OR HAZE
[NO. OF DAYS WITH] [WEATHER - DAYS WITH] 9 = BLOWING SNOW
X = TORNADO
MAX 32 OR BELOW: 0 0.01 INCH OR MORE: 9
MAX 90 OR ABOVE: 0 0.10 INCH OR MORE: 6
MIN 32 OR BELOW: 10 0.50 INCH OR MORE: 2
MIN 0 OR BELOW: 0 1.00 INCH OR MORE: 1
[HDD (BASE 65) ]
TOTAL THIS MO. 465 CLEAR (SCALE 0-3) 19
DPTR FM NORMAL -144 PTCLDY (SCALE 4-7) 5
TOTAL FM JUL 1 4310 CLOUDY (SCALE 8-10) 7
DPTR FM NORMAL -139
[CDD (BASE 65) ]
TOTAL THIS MO. 0
DPTR FM NORMAL -2 [PRESSURE DATA]
TOTAL FM JAN 1 0 HIGHEST SLP 30.56 ON 31
DPTR FM NORMAL -2 LOWEST SLP 29.40 ON 29
[REMARKS]
#FINAL-03-21#