000
CXUS51 KBTV 210700
CF61V4
PRELIMINARY LOCAL CLIMATOLOGICAL DATA (WS FORM: F-6)

                                          STATION:   SAINT JOHNSBURY VT ASOS
                                          MONTH:     OCTOBER
                                          YEAR:      2019
                                          LATITUDE:   44 25 N
                                          LONGITUDE:  72  1 W

  TEMPERATURE IN F:       :PCPN:    SNOW:  WIND      :SUNSHINE: SKY     :PK WND
================================================================================
1   2   3   4   5  6A  6B    7    8   9   10  11  12  13   14  15   16   17  18
                                     12Z  AVG MX 2MIN
DY MAX MIN AVG DEP HDD CDD  WTR  SNW DPTH SPD SPD DIR MIN PSBL S-S WX    SPD DR
================================================================================

 1  63  50  57   4   8   0 0.87    M    M    M  M   M   M    M   0         M   M
 2  64  43  54   1  11   0 0.06    M    M    M  M   M   M    M   0         M   M
 3  52  36  44  -8  21   0 0.07    M    M    M  M   M   M    M   0         M   M
 4  49  31  40 -12  25   0 0.05    M    M    M  M   M   M    M   0         M   M
 5  57  29  43  -9  22   0 0.00    M    M    M  M   M   M    M   0         M   M
 6  60  30  45  -6  20   0 0.00    M    M    M  M   M   M    M   0         M   M
 7  61  51  56   5   9   0 1.71    M    M    M  M   M   M    M   0         M   M
 8  62  39  51   1  14   0 0.00    M    M    M  M   M   M    M   0         M   M
 9  61  34  48  -2  17   0 0.00    M    M    M  M   M   M    M   0         M   M
10  64  37  51   2  14   0 0.00    M    M    M  M   M   M    M   0         M   M
11  67  34  51   2  14   0 0.00    M    M    M  M   M   M    M   0         M   M
12  63  44  54   6  11   0 0.00    M    M    M  M   M   M    M   0         M   M
13  63  38  51   3  14   0 0.00    M    M    M  M   M   M    M   0         M   M
14  65  33  49   1  16   0 0.00    M    M    M  M   M   M    M   0         M   M
15  57  33  45  -2  20   0 0.00    M    M    M  M   M   M    M   0         M   M
16  58  30  44  -3  21   0 0.17    M    M    M  M   M   M    M   0         M   M
17  51  43  47   0  18   0 0.30    M    M    M  M   M   M    M   0         M   M
18  47  42  45  -1  20   0 0.01    M    M    M  M   M   M    M   0         M   M
19  52  31  42  -4  23   0 0.00    M    M    M  M   M   M    M   0         M   M
20  51  29  40  -6  25   0 0.01    M    M    M  M   M   M    M   0         M   M
================================================================================
SM 1167  737       343   0  3.25    M        M          M        0
================================================================================
AV 58.4 36.9                                 M FASTST   M    M   0    MAX(MPH)
                                 MISC ---->     M   M                  M   M
================================================================================
NOTES:
# LAST OF SEVERAL OCCURRENCES

COLUMN 17 PEAK WIND IN M.P.H.

PRELIMINARY LOCAL CLIMATOLOGICAL DATA (WS FORM: F-6) , PAGE 2

                                          STATION:   SAINT JOHNSBURY VT ASOS
                                          MONTH:     OCTOBER
                                          YEAR:      2019
                                          LATITUDE:   44 25 N
                                          LONGITUDE:  72  1 W

[TEMPERATURE DATA]      [PRECIPITATION DATA]       SYMBOLS USED IN COLUMN 16

AVERAGE MONTHLY: 47.6   TOTAL FOR MONTH:   3.25    1 = FOG OR MIST
DPTR FM NORMAL:  -1.7   DPTR FM NORMAL:    0.70    2 = FOG REDUCING VISIBILITY
HIGHEST:    67 ON 11    GRTST 24HR  1.71 ON  7- 7      TO 1/4 MILE OR LESS
LOWEST:     29 ON 20, 5                             3 = THUNDER
                        SNOW, ICE PELLETS, HAIL    4 = ICE PELLETS
                        TOTAL MONTH:  M            5 = HAIL
                        GRTST 24HR    M  ON   M    6 = FREEZING RAIN OR DRIZZLE
                        GRTST DEPTH:  M  ON   M    7 = DUSTSTORM OR SANDSTORM:
                                                       VSBY 1/2 MILE OR LESS
                                                   8 = SMOKE OR HAZE
[NO. OF DAYS WITH]      [WEATHER - DAYS WITH]      9 = BLOWING SNOW
                                                   X = TORNADO
MAX 32 OR BELOW:   0    0.01 INCH OR MORE:   9
MAX 90 OR ABOVE:   0    0.10 INCH OR MORE:   4
MIN 32 OR BELOW:   6    0.50 INCH OR MORE:   2
MIN  0 OR BELOW:   0    1.00 INCH OR MORE:   1

[HDD (BASE 65) ]
TOTAL THIS MO.   343    CLEAR  (SCALE 0-3)  20
DPTR FM NORMAL    27    PTCLDY (SCALE 4-7)   0
TOTAL FM JUL 1   600    CLOUDY (SCALE 8-10)  0
DPTR FM NORMAL    50

[CDD (BASE 65) ]
TOTAL THIS MO.     0
DPTR FM NORMAL     0    [PRESSURE DATA]
TOTAL FM JAN 1   306    HIGHEST SLP M ON M
DPTR FM NORMAL  -126    LOWEST  SLP 28.83 ON 17

[REMARKS]
