000
CXUS51 KBTV 180700
CF61V4
PRELIMINARY LOCAL CLIMATOLOGICAL DATA (WS FORM: F-6)

                                          STATION:   SAINT JOHNSBURY VT ASOS
                                          MONTH:     JULY
                                          YEAR:      2018
                                          LATITUDE:   44 25 N
                                          LONGITUDE:  72  1 W

  TEMPERATURE IN F:       :PCPN:    SNOW:  WIND      :SUNSHINE: SKY     :PK WND
================================================================================
1   2   3   4   5  6A  6B    7    8   9   10  11  12  13   14  15   16   17  18
                                     12Z  AVG MX 2MIN
DY MAX MIN AVG DEP HDD CDD  WTR  SNW DPTH SPD SPD DIR MIN PSBL S-S WX    SPD DR
================================================================================

 1  91  67  79  10   0  14 0.52  0.0    0   M   M   M   M    M   0         M  M
 2  89  71  80  11   0  15 0.00  0.0    0   M   M   M   M    M   0         M  M
 3  90  67  79  10   0  14 0.00  0.0    0   M   M   M   M    M   0         M  M
 4  91  62  77   7   0  12 0.00  0.0    0   M   M   M   M    M   0         M  M
 5  93  64  79   9   0  14 0.00  0.0    0   M   M   M   M    M   0         M  M
 6  79  50  65  -5   0   0 0.63  0.0    0   M   M   M   M    M   0         M  M
 7  76  45  61  -9   4   0 0.00  0.0    0   M   M   M   M    M   0         M  M
 8  83  50  67  -3   0   2 0.00  0.0    0   M   M   M   M    M   0         M  M
 9  88  53  71   1   0   6 0.00  0.0    0   M   M   M   M    M   0         M  M
10  86  58  72   2   0   7 0.10  0.0    0   M   M   M   M    M   0         M  M
11  77  54  66  -4   0   1 0.02  0.0    0   M   M   M   M    M   0         M  M
12  81  48  65  -5   0   0 0.00  0.0    0   M   M   M   M    M   0         M  M
13  83  52  68  -2   0   3 0.00  0.0    0   M   M   M   M    M   0         M  M
14  70  59  65  -5   0   0 0.02  0.0    0   M   M   M   M    M   0         M  M
15  87  62  75   5   0  10 0.00  0.0    0   M   M   M   M    M   0         M  M
16  88  56  72   2   0   7 0.00  0.0    0   M   M   M   M    M   0         M  M
17  80  65  73   3   0   8 0.44  0.0    0   M   M   M   M    M   0         M  M
================================================================================
SM 1432  983         4 113  1.73     0.0     M          M        0
================================================================================
AV 84.2 57.8                                 M FASTST   M    M   0    MAX(MPH)
                                 MISC ---->     M   M                  M    M
================================================================================
NOTES:
# LAST OF SEVERAL OCCURRENCES

COLUMN 17 PEAK WIND IN M.P.H.

PRELIMINARY LOCAL CLIMATOLOGICAL DATA (WS FORM: F-6) , PAGE 2

                                          STATION:  SAINT JOHNSBURY VT ASOS
                                          MONTH:    JULY
                                          YEAR:     2018
                                          LATITUDE:   44 25 N
                                          LONGITUDE:  72  1 W

[TEMPERATURE DATA]      [PRECIPITATION DATA]       SYMBOLS USED IN COLUMN 16

AVERAGE MONTHLY: 71.0   TOTAL FOR MONTH:   1.73    1 = FOG OR MIST
DPTR FM NORMAL:   1.2   DPTR FM NORMAL:   -0.44    2 = FOG REDUCING VISIBILITY
HIGHEST:    93 ON  5    GRTST 24HR  0.63 ON  6- 6      TO 1/4 MILE OR LESS
LOWEST:     45 ON  7                               3 = THUNDER
                        SNOW, ICE PELLETS, HAIL    4 = ICE PELLETS
                        TOTAL MONTH:   0.0 INCH    5 = HAIL
                        GRTST 24HR     0.0         6 = FREEZING RAIN OR DRIZZLE
                        GRTST DEPTH:   0           7 = DUSTSTORM OR SANDSTORM:
                                                       VSBY 1/2 MILE OR LESS
                                                   8 = SMOKE OR HAZE
[NO. OF DAYS WITH]      [WEATHER - DAYS WITH]      9 = BLOWING SNOW
                                                   X = TORNADO
MAX 32 OR BELOW:   0    0.01 INCH OR MORE:   6
MAX 90 OR ABOVE:   4    0.10 INCH OR MORE:   4
MIN 32 OR BELOW:   0    0.50 INCH OR MORE:   2
MIN  0 OR BELOW:   0    1.00 INCH OR MORE:   0

[HDD (BASE 65) ]
TOTAL THIS MO.     4    CLEAR  (SCALE 0-3)  17
DPTR FM NORMAL    -6    PTCLDY (SCALE 4-7)   0
TOTAL FM JUL 1     4    CLOUDY (SCALE 8-10)  0
DPTR FM NORMAL    -6

[CDD (BASE 65) ]
TOTAL THIS MO.   113
DPTR FM NORMAL    17    [PRESSURE DATA]
TOTAL FM JAN 1   162    HIGHEST SLP M ON M
DPTR FM NORMAL   -42    LOWEST  SLP M ON M

[REMARKS]
