000
CXUS51 KBTV 240800
CF61V4
PRELIMINARY LOCAL CLIMATOLOGICAL DATA (WS FORM: F-6)

                                          STATION:   SAINT JOHNSBURY VT ASOS
                                          MONTH:     JANUARY
                                          YEAR:      2020
                                          LATITUDE:   44 25 N
                                          LONGITUDE:  72  1 W

  TEMPERATURE IN F:       :PCPN:    SNOW:  WIND      :SUNSHINE: SKY     :PK WND
================================================================================
1   2   3   4   5  6A  6B    7    8   9   10  11  12  13   14  15   16   17  18
                                     12Z  AVG MX 2MIN
DY MAX MIN AVG DEP HDD CDD  WTR  SNW DPTH SPD SPD DIR MIN PSBL S-S WX    SPD DR
================================================================================

 1  33  29  31  13  34   0 0.02    M    M    M  M   M   M    M   0         M   M
 2  36  23  30  12  35   0 0.00    M    M    M  M   M   M    M   0         M   M
 3  40  33  37  19  28   0 0.00    M    M    M  M   M   M    M   0         M   M
 4  35  31  33  15  32   0 0.25    M    M    M  M   M   M    M   0         M   M
 5  31  15  23   6  42   0 0.01    M    M    M  M   M   M    M   0         M   M
 6  25   9  17   0  48   0 0.03    M    M    M  M   M   M    M   0         M   M
 7  29  20  25   8  40   0 0.06    M    M    M  M   M   M    M   0         M   M
 8  33  14  24   7  41   0 0.19    M    M    M  M   M   M    M   0         M   M
 9  17   4  11  -6  54   0 0.00    M    M    M  M   M   M    M   0         M   M
10  35   9  22   5  43   0 0.03    M    M    M  M   M   M    M   0         M   M
11  54  32  43  26  22   0 0.28    M    M    M  M   M   M    M   0         M   M
12  49  21  35  18  30   0 0.34    M    M    M  M   M   M    M   0         M   M
13  30  20  25   8  40   0 0.01    M    M    M  M   M   M    M   0         M   M
14  34  27  31  15  34   0 0.02    M    M    M  M   M   M    M   0         M   M
15  36  31  34  18  31   0 0.02    M    M    M  M   M   M    M   0         M   M
16  32  13  23   7  42   0 0.36    M    M    M  M   M   M    M   0         M   M
17  13 -10   2 -14  63   0 0.00    M    M    M  M   M   M    M   0         M   M
18  12 -13   0 -16  65   0 0.29    M    M    M  M   M   M    M   0         M   M
19  26  10  18   2  47   0 0.16    M    M    M  M   M   M    M   0         M   M
20  17  -3   7  -9  58   0 0.00    M    M    M  M   M   M    M   0         M   M
21  16 -10   3 -13  62   0 0.00    M    M    M  M   M   M    M   0         M   M
22  32  11  22   6  43   0 0.00    M    M    M  M   M   M    M   0         M   M
23  31   2  17   1  48   0 0.00    M    M    M  M   M   M    M   0         M   M
================================================================================
SM  696  318       982   0  2.07    M        M          M        0
================================================================================
AV 30.3 13.8                                 M FASTST   M    M   0    MAX(MPH)
                                 MISC ---->     M   M                  M   M
================================================================================
NOTES:
# LAST OF SEVERAL OCCURRENCES

COLUMN 17 PEAK WIND IN M.P.H.

PRELIMINARY LOCAL CLIMATOLOGICAL DATA (WS FORM: F-6) , PAGE 2

                                          STATION:   SAINT JOHNSBURY VT ASOS
                                          MONTH:     JANUARY
                                          YEAR:      2020
                                          LATITUDE:   44 25 N
                                          LONGITUDE:  72  1 W

[TEMPERATURE DATA]      [PRECIPITATION DATA]       SYMBOLS USED IN COLUMN 16

AVERAGE MONTHLY: 22.0   TOTAL FOR MONTH:   2.07    1 = FOG OR MIST
DPTR FM NORMAL:   5.3   DPTR FM NORMAL:    0.21    2 = FOG REDUCING VISIBILITY
HIGHEST:    54 ON 11    GRTST 24HR  0.88 ON 11-12      TO 1/4 MILE OR LESS
LOWEST:    -13 ON 18                               3 = THUNDER
                        SNOW, ICE PELLETS, HAIL    4 = ICE PELLETS
                        TOTAL MONTH:  M            5 = HAIL
                        GRTST 24HR    M  ON   M    6 = FREEZING RAIN OR DRIZZLE
                        GRTST DEPTH:  M  ON   M    7 = DUSTSTORM OR SANDSTORM:
                                                       VSBY 1/2 MILE OR LESS
                                                   8 = SMOKE OR HAZE
[NO. OF DAYS WITH]      [WEATHER - DAYS WITH]      9 = BLOWING SNOW
                                                   X = TORNADO
MAX 32 OR BELOW:  13    0.01 INCH OR MORE:  15
MAX 90 OR ABOVE:   0    0.10 INCH OR MORE:   7
MIN 32 OR BELOW:  22    0.50 INCH OR MORE:   0
MIN  0 OR BELOW:   4    1.00 INCH OR MORE:   0

[HDD (BASE 65) ]
TOTAL THIS MO.   982    CLEAR  (SCALE 0-3)  23
DPTR FM NORMAL  -128    PTCLDY (SCALE 4-7)   0
TOTAL FM JUL 1  4069    CLOUDY (SCALE 8-10)  0
DPTR FM NORMAL     6

[CDD (BASE 65) ]
TOTAL THIS MO.     0
DPTR FM NORMAL     0    [PRESSURE DATA]
TOTAL FM JAN 1     0    HIGHEST SLP M ON M
DPTR FM NORMAL     0    LOWEST  SLP 29.45 ON  1

[REMARKS]
