000
CXUS52 KTAE 230800
CF6AAF
PRELIMINARY LOCAL CLIMATOLOGICAL DATA (WS FORM: F-6)

                                          STATION:   APALACHICOLA
                                          MONTH:     SEPTEMBER
                                          YEAR:      2018
                                          LATITUDE:   29 43 N
                                          LONGITUDE:  85  2 W

  TEMPERATURE IN F:       :PCPN:    SNOW:  WIND      :SUNSHINE: SKY     :PK WND
================================================================================
1   2   3   4   5  6A  6B    7    8   9   10  11  12  13   14  15   16   17  18
                                     12Z  AVG MX 2MIN
DY MAX MIN AVG DEP HDD CDD  WTR  SNW DPTH SPD SPD DIR MIN PSBL S-S WX    SPD DR
================================================================================

 1  89  73  81   0   0  16 0.70  0.0    0  6.0 33 140   M    M   3 13     47 140
 2  88  76  82   1   0  17 0.11  0.0    0  7.8 22  90   M    M   3 13     31 100
 3  90  76  83   2   0  18 0.25  0.0    0  9.5 24 110   M    M   4 138    34 110
 4  81  75  78  -3   0  13 2.69  0.0    0  9.8 33 180   M    M   5 13     40 110
 5  87  77  82   1   0  17 0.78  0.0    0  7.3 18 120   M    M   3 13     26 130
 6  88  75  82   1   0  17 0.13  0.0    0  8.1 17 140   M    M   1 13     24  40
 7  87  74  81   0   0  16 0.07  0.0    0  6.0 22 160   M    M   2 13     30 150
 8  88  74  81   1   0  16 0.00  0.0    0  3.8 12 190   M    M   1        15 170
 9  88  74  81   1   0  16 0.00  0.0    0  4.4 13 170   M    M   1        16 180
10  89  74  82   2   0  17    T  0.0    0  4.3 15 190   M    M   2 3      17 200
11  89  76  83   3   0  18 0.00  0.0    0  4.3 14 150   M    M   1        19 150
12  92  76  84   4   0  19 0.00  0.0    0  5.4 15 170   M    M   0 3      17 170
13  90  76  83   3   0  18 0.04  0.0    0  5.2 14 120   M    M   1 13     18 120
14  94  75  85   5   0  20 0.00  0.0    0  6.3 17 250   M    M   2 3      21 240
15  94  79  87   8   0  22 0.00  0.0    0  7.5 20 250   M    M   0 1      22 240
16  91  79  85   6   0  20 0.00  0.0    0  5.4 13 220   M    M   0        16 220
17  92  79  86   7   0  21 0.00  0.0    0  4.5 15 190   M    M   1 3      20 190
18  91  77  84   5   0  19 0.00  0.0    0  3.6 14 230   M    M   2 3      17 230
19  92  75  84   5   0  19 0.00  0.0    0  3.0 17 360   M    M   0        21  10
20  92  75  84   6   0  19 0.01  0.0    0  4.0 12  70   M    M   1        17 100
21  90  76  83   5   0  18 0.05  0.0    0  6.6 17 140   M    M   1 13     24 130
22  89  73  81   3   0  16 0.25  0.0    0  4.9 14 140   M    M   0 13     18 140
================================================================================
SM 1971 1664         0 392  5.08     0.0 127.7          M       34
================================================================================
AV 89.6 75.6                               5.8 FASTST   M    M   2    MAX(MPH)
                                 MISC ---->  # 33 140               # 47  140
================================================================================
NOTES:
# LAST OF SEVERAL OCCURRENCES

COLUMN 17 PEAK WIND IN M.P.H.

PRELIMINARY LOCAL CLIMATOLOGICAL DATA (WS FORM: F-6) , PAGE 2

                                          STATION:  APALACHICOLA
                                          MONTH:    SEPTEMBER
                                          YEAR:     2018
                                          LATITUDE:   29 43 N
                                          LONGITUDE:  85  2 W

[TEMPERATURE DATA]      [PRECIPITATION DATA]       SYMBOLS USED IN COLUMN 16

AVERAGE MONTHLY: 82.6   TOTAL FOR MONTH:   5.08    1 = FOG OR MIST
DPTR FM NORMAL:   2.8   DPTR FM NORMAL:   -0.05    2 = FOG REDUCING VISIBILITY
HIGHEST:    94 ON 15,14 GRTST 24HR  2.69 ON  4- 4      TO 1/4 MILE OR LESS
LOWEST:     73 ON 22, 1                            3 = THUNDER
                        SNOW, ICE PELLETS, HAIL    4 = ICE PELLETS
                        TOTAL MONTH:   0.0 INCH    5 = HAIL
                        GRTST 24HR     0.0         6 = FREEZING RAIN OR DRIZZLE
                        GRTST DEPTH:   0           7 = DUSTSTORM OR SANDSTORM:
                                                       VSBY 1/2 MILE OR LESS
                                                   8 = SMOKE OR HAZE
[NO. OF DAYS WITH]      [WEATHER - DAYS WITH]      9 = BLOWING SNOW
                                                   X = TORNADO
MAX 32 OR BELOW:   0    0.01 INCH OR MORE:  11
MAX 90 OR ABOVE:  11    0.10 INCH OR MORE:   7
MIN 32 OR BELOW:   0    0.50 INCH OR MORE:   3
MIN  0 OR BELOW:   0    1.00 INCH OR MORE:   1

[HDD (BASE 65) ]
TOTAL THIS MO.     0    CLEAR  (SCALE 0-3)  18
DPTR FM NORMAL     0    PTCLDY (SCALE 4-7)   4
TOTAL FM JUL 1     0    CLOUDY (SCALE 8-10)  0
DPTR FM NORMAL     0

[CDD (BASE 65) ]
TOTAL THIS MO.   392
DPTR FM NORMAL    66    [PRESSURE DATA]
TOTAL FM JAN 1  2578    HIGHEST SLP M ON M
DPTR FM NORMAL   326    LOWEST  SLP 29.82 ON 16

[REMARKS]
