111
CXUS52 KTAE 270800
CF6AAF
PRELIMINARY LOCAL CLIMATOLOGICAL DATA (WS FORM: F-6)

                                          STATION:   APALACHICOLA
                                          MONTH:     MAY
                                          YEAR:      2024
                                          LATITUDE:   29 43 N
                                          LONGITUDE:  85  2 W

  TEMPERATURE IN F:       :PCPN:    SNOW:  WIND      :SUNSHINE: SKY     :PK WND
================================================================================
1   2   3   4   5  6A  6B    7    8   9   10  11  12  13   14  15   16   17  18
                                     12Z  AVG MX 2MIN
DY MAX MIN AVG DEP HDD CDD  WTR  SNW DPTH SPD SPD DIR MIN PSBL S-S WX    SPD DR
================================================================================

 1  83  71  77   6   0  12 0.00  0.0    M  6.5 16 230   M    M   5 1      21 230
 2  83  67  75   4   0  10 0.00  0.0    0  3.4 13 160   M    M   3 18     17 150
 3  84  66  75   4   0  10 0.00  0.0    0  3.5 12 210   M    M   1 18     15 170
 4  85  68  77   5   0  12 0.00  0.0    0  4.8 14 180   M    M   3 12     19 190
 5  84  69  77   5   0  12 0.00  0.0    M  5.7 13 170   M    M   0 1      20 160
 6  85  69  77   5   0  12 0.00  0.0    M  6.2 13 210   M    M   1        17 210
 7  84  68  76   4   0  11 0.00  0.0    M  7.0 13 190   M    M   5 1      19 200
 8  85  76  81   8   0  16 0.00  0.0    M 10.6 17 200   M    M   6        24 200
 9  88  78  83  10   0  18 0.00  0.0    M 10.7 18 220   M    M   7        26 210
10  84  66  75   2   0  10 0.77  0.0    M  9.1 32 330   M    M   6 13     50 340
11  84  67  76   2   0  11 0.00  0.0    M  7.1 17 250   M    M   0        24 240
12  81  65  73  -1   0   8    T  0.0    0  5.8 13 150   M    M   1        20 130
13  82  67  75   1   0  10 1.49  0.0    0  7.5 18 150   M    M   5 123    28 130
14  82  69  76   2   0  11 0.64  0.0    0  9.3 22 260   M    M   3 13     33 250
15  87  75  81   6   0  16 0.00  0.0    0  9.9 17 260   M    M   5        22 250
16  90  69  80   5   0  15 0.00  0.0    0  8.3 18 250   M    M   0        23 240
17  82  65  74  -1   0   9 0.75  0.0    0 11.1 48 290   M    M   5 13     70 290
18  83  71  77   2   0  12 0.30  0.0    0 10.5 29 170   M    M   7 13     36 170
19  87  72  80   4   0  15 0.00  0.0    0  8.6 18 310   M    M   2 1      24 300
20  84  69  77   1   0  12 0.00  0.0    0  7.0 16 150   M    M   1 1      21 120
21  83  68  76   0   0  11 0.00  0.0    0  6.5 14 120   M    M   2        22 140
22  85  68  77   1   0  12 0.00  0.0    0  6.0 14 150   M    M   1        22 140
23  86  70  78   1   0  13 0.00  0.0    0  7.4 17 160   M    M   2        24 170
24  86  69  78   1   0  13 0.00  0.0    0  6.9 17 160   M    M   0        23 170
25  90  72  81   4   0  16 0.00  0.0    0  6.9 16 260   M    M   1        24 240
26  89  71  80   3   0  15 0.00  0.0    0  6.9 14 200   M    M   0        20 210
================================================================================
SM 2206 1805         0 322  3.95  0.0    193.2          M       72
================================================================================
AV 84.8 69.4                               7.4 FASTST   M    M   3    MAX(MPH)
                                 MISC ---->    48 290                 70 290
================================================================================
NOTES:
# LAST OF SEVERAL OCCURRENCES

COLUMN 17 PEAK WIND IN M.P.H.

PRELIMINARY LOCAL CLIMATOLOGICAL DATA (WS FORM: F-6) , PAGE 2

                                          STATION:   APALACHICOLA
                                          MONTH:     MAY
                                          YEAR:      2024
                                          LATITUDE:   29 43 N
                                          LONGITUDE:  85  2 W

[TEMPERATURE DATA]      [PRECIPITATION DATA]       SYMBOLS USED IN COLUMN 16

AVERAGE MONTHLY: 77.1   TOTAL FOR MONTH:   3.95    1 = FOG OR MIST
DPTR FM NORMAL:   3.0   DPTR FM NORMAL:    2.57    2 = FOG REDUCING VISIBILITY
HIGHEST:    90 ON 25,16  GRTST 24HR  2.13 ON 13-14      TO 1/4 MILE OR LESS
LOWEST:     65 ON 17,12                             3 = THUNDER
                        SNOW, ICE PELLETS, HAIL    4 = ICE PELLETS
                        TOTAL MONTH:   0.0 INCH    5 = HAIL
                        GRTST 24HR  0.0            6 = FREEZING RAIN OR DRIZZLE
                        GRTST DEPTH:  0            7 = DUSTSTORM OR SANDSTORM:
                                                       VSBY 1/2 MILE OR LESS
                                                   8 = SMOKE OR HAZE
[NO. OF DAYS WITH]      [WEATHER - DAYS WITH]      9 = BLOWING SNOW
                                                   X = TORNADO
MAX 32 OR BELOW:   0    0.01 INCH OR MORE:   5
MAX 90 OR ABOVE:   2    0.10 INCH OR MORE:   5
MIN 32 OR BELOW:   0    0.50 INCH OR MORE:   4
MIN  0 OR BELOW:   0    1.00 INCH OR MORE:   1

[HDD (BASE 65) ]
TOTAL THIS MO.     0    CLEAR  (SCALE 0-3)  17
DPTR FM NORMAL     0    PTCLDY (SCALE 4-7)   9
TOTAL FM JUL 1  1081    CLOUDY (SCALE 8-10)  0
DPTR FM NORMAL  -141

[CDD (BASE 65) ]
TOTAL THIS MO.   322
DPTR FM NORMAL    82    [PRESSURE DATA]
TOTAL FM JAN 1   497    HIGHEST SLP M ON M
DPTR FM NORMAL    84    LOWEST  SLP 29.76 ON 14

[REMARKS]