000
CXUS52 KTAE 220800
CF6AAF
PRELIMINARY LOCAL CLIMATOLOGICAL DATA (WS FORM: F-6)

                                          STATION:   APALACHICOLA
                                          MONTH:     JUNE
                                          YEAR:      2018
                                          LATITUDE:   29 43 N
                                          LONGITUDE:  85  2 W

  TEMPERATURE IN F:       :PCPN:    SNOW:  WIND      :SUNSHINE: SKY     :PK WND
================================================================================
1   2   3   4   5  6A  6B    7    8   9   10  11  12  13   14  15   16   17  18
                                     12Z  AVG MX 2MIN
DY MAX MIN AVG DEP HDD CDD  WTR  SNW DPTH SPD SPD DIR MIN PSBL S-S WX    SPD DR
================================================================================

 1  89  72  81   3   0  16 0.00  0.0    0  7.3 17 250   M    M   1 1      22 230
 2  89  78  84   6   0  19 0.00  0.0    0 11.1 21 260   M    M   3        25 260
 3  94  76  85   7   0  20 0.00  0.0    0  9.4 20 310   M    M   4 38     26 300
 4  94  75  85   6   0  20 0.00  0.0    0  8.7 18 300   M    M   1        26 300
 5  85  68  77  -2   0  12 0.00  0.0    0  2.9 10 180   M    M   2 1      14 180
 6  83  71  77  -2   0  12 0.28  0.0    0  4.1 14 170   M    M   2 13     17 180
 7  87  71  79   0   0  14 0.00  0.0    0  4.6 13 170   M    M   2 3      17 180
 8  87  72  80   1   0  15 0.00  0.0    0  4.6 16 180   M    M   2 3      21 190
 9  87  71  79  -1   0  14    T  0.0    0  6.0 18  20   M    M   1 3      21 350
10  88  69  79  -1   0  14 0.16  0.0    0  2.6 15 230   M    M   2 13     19 230
11  85  72  79  -1   0  14 1.37  0.0    0  5.1 15 320   M    M   1 13     20 330
12  84  72  78  -2   0  13 0.24  0.0    0  2.6 21 270   M    M   2 13     26 260
13  88  70  79  -1   0  14    T  0.0    0  2.9 15 240   M    M   1 3      19 210
14  87  74  81   1   0  16 0.10  0.0    0  3.3 15 310   M    M   3 13     18 300
15  87  75  81   1   0  16 0.07  0.0    0  6.4 15 310   M    M   1 138    19 310
16  89  74  82   2   0  17 0.01  0.0    0  5.4 15 210   M    M   0 13     20 250
17  89  73  81   1   0  16 0.00  0.0    0  4.2 14 150   M    M   1 3      16 150
18  92  74  83   2   0  18 0.00  0.0    0  6.3 15 150   M    M   0        17 160
19  93  76  85   4   0  20    T  0.0    0  7.6 16 250   M    M   1        20 200
20  96  78  87   6   0  22 0.00  0.0    0  7.9 17 260   M    M   1        24 290
21  94  78  86   5   0  21 0.00  0.0    0  9.2 18 250   M    M   1        23 240
================================================================================
SM 1867 1539         0 343  2.23     0.0 122.2          M       32
================================================================================
AV 88.9 73.3                               5.8 FASTST   M    M   2    MAX(MPH)
                                 MISC ---->  # 21 260               # 26  300
================================================================================
NOTES:
# LAST OF SEVERAL OCCURRENCES

COLUMN 17 PEAK WIND IN M.P.H.

PRELIMINARY LOCAL CLIMATOLOGICAL DATA (WS FORM: F-6) , PAGE 2

                                          STATION:  APALACHICOLA
                                          MONTH:    JUNE
                                          YEAR:     2018
                                          LATITUDE:   29 43 N
                                          LONGITUDE:  85  2 W

[TEMPERATURE DATA]      [PRECIPITATION DATA]       SYMBOLS USED IN COLUMN 16

AVERAGE MONTHLY: 81.1   TOTAL FOR MONTH:   2.23    1 = FOG OR MIST
DPTR FM NORMAL:   1.4   DPTR FM NORMAL:   -1.21    2 = FOG REDUCING VISIBILITY
HIGHEST:    96 ON 20    GRTST 24HR  1.37 ON 11-11      TO 1/4 MILE OR LESS
LOWEST:     68 ON  5                               3 = THUNDER
                        SNOW, ICE PELLETS, HAIL    4 = ICE PELLETS
                        TOTAL MONTH:   0.0 INCH    5 = HAIL
                        GRTST 24HR     0.0         6 = FREEZING RAIN OR DRIZZLE
                        GRTST DEPTH:   0           7 = DUSTSTORM OR SANDSTORM:
                                                       VSBY 1/2 MILE OR LESS
                                                   8 = SMOKE OR HAZE
[NO. OF DAYS WITH]      [WEATHER - DAYS WITH]      9 = BLOWING SNOW
                                                   X = TORNADO
MAX 32 OR BELOW:   0    0.01 INCH OR MORE:   7
MAX 90 OR ABOVE:   6    0.10 INCH OR MORE:   5
MIN 32 OR BELOW:   0    0.50 INCH OR MORE:   1
MIN  0 OR BELOW:   0    1.00 INCH OR MORE:   1

[HDD (BASE 65) ]
TOTAL THIS MO.     0    CLEAR  (SCALE 0-3)  19
DPTR FM NORMAL     0    PTCLDY (SCALE 4-7)   2
TOTAL FM JUL 1  1108    CLOUDY (SCALE 8-10)  0
DPTR FM NORMAL  -283

[CDD (BASE 65) ]
TOTAL THIS MO.   343
DPTR FM NORMAL    35    [PRESSURE DATA]
TOTAL FM JAN 1   901    HIGHEST SLP M ON M
DPTR FM NORMAL   171    LOWEST  SLP 29.85 ON  2

[REMARKS]
