877
CXUS51 KPHI 170800
CF6ACY
PRELIMINARY LOCAL CLIMATOLOGICAL DATA (WS FORM: F-6)

                                          STATION:   ATLANTIC CITY NJ
                                          MONTH:     FEBRUARY
                                          YEAR:      2018
                                          LATITUDE:   39 27 N
                                          LONGITUDE:  74 34 W

  TEMPERATURE IN F:       :PCPN:    SNOW:  WIND      :SUNSHINE: SKY     :PK WND
================================================================================
1   2   3   4   5  6A  6B    7    8   9   10  11  12  13   14  15   16   17  18
                                     12Z  AVG MX 2MIN
DY MAX MIN AVG DEP HDD CDD  WTR  SNW DPTH SPD SPD DIR MIN PSBL S-S WX    SPD DR
================================================================================

 1  52  34  43  10  22   0 0.02  0.0    0  9.1 15 210   M    M   3        25 210
 2  48  17  33  -1  32   0 0.17    T    0 14.3 29 310   M    M   7 18     37 300
 3  31  14  23 -11  42   0 0.00  0.0    0  7.1 16 220   M    M   0        22 220
 4  51  30  41   7  24   0 1.01  0.0    0  8.8 24 300   M    M   9 1      31 300
 5  41  20  31  -3  34   0 0.00  0.0    0 11.5 29 320   M    M   2 1      39 290
 6  44  19  32  -2  33   0 0.00  0.0    0  2.8 15 290   M    M   3        19 270
 7  55  22  39   5  26   0 0.61  0.0    0 10.2 31 220   M    M   8 14     45 220
 8  38  21  30  -4  35   0 0.00  0.0    0 10.2 20 320   M    M   2        27 320
 9  42  18  30  -4  35   0 0.00  0.0    0  4.9 16 160   M    M   1        23 160
10  59  35  47  13  18   0 0.61  0.0    0  6.9 18 200   M    M   7 12     25 210
11  61  49  55  20  10   0 1.95  0.0    0  9.4 21 190   M    M   9 13     31 200
12  64  29  47  12  18   0 0.49  0.0    0  8.8 21 330   M    M   5 1      29 340
13  38  24  31  -4  34   0    T  0.0    0  7.3 18  80   M    M   3        25  70
14  55  34  45  10  20   0 0.01  0.0    0  6.2 14 260   M    M   5 1      23 220
15  63  45  54  19  11   0 0.04  0.0    0  6.0 15 250   M    M   3 1      25 210
16  62  37  50  15  15   0 0.06  0.0    0 10.9 32 340   M    M   7 18     42 330
================================================================================
SM  804  448       409   0  4.97    T    134.4          M       74
================================================================================
AV 50.3 28.0                               8.4 FASTST   M    M   5    MAX(MPH)
                                 MISC ---->  # 32 340               # 45  220
================================================================================
NOTES:
# LAST OF SEVERAL OCCURRENCES

COLUMN 17 PEAK WIND IN M.P.H.

PRELIMINARY LOCAL CLIMATOLOGICAL DATA (WS FORM: F-6) , PAGE 2

                                          STATION:  ATLANTIC CITY NJ
                                          MONTH:    FEBRUARY
                                          YEAR:     2018
                                          LATITUDE:   39 27 N
                                          LONGITUDE:  74 34 W

[TEMPERATURE DATA]      [PRECIPITATION DATA]       SYMBOLS USED IN COLUMN 16

AVERAGE MONTHLY: 39.1   TOTAL FOR MONTH:   4.97    1 = FOG OR MIST
DPTR FM NORMAL:   4.8   DPTR FM NORMAL:    3.41    2 = FOG REDUCING VISIBILITY
HIGHEST:    64 ON 12    GRTST 24HR  1.95 ON 11-11      TO 1/4 MILE OR LESS
LOWEST:     14 ON  3                               3 = THUNDER
                        SNOW, ICE PELLETS, HAIL    4 = ICE PELLETS
                        TOTAL MONTH:    T          5 = HAIL
                        GRTST 24HR    T  ON  2- 2  6 = FREEZING RAIN OR DRIZZLE
                        GRTST DEPTH:   0           7 = DUSTSTORM OR SANDSTORM:
                                                       VSBY 1/2 MILE OR LESS
                                                   8 = SMOKE OR HAZE
[NO. OF DAYS WITH]      [WEATHER - DAYS WITH]      9 = BLOWING SNOW
                                                   X = TORNADO
MAX 32 OR BELOW:   1    0.01 INCH OR MORE:  10
MAX 90 OR ABOVE:   0    0.10 INCH OR MORE:   6
MIN 32 OR BELOW:  10    0.50 INCH OR MORE:   4
MIN  0 OR BELOW:   0    1.00 INCH OR MORE:   2

[HDD (BASE 65) ]
TOTAL THIS MO.   409    CLEAR  (SCALE 0-3)   6
DPTR FM NORMAL   -83    PTCLDY (SCALE 4-7)   7
TOTAL FM JUL 1  3035    CLOUDY (SCALE 8-10)  3
DPTR FM NORMAL  -218

[CDD (BASE 65) ]
TOTAL THIS MO.     0
DPTR FM NORMAL     0    [PRESSURE DATA]
TOTAL FM JAN 1     0    HIGHEST SLP M ON M
DPTR FM NORMAL     0    LOWEST  SLP 29.60 ON 16

[REMARKS]
