000
CXUS51 KPHI 230815
CF6ACY
PRELIMINARY LOCAL CLIMATOLOGICAL DATA (WS FORM: F-6)

                                          STATION:   ATLANTIC CITY NJ
                                          MONTH:     MAY
                                          YEAR:      2022
                                          LATITUDE:   39 27 N
                                          LONGITUDE:  74 34 W

  TEMPERATURE IN F:       :PCPN:    SNOW:  WIND      :SUNSHINE: SKY     :PK WND
================================================================================
1   2   3   4   5  6A  6B    7    8   9   10  11  12  13   14  15   16   17  18
                                     12Z  AVG MX 2MIN
DY MAX MIN AVG DEP HDD CDD  WTR  SNW DPTH SPD SPD DIR MIN PSBL S-S WX    SPD DR
================================================================================

 1  69  38  54  -4  11   0 0.03  0.0    0  6.3 18 190   M    M   3        27 190
 2  79  53  66   8   0   1 0.05  0.0    0  7.3 16 260   M    M   8 1      22 280
 3  61  49  55  -3  10   0 0.00  0.0    0 11.1 17 100   M    M   6 1      26  70
 4  71  50  61   2   4   0    T  0.0    0  4.9 15 310   M    M   8 1      19 300
 5  68  53  61   2   4   0 0.00  0.0    0  8.8 18  80   M    M   5        28  20
 6  60  50  55  -4  10   0 0.46  0.0    0 10.5 24  60   M    M   7 1      36  60
 7  51  44  48 -11  17   0 1.28  0.0    0 26.2 38  40   M    M  10 1      60  60
 8  54  44  49 -11  16   0 0.11  0.0    0 19.6 36  40   M    M  10 1      52  30
 9  67  41  54  -6  11   0    T  0.0    0 16.4 30  40   M    M   3        46  30
10  68  51  60   0   5   0 0.00  0.0    0 18.4 32  40   M    M   8        49  30
11  65  50  58  -2   7   0    T  0.0    0 14.0 25  30   M    M   7 18     35  40
12  64  53  59  -2   6   0 0.02  0.0    0 12.3 18  50   M    M  10 1      28  80
13  67  54  61   0   4   0 0.10  0.0    0  5.8 14  70   M    M  10 12     17  90
14  65  56  61   0   4   0 1.43  0.0    0  4.7 13 110   M    M  10 12     16 120
15  79  57  68   6   0   3 0.00  0.0    0  5.1 16 200   M    M   6 12     22 210
16  78  59  69   7   0   4 0.18  0.0    M  7.4 23 310   M    M   5 18     31 320
17  81  51  66   4   0   1 0.00  0.0    0 10.3 26 260   M    M   2        37 250
18  74  50  62   0   3   0    T  0.0    0  8.1 15 210   M    M   1        25 210
19  78  56  67   4   0   2 0.56  0.0    0  8.9 18 320   M    M   6 1      26 140
20  80  54  67   4   0   2 0.00  0.0    0  7.6 21 160   M    M   2 1      32 170
21  93  68  81  18   0  16 0.00  0.0    0  7.1 15 200   M    M   0        22 200
22  87  70  79  15   0  14 0.14  0.0    0  9.6 24 280   M    M   1 1      31 280
================================================================================
SM 1559 1151       112  43  4.36  0.0    230.4          M      128
================================================================================
AV 70.9 52.3                              10.5 FASTST   M    M   6    MAX(MPH)
                                 MISC ---->    38  40                 60  60
================================================================================
NOTES:
# LAST OF SEVERAL OCCURRENCES

COLUMN 17 PEAK WIND IN M.P.H.

PRELIMINARY LOCAL CLIMATOLOGICAL DATA (WS FORM: F-6) , PAGE 2

                                          STATION:   ATLANTIC CITY NJ
                                          MONTH:     MAY
                                          YEAR:      2022
                                          LATITUDE:   39 27 N
                                          LONGITUDE:  74 34 W

[TEMPERATURE DATA]      [PRECIPITATION DATA]       SYMBOLS USED IN COLUMN 16

AVERAGE MONTHLY: 61.6   TOTAL FOR MONTH:   4.36    1 = FOG OR MIST
DPTR FM NORMAL:   1.0   DPTR FM NORMAL:    2.05    2 = FOG REDUCING VISIBILITY
HIGHEST:    93 ON 21    GRTST 24HR  1.46 ON  6- 7      TO 1/4 MILE OR LESS
LOWEST:     38 ON  1                               3 = THUNDER
                        SNOW, ICE PELLETS, HAIL    4 = ICE PELLETS
                        TOTAL MONTH:   0.0 INCH    5 = HAIL
                        GRTST 24HR  0.0            6 = FREEZING RAIN OR DRIZZLE
                        GRTST DEPTH:  0            7 = DUSTSTORM OR SANDSTORM:
                                                       VSBY 1/2 MILE OR LESS
                                                   8 = SMOKE OR HAZE
[NO. OF DAYS WITH]      [WEATHER - DAYS WITH]      9 = BLOWING SNOW
                                                   X = TORNADO
MAX 32 OR BELOW:   0    0.01 INCH OR MORE:  11
MAX 90 OR ABOVE:   1    0.10 INCH OR MORE:   8
MIN 32 OR BELOW:   0    0.50 INCH OR MORE:   3
MIN  0 OR BELOW:   0    1.00 INCH OR MORE:   2

[HDD (BASE 65) ]
TOTAL THIS MO.   112    CLEAR  (SCALE 0-3)   6
DPTR FM NORMAL   -15    PTCLDY (SCALE 4-7)  11
TOTAL FM JUL 1  4312    CLOUDY (SCALE 8-10)  5
DPTR FM NORMAL  -339

[CDD (BASE 65) ]
TOTAL THIS MO.    43
DPTR FM NORMAL    11    [PRESSURE DATA]
TOTAL FM JAN 1    53    HIGHEST SLP M ON M
DPTR FM NORMAL     8    LOWEST  SLP 29.58 ON  7

[REMARKS]
