000
CXUS51 KPHI 170800
CF6ACY
PRELIMINARY LOCAL CLIMATOLOGICAL DATA (WS FORM: F-6)

                                          STATION:   ATLANTIC CITY NJ
                                          MONTH:     JANUARY
                                          YEAR:      2019
                                          LATITUDE:   39 27 N
                                          LONGITUDE:  74 34 W

  TEMPERATURE IN F:       :PCPN:    SNOW:  WIND      :SUNSHINE: SKY     :PK WND
================================================================================
1   2   3   4   5  6A  6B    7    8   9   10  11  12  13   14  15   16   17  18
                                     12Z  AVG MX 2MIN
DY MAX MIN AVG DEP HDD CDD  WTR  SNW DPTH SPD SPD DIR MIN PSBL S-S WX    SPD DR
================================================================================

 1  65  40  53  19  12   0 0.15    T    0 15.8 31 290   M    M   3 1      45 290
 2  46  33  40   6  25   0 0.00  0.0    0  5.4 13 170   M    M   4        20 180
 3  49  31  40   6  25   0 0.12  0.0    0  7.6 22 320   M    M   4 1      29 310
 4  49  27  38   5  27   0 0.00  0.0    0  5.8 12 150   M    M   M         M  M
 5  50  41  46  13  19   0 0.21  0.0    0 10.0 24 310   M    M   8 1      30 310
 6  54  34  44  11  21   0 0.00  0.0    0 11.6 25 310   M    M   2        35 290
 7  39  26  33   0  32   0    T    T    0  6.0 15  10   M    M   2 4      19 170
 8  51  39  45  12  20   0 0.05  0.0    0  5.1 29 290   M    M   9 12     39 290
 9  49  33  41   8  24   0 0.02    T    0 19.9 35 290   M    M   4        49 300
10  40  30  35   2  30   0 0.00  0.0    0 21.4 35 320   M    M   5        49 300
11  35  21  28  -5  37   0 0.00  0.0    0 14.0 26 320   M    M   0        36 300
12  36  16  26  -7  39   0 0.03  0.3    0  3.0  9  20   M    M   3 1      12  30
13  31  27  29  -4  36   0 0.29  4.6    3 11.4 22  40   M    M  10 1      29  30
14  35  19  27  -6  38   0 0.00  0.0    3  8.9 18 350   M    M   5        25 360
15  40  15  28  -5  37   0 0.00  0.0    1  4.9 14 330   M    M   0        19 330
16  37  18  28  -5  37   0 0.00  0.0    0  6.9 18 300   M    M   6 1      23 270
================================================================================
SM  706  450       459   0  0.87     4.9 157.7          M       65
================================================================================
AV 44.1 28.1                               9.9 FASTST   M    M   4    MAX(MPH)
                                 MISC ---->  # 35 290               # 49  300
================================================================================
NOTES:
# LAST OF SEVERAL OCCURRENCES

COLUMN 17 PEAK WIND IN M.P.H.

PRELIMINARY LOCAL CLIMATOLOGICAL DATA (WS FORM: F-6) , PAGE 2

                                          STATION:  ATLANTIC CITY NJ
                                          MONTH:    JANUARY
                                          YEAR:     2019
                                          LATITUDE:   39 27 N
                                          LONGITUDE:  74 34 W

[TEMPERATURE DATA]      [PRECIPITATION DATA]       SYMBOLS USED IN COLUMN 16

AVERAGE MONTHLY: 36.1   TOTAL FOR MONTH:   0.87    1 = FOG OR MIST
DPTR FM NORMAL:   2.9   DPTR FM NORMAL:   -0.83    2 = FOG REDUCING VISIBILITY
HIGHEST:    65 ON  1    GRTST 24HR  0.29 ON 13-13      TO 1/4 MILE OR LESS
LOWEST:     15 ON 15                               3 = THUNDER
                        SNOW, ICE PELLETS, HAIL    4 = ICE PELLETS
                        TOTAL MONTH:   4.9 INCHES  5 = HAIL
                        GRTST 24HR   4.6 ON 13-13  6 = FREEZING RAIN OR DRIZZLE
                        GRTST DEPTH:   3 ON 14,13  7 = DUSTSTORM OR SANDSTORM:
                                                       VSBY 1/2 MILE OR LESS
                                                   8 = SMOKE OR HAZE
[NO. OF DAYS WITH]      [WEATHER - DAYS WITH]      9 = BLOWING SNOW
                                                   X = TORNADO
MAX 32 OR BELOW:   1    0.01 INCH OR MORE:   7
MAX 90 OR ABOVE:   0    0.10 INCH OR MORE:   4
MIN 32 OR BELOW:  10    0.50 INCH OR MORE:   0
MIN  0 OR BELOW:   0    1.00 INCH OR MORE:   0

[HDD (BASE 65) ]
TOTAL THIS MO.   459    CLEAR  (SCALE 0-3)   5
DPTR FM NORMAL   -51    PTCLDY (SCALE 4-7)   8
TOTAL FM JUL 1  2060    CLOUDY (SCALE 8-10)  2
DPTR FM NORMAL  -219

[CDD (BASE 65) ]
TOTAL THIS MO.     0
DPTR FM NORMAL     0    [PRESSURE DATA]
TOTAL FM JAN 1     0    HIGHEST SLP M ON M
DPTR FM NORMAL     0    LOWEST  SLP 29.36 ON  5

[REMARKS]
