905
CXUS51 KPHI 190800
CF6ACY
PRELIMINARY LOCAL CLIMATOLOGICAL DATA (WS FORM: F-6)

                                          STATION:   ATLANTIC CITY NJ
                                          MONTH:     JUNE
                                          YEAR:      2018
                                          LATITUDE:   39 27 N
                                          LONGITUDE:  74 34 W

  TEMPERATURE IN F:       :PCPN:    SNOW:  WIND      :SUNSHINE: SKY     :PK WND
================================================================================
1   2   3   4   5  6A  6B    7    8   9   10  11  12  13   14  15   16   17  18
                                     12Z  AVG MX 2MIN
DY MAX MIN AVG DEP HDD CDD  WTR  SNW DPTH SPD SPD DIR MIN PSBL S-S WX    SPD DR
================================================================================

 1  87  68  78  12   0  13 0.00  0.0    0  5.0 13 180   M    M   6 12     19 180
 2  84  68  76   9   0  11 0.00  0.0    0  4.5 16  70   M    M   4 1      22  80
 3  69  56  63  -4   2   0 0.31  0.0    0 18.7 30  70   M    M  10 1      42  60
 4  77  54  66  -1   0   1 0.07  0.0    0 11.7 20 310   M    M   5 1      26 310
 5  81  55  68   0   0   3    T  0.0    0  9.2 24 260   M    M   2        37 280
 6  72  59  66  -2   0   1 0.00  0.0    0  5.8 14 100   M    M   8        20 100
 7  72  60  66  -2   0   1 0.00  0.0    0  5.7 14 130   M    M   4        19 140
 8  83  61  72   3   0   7 0.00  0.0    0  5.6 14 190   M    M   1        22 240
 9  82  64  73   4   0   8 0.15  0.0    0  3.4 14  90   M    M   5 13     19 100
10  75  60  68  -1   0   3 0.51  0.0    0  8.2 17  60   M    M   8 1      23  70
11  68  52  60 -10   5   0 0.93  0.0    0 10.2 18  50   M    M   5 1      25  60
12  73  49  61  -9   4   0 0.00  0.0    0  5.7 15 160   M    M   2        22 150
13  83  63  73   3   0   8 0.14  0.0    0  7.5 16 210   M    M   6 1      27 230
14  86  65  76   5   0  11 0.00  0.0    0 11.7 24 290   M    M   1        35 280
15  81  58  70  -1   0   5 0.00  0.0    0  6.5 21 330   M    M   1        26 330
16  86  56  71   0   0   6 0.00  0.0    0  4.3 14 160   M    M   0        22 320
17  89  61  75   3   0  10 0.00  0.0    0  6.1 16 180   M    M   0        23 200
18  87  71  79   7   0  14 0.00  0.0    0  7.7 15 200   M    M   2 1      21 180
================================================================================
SM 1435 1080        11 102  2.11     0.0 137.5          M       70
================================================================================
AV 79.7 60.0                               7.6 FASTST   M    M   4    MAX(MPH)
                                 MISC ---->  # 30  70               # 42   60
================================================================================
NOTES:
# LAST OF SEVERAL OCCURRENCES

COLUMN 17 PEAK WIND IN M.P.H.

PRELIMINARY LOCAL CLIMATOLOGICAL DATA (WS FORM: F-6) , PAGE 2

                                          STATION:  ATLANTIC CITY NJ
                                          MONTH:    JUNE
                                          YEAR:     2018
                                          LATITUDE:   39 27 N
                                          LONGITUDE:  74 34 W

[TEMPERATURE DATA]      [PRECIPITATION DATA]       SYMBOLS USED IN COLUMN 16

AVERAGE MONTHLY: 69.9   TOTAL FOR MONTH:   2.11    1 = FOG OR MIST
DPTR FM NORMAL:   0.7   DPTR FM NORMAL:    0.18    2 = FOG REDUCING VISIBILITY
HIGHEST:    89 ON 17    GRTST 24HR  0.93 ON 11-11      TO 1/4 MILE OR LESS
LOWEST:     49 ON 12                               3 = THUNDER
                        SNOW, ICE PELLETS, HAIL    4 = ICE PELLETS
                        TOTAL MONTH:   0.0 INCH    5 = HAIL
                        GRTST 24HR     0.0         6 = FREEZING RAIN OR DRIZZLE
                        GRTST DEPTH:   0           7 = DUSTSTORM OR SANDSTORM:
                                                       VSBY 1/2 MILE OR LESS
                                                   8 = SMOKE OR HAZE
[NO. OF DAYS WITH]      [WEATHER - DAYS WITH]      9 = BLOWING SNOW
                                                   X = TORNADO
MAX 32 OR BELOW:   0    0.01 INCH OR MORE:   6
MAX 90 OR ABOVE:   0    0.10 INCH OR MORE:   5
MIN 32 OR BELOW:   0    0.50 INCH OR MORE:   2
MIN  0 OR BELOW:   0    1.00 INCH OR MORE:   0

[HDD (BASE 65) ]
TOTAL THIS MO.    11    CLEAR  (SCALE 0-3)   8
DPTR FM NORMAL   -13    PTCLDY (SCALE 4-7)   7
TOTAL FM JUL 1  4518    CLOUDY (SCALE 8-10)  3
DPTR FM NORMAL  -384

[CDD (BASE 65) ]
TOTAL THIS MO.   102
DPTR FM NORMAL     5    [PRESSURE DATA]
TOTAL FM JAN 1   232    HIGHEST SLP M ON M
DPTR FM NORMAL    71    LOWEST  SLP 29.63 ON  5

[REMARKS]
