560
CXUS51 KPHI 231500
CF6ACY
PRELIMINARY LOCAL CLIMATOLOGICAL DATA (WS FORM: F-6)

                                          STATION:   ATLANTIC CITY NJ
                                          MONTH:     JULY
                                          YEAR:      2019
                                          LATITUDE:   39 27 N
                                          LONGITUDE:  74 34 W

  TEMPERATURE IN F:       :PCPN:    SNOW:  WIND      :SUNSHINE: SKY     :PK WND
================================================================================
1   2   3   4   5  6A  6B    7    8   9   10  11  12  13   14  15   16   17  18
                                     12Z  AVG MX 2MIN
DY MAX MIN AVG DEP HDD CDD  WTR  SNW DPTH SPD SPD DIR MIN PSBL S-S WX    SPD DR
================================================================================

 1  82  63  73  -2   0   8 0.00  0.0    0  7.2 13 170   M    M   1 8      21 160
 2  93  67  80   5   0  15 0.16  0.0    M  9.3 26 270   M    M   1 3      42 290
 3  92  72  82   7   0  17 0.34  0.0    0  5.4 36 350   M    M   3 38     46 350
 4  87  71  79   3   0  14 0.00  0.0    0  6.2 14 160   M    M   0 1      19 110
 5  87  74  81   5   0  16 0.00  0.0    0  7.3 15 160   M    M   7 1      21 150
 6  90  74  82   6   0  17 0.95  0.0    0  7.0 28 160   M    M   3 138    38 170
 7  83  73  78   2   0  13 0.00  0.0    0  8.5 17  70   M    M   7 1      22  70
 8  79  64  72  -4   0   7 0.05  0.0    0  6.1 16  30   M    M   6 1      24  30
 9  86  62  74  -2   0   9 0.00  0.0    0  6.2 14 160   M    M   1        24 140
10  89  69  79   3   0  14 0.00  0.0    0  6.8 15 200   M    M   2 1      25 220
11  85  67  76   0   0  11 2.55  0.0    0  9.2 18 310   M    M   4 13     29 150
12  90  72  81   5   0  16 0.00  0.0    0  8.4 20 290   M    M   4        27 310
13  88  65  77   1   0  12 0.00  0.0    0  5.4 13 160   M    M   2        20 170
14  92  71  82   6   0  17 0.00  0.0    0  7.6 17 280   M    M   0 18     23 290
15  88  65  77   1   0  12 0.00  0.0    0  5.1 13 120   M    M   0        19 250
16  92  68  80   4   0  15 0.00  0.0    0  6.5 15 180   M    M   0        21 190
17  97  76  87  10   0  22 0.01  0.0    0  8.4 31 260   M    M   1        43 250
18  93  76  85   8   0  20 0.02  0.0    0  5.8 17  50   M    M   5 13     23 190
19  94  75  85   8   0  20 0.00  0.0    0  6.1 14 220   M    M   5 12     24 230
20  99  81  90  13   0  25 0.00  0.0    0  7.4 16 220   M    M   1        21 210
21 100  82  91  15   0  26 0.00  0.0    0  8.6 17 300   M    M   1 8      25 240
22  96  74  85   9   0  20 0.24  0.0    0  7.0 30 290   M    M   2 13     42 230
================================================================================
SM 1982 1561         0 346  4.32     0.0 155.5          M       56
================================================================================
AV 90.1 71.0                               7.1 FASTST   M    M   3    MAX(MPH)
                                 MISC ---->  # 36 350               # 46  350
================================================================================
NOTES:
# LAST OF SEVERAL OCCURRENCES

COLUMN 17 PEAK WIND IN M.P.H.

PRELIMINARY LOCAL CLIMATOLOGICAL DATA (WS FORM: F-6) , PAGE 2

                                          STATION:  ATLANTIC CITY NJ
                                          MONTH:    JULY
                                          YEAR:     2019
                                          LATITUDE:   39 27 N
                                          LONGITUDE:  74 34 W

[TEMPERATURE DATA]      [PRECIPITATION DATA]       SYMBOLS USED IN COLUMN 16

AVERAGE MONTHLY: 80.5   TOTAL FOR MONTH:   4.32    1 = FOG OR MIST
DPTR FM NORMAL:   4.5   DPTR FM NORMAL:    1.73    2 = FOG REDUCING VISIBILITY
HIGHEST:   100 ON 21    GRTST 24HR  2.55 ON 11-11      TO 1/4 MILE OR LESS
LOWEST:     62 ON  9                               3 = THUNDER
                        SNOW, ICE PELLETS, HAIL    4 = ICE PELLETS
                        TOTAL MONTH:   0.0 INCH    5 = HAIL
                        GRTST 24HR     0.0         6 = FREEZING RAIN OR DRIZZLE
                        GRTST DEPTH:   0           7 = DUSTSTORM OR SANDSTORM:
                                                       VSBY 1/2 MILE OR LESS
                                                   8 = SMOKE OR HAZE
[NO. OF DAYS WITH]      [WEATHER - DAYS WITH]      9 = BLOWING SNOW
                                                   X = TORNADO
MAX 32 OR BELOW:   0    0.01 INCH OR MORE:   8
MAX 90 OR ABOVE:  12    0.10 INCH OR MORE:   5
MIN 32 OR BELOW:   0    0.50 INCH OR MORE:   2
MIN  0 OR BELOW:   0    1.00 INCH OR MORE:   1

[HDD (BASE 65) ]
TOTAL THIS MO.     0    CLEAR  (SCALE 0-3)  15
DPTR FM NORMAL     0    PTCLDY (SCALE 4-7)   7
TOTAL FM JUL 1     0    CLOUDY (SCALE 8-10)  0
DPTR FM NORMAL     0

[CDD (BASE 65) ]
TOTAL THIS MO.   346
DPTR FM NORMAL    99    [PRESSURE DATA]
TOTAL FM JAN 1   705    HIGHEST SLP M ON M
DPTR FM NORMAL   191    LOWEST  SLP 29.70 ON 22

[REMARKS]
