000
CXUS51 KPHI 221500
CF6ACY
PRELIMINARY LOCAL CLIMATOLOGICAL DATA (WS FORM: F-6)

                                          STATION:   ATLANTIC CITY NJ
                                          MONTH:     MARCH
                                          YEAR:      2019
                                          LATITUDE:   39 27 N
                                          LONGITUDE:  74 34 W

  TEMPERATURE IN F:       :PCPN:    SNOW:  WIND      :SUNSHINE: SKY     :PK WND
================================================================================
1   2   3   4   5  6A  6B    7    8   9   10  11  12  13   14  15   16   17  18
                                     12Z  AVG MX 2MIN
DY MAX MIN AVG DEP HDD CDD  WTR  SNW DPTH SPD SPD DIR MIN PSBL S-S WX    SPD DR
================================================================================

 1  37  29  33  -5  32   0 0.38  1.2    1 10.4 23  50   M    M  10 16     34  40
 2  41  35  38   0  27   0 0.30  0.0    0  8.9 16  30   M    M   8 1      22  40
 3  43  32  38  -1  27   0 0.80  0.0    0  6.3 18  20   M    M   6 18     26  30
 4  41  27  34  -5  31   0 0.24  0.0    0 13.7 24 300   M    M   6 1      31 280
 5  38  18  28 -11  37   0 0.00  0.0    0  7.7 22 320   M    M   1        28 300
 6  30  19  25 -14  40   0 0.00  0.0    0 14.7 28 290   M    M   2        38 280
 7  38  12  25 -15  40   0 0.00  0.0    0  6.9 21 290   M    M   3        30 280
 8  41  19  30 -10  35   0 0.07    T    0  3.1 15 190   M    M   5 1      22 200
 9  47  31  39  -1  26   0 0.00  0.0    0  4.5 12 110   M    M   6 12     16 120
10  55  39  47   7  18   0 1.16  0.0    0  9.8 21 120   M    M   8 12     30 230
11  58  40  49   8  16   0 0.00  0.0    0 12.3 25 300   M    M   1 1      35 280
12  47  25  36  -5  29   0 0.00  0.0    0 11.1 24 320   M    M   0        33 310
13  49  21  35  -6  30   0 0.00  0.0    0  5.7 16 160   M    M   1        23 180
14  60  42  51   9  14   0 0.00  0.0    0 11.8 23 200   M    M   2        35 190
15  65  52  59  17   6   0    T  0.0    0 13.1 22 300   M    M   2        32 200
16  61  38  50   8  15   0 0.00  0.0    0 19.7 32 300   M    M   2        43 290
17  48  25  37  -5  28   0 0.00  0.0    0  7.6 18 290   M    M   1        29 300
18  46  22  34  -9  31   0 0.00  0.0    0  4.2 14 140   M    M   6        20 150
19  49  25  37  -6  28   0 0.00  0.0    0  5.7 15 150   M    M   1        21 170
20  52  23  38  -5  27   0 0.02  0.0    0  6.3 17 110   M    M   1 12     23 130
21  51  44  48   4  17   0 0.55  0.0    0 16.8 31  80   M    M   9 1      49  70
================================================================================
SM  997  618       554   0  3.52     1.2 200.3          M       81
================================================================================
AV 47.5 29.4                               9.5 FASTST   M    M   4    MAX(MPH)
                                 MISC ---->  # 32 300               # 49   70
================================================================================
NOTES:
# LAST OF SEVERAL OCCURRENCES

COLUMN 17 PEAK WIND IN M.P.H.

PRELIMINARY LOCAL CLIMATOLOGICAL DATA (WS FORM: F-6) , PAGE 2

                                          STATION:  ATLANTIC CITY NJ
                                          MONTH:    MARCH
                                          YEAR:     2019
                                          LATITUDE:   39 27 N
                                          LONGITUDE:  74 34 W

[TEMPERATURE DATA]      [PRECIPITATION DATA]       SYMBOLS USED IN COLUMN 16

AVERAGE MONTHLY: 38.5   TOTAL FOR MONTH:   3.52    1 = FOG OR MIST
DPTR FM NORMAL:  -2.3   DPTR FM NORMAL:    0.71    2 = FOG REDUCING VISIBILITY
HIGHEST:    65 ON 15    GRTST 24HR  1.16 ON 10-10      TO 1/4 MILE OR LESS
LOWEST:     12 ON  7                               3 = THUNDER
                        SNOW, ICE PELLETS, HAIL    4 = ICE PELLETS
                        TOTAL MONTH:   1.2 INCHES  5 = HAIL
                        GRTST 24HR   1.2 ON  1- 1  6 = FREEZING RAIN OR DRIZZLE
                        GRTST DEPTH:   1 ON  1     7 = DUSTSTORM OR SANDSTORM:
                                                       VSBY 1/2 MILE OR LESS
                                                   8 = SMOKE OR HAZE
[NO. OF DAYS WITH]      [WEATHER - DAYS WITH]      9 = BLOWING SNOW
                                                   X = TORNADO
MAX 32 OR BELOW:   1    0.01 INCH OR MORE:   8
MAX 90 OR ABOVE:   0    0.10 INCH OR MORE:   6
MIN 32 OR BELOW:  14    0.50 INCH OR MORE:   3
MIN  0 OR BELOW:   0    1.00 INCH OR MORE:   1

[HDD (BASE 65) ]
TOTAL THIS MO.   554    CLEAR  (SCALE 0-3)  11
DPTR FM NORMAL    45    PTCLDY (SCALE 4-7)   7
TOTAL FM JUL 1  3922    CLOUDY (SCALE 8-10)  3
DPTR FM NORMAL  -178

[CDD (BASE 65) ]
TOTAL THIS MO.     0
DPTR FM NORMAL     0    [PRESSURE DATA]
TOTAL FM JAN 1     0    HIGHEST SLP M ON M
DPTR FM NORMAL     0    LOWEST  SLP 29.38 ON 21

[REMARKS]
