000
CXUS51 KPHI 210800
CF6ACY
PRELIMINARY LOCAL CLIMATOLOGICAL DATA (WS FORM: F-6)

                                          STATION:   ATLANTIC CITY NJ
                                          MONTH:     OCTOBER
                                          YEAR:      2019
                                          LATITUDE:   39 27 N
                                          LONGITUDE:  74 34 W

  TEMPERATURE IN F:       :PCPN:    SNOW:  WIND      :SUNSHINE: SKY     :PK WND
================================================================================
1   2   3   4   5  6A  6B    7    8   9   10  11  12  13   14  15   16   17  18
                                     12Z  AVG MX 2MIN
DY MAX MIN AVG DEP HDD CDD  WTR  SNW DPTH SPD SPD DIR MIN PSBL S-S WX    SPD DR
================================================================================

 1  81  63  72  11   0   7 0.00  0.0    0  6.4 14 200   M    M   4        26 190
 2  96  70  83  22   0  18 0.00  0.0    0  9.2 18 310   M    M   2        29 290
 3  74  64  69   9   0   4 0.07  0.0    0 10.5 20  90   M    M  10 18     27  50
 4  74  47  61   1   4   0 0.00  0.0    0 12.4 25 320   M    M   4 1      36 310
 5  63  45  54  -6  11   0 0.00  0.0    0  8.5 17  50   M    M   9        23  40
 6  74  62  68   9   0   3 0.00  0.0    0 10.4 22 180   M    M  10        33 150
 7  81  63  72  13   0   7 0.00  0.0    0 11.5 20 180   M    M   4        28 180
 8  65  56  61   2   4   0 0.00  0.0    0 12.1 21  30   M    M   6        29  30
 9  60  53  57  -1   8   0 0.19  0.0    0 11.3 24  30   M    M  10 18     32  30
10  75  50  63   5   2   0 0.00  0.0    0 12.1 22  30   M    M   5        33  20
11  65  53  59   1   6   0 0.00  0.0    0 10.6 21  10   M    M   8        30 360
12  74  48  61   4   4   0 0.00  0.0    0  6.1 12 330   M    M   3        18 330
13  68  50  59   2   6   0 0.42  0.0    0  5.6 10 110   M    M   7 1      19  60
14  75  51  63   6   2   0 0.57  0.0    0  4.4 15 310   M    M   5 18     23 320
15  69  46  58   2   7   0 0.00  0.0    0  4.0 14  30   M    M   0 1      17  30
16  70  47  59   3   6   0 1.21  0.0    0 13.7 33 290   M    M   5 1      52 300
17  63  51  57   1   8   0 0.00  0.0    0 19.8 33 290   M    M   6        49 280
18  62  39  51  -4  14   0 0.00  0.0    0  9.6 21 310   M    M   2        34 310
19  65  36  51  -4  14   0 0.00  0.0    0  3.9 14 280   M    M   0        21 290
20  63  42  53  -2  12   0 1.18  0.0    0  9.2 23  40   M    M   6 1      36  40
================================================================================
SM 1417 1036       108  39  3.64     0.0 191.3          M      106
================================================================================
AV 70.9 51.8                               9.6 FASTST   M    M   5    MAX(MPH)
                                 MISC ---->  # 33 290               # 52  300
================================================================================
NOTES:
# LAST OF SEVERAL OCCURRENCES

COLUMN 17 PEAK WIND IN M.P.H.

PRELIMINARY LOCAL CLIMATOLOGICAL DATA (WS FORM: F-6) , PAGE 2

                                          STATION:  ATLANTIC CITY NJ
                                          MONTH:    OCTOBER
                                          YEAR:     2019
                                          LATITUDE:   39 27 N
                                          LONGITUDE:  74 34 W

[TEMPERATURE DATA]      [PRECIPITATION DATA]       SYMBOLS USED IN COLUMN 16

AVERAGE MONTHLY: 61.3   TOTAL FOR MONTH:   3.64    1 = FOG OR MIST
DPTR FM NORMAL:   3.5   DPTR FM NORMAL:    1.45    2 = FOG REDUCING VISIBILITY
HIGHEST:    96 ON  2    GRTST 24HR  1.21 ON 16-16      TO 1/4 MILE OR LESS
LOWEST:     36 ON 19                               3 = THUNDER
                        SNOW, ICE PELLETS, HAIL    4 = ICE PELLETS
                        TOTAL MONTH:   0.0 INCH    5 = HAIL
                        GRTST 24HR     0.0         6 = FREEZING RAIN OR DRIZZLE
                        GRTST DEPTH:   0           7 = DUSTSTORM OR SANDSTORM:
                                                       VSBY 1/2 MILE OR LESS
                                                   8 = SMOKE OR HAZE
[NO. OF DAYS WITH]      [WEATHER - DAYS WITH]      9 = BLOWING SNOW
                                                   X = TORNADO
MAX 32 OR BELOW:   0    0.01 INCH OR MORE:   6
MAX 90 OR ABOVE:   1    0.10 INCH OR MORE:   5
MIN 32 OR BELOW:   0    0.50 INCH OR MORE:   3
MIN  0 OR BELOW:   0    1.00 INCH OR MORE:   2

[HDD (BASE 65) ]
TOTAL THIS MO.   108    CLEAR  (SCALE 0-3)   5
DPTR FM NORMAL   -52    PTCLDY (SCALE 4-7)  11
TOTAL FM JUL 1   119    CLOUDY (SCALE 8-10)  4
DPTR FM NORMAL  -103

[CDD (BASE 65) ]
TOTAL THIS MO.    39
DPTR FM NORMAL    23    [PRESSURE DATA]
TOTAL FM JAN 1  1408    HIGHEST SLP M ON M
DPTR FM NORMAL   358    LOWEST  SLP 29.28 ON 16

[REMARKS]
