000
CXUS54 KBMX 251110
CF6ANB
PRELIMINARY LOCAL CLIMATOLOGICAL DATA (WS FORM: F-6)

                                          STATION:   ANNISTON
                                          MONTH:     SEPTEMBER
                                          YEAR:      2018
                                          LATITUDE:   33 35 N
                                          LONGITUDE:  85 51 W

  TEMPERATURE IN F:       :PCPN:    SNOW:  WIND      :SUNSHINE: SKY     :PK WND
================================================================================
1   2   3   4   5  6A  6B    7    8   9   10  11  12  13   14  15   16   17  18
                                     12Z  AVG MX 2MIN
DY MAX MIN AVG DEP HDD CDD  WTR  SNW DPTH SPD SPD DIR MIN PSBL S-S WX    SPD DR
================================================================================

 1  91  72  82   4   0  17 0.00  0.0    0  6.2 15 120   M    M   1        25 150
 2  90  71  81   3   0  16 0.00  0.0    0  5.8 14 100   M    M   1        21  80
 3  91  71  81   4   0  16    T  0.0    0  5.7 18  90   M    M   3        28  80
 4  88  71  80   3   0  15 0.05  0.0    0  4.9 14  60   M    M   2        20 100
 5  86  73  80   3   0  15    T  0.0    0  5.2 14  90   M    M   2        19 100
 6  90  74  82   5   0  17 0.00  0.0    0  5.4 14 140   M    M   2        19 120
 7  93  71  82   6   0  17 0.00  0.0    0  4.0 12 110   M    M   2        17 180
 8  91  72  82   6   0  17 0.00  0.0    0  2.9 12 230   M    M   2        14 270
 9  92  69  81   5   0  16 0.09  0.0    0  4.5 16 230   M    M   2 1      22 240
10  85  70  78   2   0  13    T  0.0    0  3.6 14 270   M    M   7 1      18 270
11  87  71  79   4   0  14 0.28  0.0    0  2.2 12 100   M    M   6 1      15 100
12  91  70  81   6   0  16 0.02  0.0    0  3.6 12 360   M    M   1 13     15 360
13  92  72  82   7   0  17    T  0.0    0  2.7 14  50   M    M   3 3      18  40
14  96  71  84  10   0  19 0.00  0.0    0  3.0 13  30   M    M   1        17 320
15  97  68  83   9   0  18 0.00  0.0    0  4.8 16 360   M    M   1        22  10
16  92  67  80   6   0  15 0.00  0.0    0  4.6 15 360   M    M   2        19  50
17  93  66  80   7   0  15 0.00  0.0    0  3.0 13 250   M    M   1 1      16 230
18  94  69  82   9   0  17 0.00  0.0    0  2.6 10 360   M    M   1        26 150
19  96  69  83  11   0  18 0.00  0.0    0  3.9 12 110   M    M   2 8      18 110
20  96  69  83  11   0  18 0.00  0.0    0  5.7 13  90   M    M   1        17 130
21  88  72  80   8   0  15 0.17  0.0    0  3.6 20  70   M    M   5 1      23  70
22  92  69  81  10   0  16 0.00  0.0    0  2.9 14 160   M    M   2        24  90
23  91  68  80   9   0  15 0.00  0.0    0  3.7 13 160   M    M   3        15 170
24  89  70  80   9   0  15 0.72  0.0    0  5.8 22 240   M    M   6 13     31 240
================================================================================
SM 2191 1685         0 387  1.33     0.0 100.3          M       59
================================================================================
AV 91.3 70.2                               4.2 FASTST   M    M   2    MAX(MPH)
                                 MISC ---->  # 22 240               # 31  240
================================================================================
NOTES:
# LAST OF SEVERAL OCCURRENCES

COLUMN 17 PEAK WIND IN M.P.H.

PRELIMINARY LOCAL CLIMATOLOGICAL DATA (WS FORM: F-6) , PAGE 2

                                          STATION:  ANNISTON
                                          MONTH:    SEPTEMBER
                                          YEAR:     2018
                                          LATITUDE:   33 35 N
                                          LONGITUDE:  85 51 W

[TEMPERATURE DATA]      [PRECIPITATION DATA]       SYMBOLS USED IN COLUMN 16

AVERAGE MONTHLY: 80.8   TOTAL FOR MONTH:   1.33    1 = FOG OR MIST
DPTR FM NORMAL:   6.2   DPTR FM NORMAL:   -1.00    2 = FOG REDUCING VISIBILITY
HIGHEST:    97 ON 15    GRTST 24HR  0.72 ON 24-24      TO 1/4 MILE OR LESS
LOWEST:     66 ON 17                               3 = THUNDER
                        SNOW, ICE PELLETS, HAIL    4 = ICE PELLETS
                        TOTAL MONTH:   0.0 INCH    5 = HAIL
                        GRTST 24HR     0.0         6 = FREEZING RAIN OR DRIZZLE
                        GRTST DEPTH:   0           7 = DUSTSTORM OR SANDSTORM:
                                                       VSBY 1/2 MILE OR LESS
                                                   8 = SMOKE OR HAZE
[NO. OF DAYS WITH]      [WEATHER - DAYS WITH]      9 = BLOWING SNOW
                                                   X = TORNADO
MAX 32 OR BELOW:   0    0.01 INCH OR MORE:   6
MAX 90 OR ABOVE:  18    0.10 INCH OR MORE:   3
MIN 32 OR BELOW:   0    0.50 INCH OR MORE:   1
MIN  0 OR BELOW:   0    1.00 INCH OR MORE:   0

[HDD (BASE 65) ]
TOTAL THIS MO.     0    CLEAR  (SCALE 0-3)  19
DPTR FM NORMAL    -4    PTCLDY (SCALE 4-7)   5
TOTAL FM JUL 1     0    CLOUDY (SCALE 8-10)  0
DPTR FM NORMAL    -4

[CDD (BASE 65) ]
TOTAL THIS MO.   387
DPTR FM NORMAL   153    [PRESSURE DATA]
TOTAL FM JAN 1  2079    HIGHEST SLP M ON M
DPTR FM NORMAL   328    LOWEST  SLP 29.80 ON  9

[REMARKS]
