000
CXUS53 KIWX 260810
CF6AOH
PRELIMINARY LOCAL CLIMATOLOGICAL DATA (WS FORM: F-6)

                                          STATION:   LIMA
                                          MONTH:     OCTOBER
                                          YEAR:      2020
                                          LATITUDE:   40 42 N
                                          LONGITUDE:  84  1 W

  TEMPERATURE IN F:       :PCPN:    SNOW:  WIND      :SUNSHINE: SKY     :PK WND
================================================================================
1   2   3   4   5  6A  6B    7    8   9   10  11  12  13   14  15   16   17  18
                                     12Z  AVG MX 2MIN
DY MAX MIN AVG DEP HDD CDD  WTR  SNW DPTH SPD SPD DIR MIN PSBL S-S WX    SPD DR
================================================================================

 1  64  42  53  -5  12   0 0.02  0.0    0  8.9 23 250   M    M   3 3      35 260
 2  58  39  49  -9  16   0    T  0.0    0  4.4 10 310   M    M   4        16 290
 3  61  35  48 -10  17   0 0.00  0.0    0  3.0  9 130   M    M   7        12 100
 4  53  43  48  -9  17   0 0.14  0.0    0  4.8 10  10   M    M   9 1      15 270
 5  58  39  49  -8  16   0 0.00  0.0    0  4.6 12 160   M    M   4 12     18 210
 6  73  45  59   3   6   0 0.00  0.0    0 12.5 23 210   M    M   0        33 230
 7  78  52  65   9   0   0 0.00  0.0    0 12.1 23 300   M    M   0        38 270
 8  72  39  56   0   9   0 0.00  0.0    0  1.8 12 320   M    M   0        21 280
 9  81  42  62   7   3   0 0.00  0.0    0  9.6 18 190   M    M   0        28 180
10  79  61  70  15   0   5 0.00  0.0    0  9.9 20 210   M    M   3        26 250
11  74  58  66  11   0   1    T  0.0    0  8.7 15  50   M    M   8 1      21  70
12  72  51  62   8   3   0 0.23  0.0    0  9.4 24 290   M    M   9 13     37 290
13  68  42  55   1  10   0 0.00  0.0    0  7.8 16 240   M    M   0        21 200
14  73  40  57   3   8   0 0.00  0.0    0 10.3 23 200   M    M   1        35 190
15  66   M   M   M   M   M 0.11  0.0    0 13.1 25 270   M    M   5        36 280
16  55  41  48  -5  17   0 0.00  0.0    0  7.3 15 230   M    M   1        23 250
17  60  36  48  -5  17   0 0.00  0.0    0  6.5 12 200   M    M   0        20 200
18   M   M   M   M   M   M    M    M    M    M  M   M   M    M   M         M   M
19   M   M   M   M   M   M    M    M    M    M  M   M   M    M   0         M   M
20   M   M   M   M   M   M    M    M    M    M  M   M   M    M   0 3       M   M
21   M   M   M   M   M   M    M    M    M    M  M   M   M    M   0 3       M   M
22   M   M   M   M   M   M    M    M    M    M  M   M   M    M   0         M   M
23   M   M   M   M   M   M    M    M    M    M  M   M   M    M   0 3       M   M
24   M   M   M   M   M   M    M    M    M    M  M   M   M    M   0         M   M
25   M   M   M   M   M   M    M    M    M    M  M   M   M    M   0         M   M
================================================================================
SM 1145  705       151   6  0.50  0.0    134.7          M       54
================================================================================
AV 67.4 44.1                               7.9 FASTST   M    M   2    MAX(MPH)
                                 MISC ---->    25 270                 38 270
================================================================================
NOTES:
# LAST OF SEVERAL OCCURRENCES

COLUMN 17 PEAK WIND IN M.P.H.

PRELIMINARY LOCAL CLIMATOLOGICAL DATA (WS FORM: F-6) , PAGE 2

                                          STATION:   LIMA
                                          MONTH:     OCTOBER
                                          YEAR:      2020
                                          LATITUDE:   40 42 N
                                          LONGITUDE:  84  1 W

[TEMPERATURE DATA]      [PRECIPITATION DATA]       SYMBOLS USED IN COLUMN 16

AVERAGE MONTHLY: 55.7   TOTAL FOR MONTH:   0.50    1 = FOG OR MIST
DPTR FM NORMAL:   1.7   DPTR FM NORMAL:   -1.71    2 = FOG REDUCING VISIBILITY
HIGHEST:    81 ON  9    GRTST 24HR  0.23 ON 12-12      TO 1/4 MILE OR LESS
LOWEST:     35 ON  3                               3 = THUNDER
                        SNOW, ICE PELLETS, HAIL    4 = ICE PELLETS
                        TOTAL MONTH:   0.0 INCH    5 = HAIL
                        GRTST 24HR  0.0            6 = FREEZING RAIN OR DRIZZLE
                        GRTST DEPTH:  0            7 = DUSTSTORM OR SANDSTORM:
                                                       VSBY 1/2 MILE OR LESS
                                                   8 = SMOKE OR HAZE
[NO. OF DAYS WITH]      [WEATHER - DAYS WITH]      9 = BLOWING SNOW
                                                   X = TORNADO
MAX 32 OR BELOW:   0    0.01 INCH OR MORE:   4
MAX 90 OR ABOVE:   0    0.10 INCH OR MORE:   3
MIN 32 OR BELOW:   0    0.50 INCH OR MORE:   0
MIN  0 OR BELOW:   0    1.00 INCH OR MORE:   0

[HDD (BASE 65) ]
TOTAL THIS MO.   151    CLEAR  (SCALE 0-3)  17
DPTR FM NORMAL  -136    PTCLDY (SCALE 4-7)   4
TOTAL FM JUL 1   247    CLOUDY (SCALE 8-10)  4
DPTR FM NORMAL  -142

[CDD (BASE 65) ]
TOTAL THIS MO.     6
DPTR FM NORMAL    -6    [PRESSURE DATA]
TOTAL FM JAN 1   981    HIGHEST SLP M ON M
DPTR FM NORMAL   157    LOWEST  SLP 29.68 ON 12

[REMARKS]
