419
CXUS55 KALY 230710
CF6AQW
PRELIMINARY LOCAL CLIMATOLOGICAL DATA (WS FORM: F-6)

                                          STATION:   NORTH ADAMS    ASOS
                                          MONTH:     OCTOBER
                                          YEAR:      2018
                                          LATITUDE:   42 42 N
                                          LONGITUDE:  73 10 W

  TEMPERATURE IN F:       :PCPN:    SNOW:  WIND      :SUNSHINE: SKY     :PK WND
================================================================================
1   2   3   4   5  6A  6B    7    8   9   10  11  12  13   14  15   16   17  18
                                     12Z  AVG MX 2MIN
DY MAX MIN AVG DEP HDD CDD  WTR  SNW DPTH SPD SPD DIR MIN PSBL S-S WX    SPD DR
================================================================================

 1  59  51  55   M  10   0 0.05    M    M  4.0 13 100   M    M  10 1      20 110
 2  59  55  57   M   8   0 0.84    M    M  7.6 14 110   M    M  10 1      21  70
 3  63  51  57   M   8   0    T    M    M  2.6 10 110   M    M   9 1      15 260
 4  74  53  64   M   1   0 0.00    M    M  4.9 13 260   M    M   7        18 280
 5  64  44  54   M  11   0 0.00    M    M  4.1 10 220   M    M   2        14 270
 6  62  50  56   M   9   0 0.04    M    M  4.7 10  60   M    M  10 1      14  50
 7  73  54  64   M   1   0    T    M    M  3.0 12 270   M    M   9 1      16 310
 8  60  51  56   M   9   0 0.00    M    M  5.9 15  90   M    M  10 1      22  90
 9  79  59  69   M   0   4 0.00    M    M  3.8 12 260   M    M   7 12     15 220
10  81  57  69   M   0   4 0.00    M    M  3.1 13 270   M    M   5 12     18 210
11  73  61  67   M   0   2 0.58    M    M  4.8 18 260   M    M   9 1      25 260
12  61  45  53   M  12   0    T    M    M 12.9 24 260   M    M   8        33 270
13  49  42  46   M  19   0 0.19    M    M  6.5 21 250   M    M   9 1      29 250
14  56  37  47   M  18   0 0.00    M    M  3.0 12 260   M    M   2 1      16 270
15  62  34  48   M  17   0 0.23    M    M  9.5 28 260   M    M   8 1      39 270
16  51  33  42   M  23   0    T    M    M 10.7 20 270   M    M   3        43 270
17  54  30  42   M  23   0 0.05    M    M  8.8 28 290   M    M   8 1      43 310
18  43  30  37   M  28   0    T    M    M 13.0 23 260   M    M   2        32 280
19  61  35  48   M  17   0 0.00  0.0    0  7.7 17 270   M    M   2        23 270
20  58  39  49   M  16   0 0.04    M    0  6.2 17 260   M    M   9 1      26 290
21  46  36  41   M  24   0    T    M    M 10.3 21 280   M    M   9        32 270
22  46  36  41   M  24   0 0.00    M    M  6.4 16 260   M    M  10        20 270
================================================================================
SM 1334  983       278  10  2.02     0.0 143.5          M      158
================================================================================
AV 60.6 44.7                               6.5 FASTST   M    M   7    MAX(MPH)
                                 MISC ---->  # 28 260               # 43  310
================================================================================
NOTES:
# LAST OF SEVERAL OCCURRENCES

COLUMN 17 PEAK WIND IN M.P.H.

PRELIMINARY LOCAL CLIMATOLOGICAL DATA (WS FORM: F-6) , PAGE 2

                                          STATION:  NORTH ADAMS    ASOS
                                          MONTH:    OCTOBER
                                          YEAR:     2018
                                          LATITUDE:   42 42 N
                                          LONGITUDE:  73 10 W

[TEMPERATURE DATA]      [PRECIPITATION DATA]       SYMBOLS USED IN COLUMN 16

AVERAGE MONTHLY: 52.7   TOTAL FOR MONTH:   2.02    1 = FOG OR MIST
DPTR FM NORMAL:     M   DPTR FM NORMAL:       M    2 = FOG REDUCING VISIBILITY
HIGHEST:    81 ON 10    GRTST 24HR  0.84 ON  2- 2      TO 1/4 MILE OR LESS
LOWEST:     30 ON 18,17                            3 = THUNDER
                        SNOW, ICE PELLETS, HAIL    4 = ICE PELLETS
                        TOTAL MONTH:   0.0 INCH    5 = HAIL
                        GRTST 24HR     0.0         6 = FREEZING RAIN OR DRIZZLE
                        GRTST DEPTH:   0           7 = DUSTSTORM OR SANDSTORM:
                                                       VSBY 1/2 MILE OR LESS
                                                   8 = SMOKE OR HAZE
[NO. OF DAYS WITH]      [WEATHER - DAYS WITH]      9 = BLOWING SNOW
                                                   X = TORNADO
MAX 32 OR BELOW:   0    0.01 INCH OR MORE:   8
MAX 90 OR ABOVE:   0    0.10 INCH OR MORE:   4
MIN 32 OR BELOW:   2    0.50 INCH OR MORE:   2
MIN  0 OR BELOW:   0    1.00 INCH OR MORE:   0

[HDD (BASE 65) ]
TOTAL THIS MO.   278    CLEAR  (SCALE 0-3)   5
DPTR FM NORMAL     M    PTCLDY (SCALE 4-7)   6
TOTAL FM JUL 1   407    CLOUDY (SCALE 8-10) 11
DPTR FM NORMAL     M

[CDD (BASE 65) ]
TOTAL THIS MO.    10
DPTR FM NORMAL     M    [PRESSURE DATA]
TOTAL FM JAN 1   622    HIGHEST SLP M ON M
DPTR FM NORMAL     M    LOWEST  SLP 29.55 ON 11

[REMARKS]
