000
CXUS51 KALY 300710
CF6AQW
PRELIMINARY LOCAL CLIMATOLOGICAL DATA (WS FORM: F-6)

                                          STATION:   NORTH ADAMS MA   ASOS
                                          MONTH:     MAY
                                          YEAR:      2020
                                          LATITUDE:   42 42 N
                                          LONGITUDE:  73 10 W

  TEMPERATURE IN F:       :PCPN:    SNOW:  WIND      :SUNSHINE: SKY     :PK WND
================================================================================
1   2   3   4   5  6A  6B    7    8   9   10  11  12  13   14  15   16   17  18
                                     12Z  AVG MX 2MIN
DY MAX MIN AVG DEP HDD CDD  WTR  SNW DPTH SPD SPD DIR MIN PSBL S-S WX    SPD DR
================================================================================

 1  65  50  58   M   7   0 0.41    M    M  6.8 17 120   M    M  10 1      23 290
 2  67  43  55   M  10   0    T    M    M  8.1 16 270   M    M   2        27 250
 3  75  51  63   M   2   0 0.00    M    M  6.3 24 270   M    M   5        34 230
 4  62  42  52   M  13   0 0.04    M    M  9.2 22 260   M    M   7        29 270
 5  56  36  46   M  19   0 0.00    M    M  7.5 22 260   M    M   2        27 250
 6  59  28  44   M  21   0 0.00    M    M  2.8 12 100   M    M   5        16 110
 7  61  33  47   M  18   0 0.02    M    M  6.1 22 270   M    M   5        26 260
 8  57  33  45   M  20   0 0.15    M    M 10.2 23 260   M    M   6 1      30 270
 9  39  29  34   M  31   0 0.03    M    M 16.1 32 260   M    M   9 12     44 250
10  54  35  45   M  20   0 0.00    M    M 11.0 26 270   M    M   9        36 270
11  56  31  44   M  21   0 0.24    M    M  5.9 22 270   M    M   7 1      28 290
12  50  33  42   M  23   0 0.01    M    M 13.7 28 260   M    M   9 1      37 260
13  56  27  42   M  23   0 0.00    M    M  7.5 24 270   M    M   2        32 270
14  68  27  48   M  17   0    T    M    M  3.4 15 240   M    M   2        23 300
15  81  52  67   M   0   2 0.69    M    M  6.2 23 290   M    M   9 13     50 290
16  70  54  62   M   3   0    T    M    M  7.7 16 260   M    M   5        22 280
17  70  54  62   M   3   0 0.00    M    M  3.4 13 110   M    M   8        17 110
18  67  45  56   M   9   0 0.03    M    M  2.4  9 120   M    M   8 1      14 100
19  65  40  53   M  12   0 0.00    M    M  8.4 22 110   M    M   0 1      28 100
20  72  36  54   M  11   0 0.00    M    M  4.4 16 130   M    M   0        23 120
21  77  35  56   M   9   0 0.00    M    M  3.0 14 260   M    M   0        17 260
22  80  42  61   M   4   0 0.00    M    M  3.4 13 230   M    M   0        17 250
23  78  52  65   M   0   0 0.02    M    M  8.9 24 110   M    M   4 1      30 110
24  75  48  62   M   3   0 0.00    M    M  9.3 20 100   M    M   1        24 110
25  77  49  63   M   2   0 0.00    M    M  8.0 18 120   M    M   3        25 120
26  88  57  73   M   0   8 0.00    M    M  3.3 10 250   M    M   2        14 100
27  87  61  74   M   0   9 0.00    M    M  5.4 15 230   M    M   0        20 260
28  79  63  71   M   0   6 0.00    M    M  6.4 16 190   M    M   7        25 230
29  85  70  78   M   0  13    T    M    M  9.0 21 180   M    M   6        33 220
================================================================================
SM 1976 1256       301  38  1.64    M    203.8          M      133
================================================================================
AV 68.1 43.3                               7.0 FASTST   M    M   5    MAX(MPH)
                                 MISC ---->    32 260                 50 290
================================================================================
NOTES:
# LAST OF SEVERAL OCCURRENCES

COLUMN 17 PEAK WIND IN M.P.H.

PRELIMINARY LOCAL CLIMATOLOGICAL DATA (WS FORM: F-6) , PAGE 2

                                          STATION:   NORTH ADAMS MA   ASOS
                                          MONTH:     MAY
                                          YEAR:      2020
                                          LATITUDE:   42 42 N
                                          LONGITUDE:  73 10 W

[TEMPERATURE DATA]      [PRECIPITATION DATA]       SYMBOLS USED IN COLUMN 16

AVERAGE MONTHLY: 55.7   TOTAL FOR MONTH:   1.64    1 = FOG OR MIST
DPTR FM NORMAL:   0.0   DPTR FM NORMAL:    1.64    2 = FOG REDUCING VISIBILITY
HIGHEST:    88 ON 26    GRTST 24HR  0.69 ON 15-15      TO 1/4 MILE OR LESS
LOWEST:     27 ON 14,13                             3 = THUNDER
                        SNOW, ICE PELLETS, HAIL    4 = ICE PELLETS
                        TOTAL MONTH:  M            5 = HAIL
                        GRTST 24HR    M  ON   M    6 = FREEZING RAIN OR DRIZZLE
                        GRTST DEPTH:  M  ON   M    7 = DUSTSTORM OR SANDSTORM:
                                                       VSBY 1/2 MILE OR LESS
                                                   8 = SMOKE OR HAZE
[NO. OF DAYS WITH]      [WEATHER - DAYS WITH]      9 = BLOWING SNOW
                                                   X = TORNADO
MAX 32 OR BELOW:   0    0.01 INCH OR MORE:  10
MAX 90 OR ABOVE:   0    0.10 INCH OR MORE:   4
MIN 32 OR BELOW:   5    0.50 INCH OR MORE:   1
MIN  0 OR BELOW:   0    1.00 INCH OR MORE:   0

[HDD (BASE 65) ]
TOTAL THIS MO.   301    CLEAR  (SCALE 0-3)  12
DPTR FM NORMAL     M    PTCLDY (SCALE 4-7)  12
TOTAL FM JUL 1  6566    CLOUDY (SCALE 8-10)  5
DPTR FM NORMAL     M

[CDD (BASE 65) ]
TOTAL THIS MO.    38
DPTR FM NORMAL     M    [PRESSURE DATA]
TOTAL FM JAN 1    38    HIGHEST SLP M ON M
DPTR FM NORMAL     M    LOWEST  SLP 29.60 ON  9

[REMARKS]
