000
CXUS55 KALY 250710
CF6AQW
PRELIMINARY LOCAL CLIMATOLOGICAL DATA (WS FORM: F-6)

                                          STATION:   NORTH ADAMS    ASOS
                                          MONTH:     MAY
                                          YEAR:      2018
                                          LATITUDE:   42 42 N
                                          LONGITUDE:  73 10 W

  TEMPERATURE IN F:       :PCPN:    SNOW:  WIND      :SUNSHINE: SKY     :PK WND
================================================================================
1   2   3   4   5  6A  6B    7    8   9   10  11  12  13   14  15   16   17  18
                                     12Z  AVG MX 2MIN
DY MAX MIN AVG DEP HDD CDD  WTR  SNW DPTH SPD SPD DIR MIN PSBL S-S WX    SPD DR
================================================================================

 1  70  41  56   M   9   0 0.01    M    M  2.7 16 280   M    M   6        21 280
 2  87  38  63   M   2   0 0.00    M    M  7.9 20 240   M    M   1        28 240
 3  81  59  70   M   0   5 0.03    M    M  4.8 14 270   M    M   7 1      18 250
 4  82  61  72   M   0   7 0.26    M    M  9.2 33 260   M    M   5 1      45 250
 5  73  48  61   M   4   0 0.00    M    M  9.2 28 270   M    M   3        38 280
 6  60  51  56   M   9   0 0.43  0.0    0  2.3  8 110   M    M   9 1      11 180
 7  67  41  54   M  11   0 0.00  0.0    0  2.5 10 320   M    M   5 1      16 310
 8  74  37  56   M   9   0 0.00    M    M  2.5 15 240   M    M   0        18 240
 9  80  42  61   M   4   0 0.00    M    M  4.0 16 130   M    M   2        21 130
10  72  49  61   M   4   0 0.02    M    M  8.9 21 270   M    M   5        32 210
11  65  44  55   M  10   0 0.00    M    M  7.6 18 270   M    M   2        25 340
12  50  44  47   M  18   0 0.08    M    M  4.6 17 110   M    M   9 1      23 100
13  67  43  55   M  10   0 0.00  0.0    0  6.5 16 170   M    M   4        24 170
14  75  52  64   M   1   0 0.00  0.0    0  2.1  9 280   M    M   6        13 330
15  76  51  64   M   1   0 0.16  0.0    0  3.7 17 260   M    M   4 123    23 280
16  67  51  59   M   6   0 0.00    M    M  5.1 15 120   M    M   5 1      19 110
17  79  58  69   M   0   4 0.00    M    M  3.3 12 270   M    M   5        16 280
18  72  49  61   M   4   0 0.00    M    M  5.9 14 110   M    M   0        25 130
19  57  49  53   M  12   0 0.30    M    M 10.1 20 100   M    M   7 1      28 100
20  69  56  63   M   2   0 0.06    M    M  6.9 18 270   M    M   9 1      25 240
21  75  43  59   M   6   0 0.00    M    M  3.5 12 340   M    M   1 12     17 330
22  67  48  58   M   7   0 0.03    M    0  4.0 18 110   M    M   7        23 110
23  79  51  65   M   0   0    T  0.0    0  6.6 22 270   M    M   5 1      34 280
24  77  43  60   M   5   0 0.00    M    M  3.4 14 270   M    M   0 1      19 280
================================================================================
SM 1721 1149       134  16  1.38     0.0 127.3          M      107
================================================================================
AV 71.7 47.9                               5.3 FASTST   M    M   4    MAX(MPH)
                                 MISC ---->  # 33 260               # 45  250
================================================================================
NOTES:
# LAST OF SEVERAL OCCURRENCES

COLUMN 17 PEAK WIND IN M.P.H.

PRELIMINARY LOCAL CLIMATOLOGICAL DATA (WS FORM: F-6) , PAGE 2

                                          STATION:  NORTH ADAMS    ASOS
                                          MONTH:    MAY
                                          YEAR:     2018
                                          LATITUDE:   42 42 N
                                          LONGITUDE:  73 10 W

[TEMPERATURE DATA]      [PRECIPITATION DATA]       SYMBOLS USED IN COLUMN 16

AVERAGE MONTHLY: 59.8   TOTAL FOR MONTH:   1.38    1 = FOG OR MIST
DPTR FM NORMAL:     M   DPTR FM NORMAL:       M    2 = FOG REDUCING VISIBILITY
HIGHEST:    87 ON  2    GRTST 24HR  0.43 ON  6- 6      TO 1/4 MILE OR LESS
LOWEST:     37 ON  8                               3 = THUNDER
                        SNOW, ICE PELLETS, HAIL    4 = ICE PELLETS
                        TOTAL MONTH:   0.0 INCH    5 = HAIL
                        GRTST 24HR     0.0         6 = FREEZING RAIN OR DRIZZLE
                        GRTST DEPTH:   0           7 = DUSTSTORM OR SANDSTORM:
                                                       VSBY 1/2 MILE OR LESS
                                                   8 = SMOKE OR HAZE
[NO. OF DAYS WITH]      [WEATHER - DAYS WITH]      9 = BLOWING SNOW
                                                   X = TORNADO
MAX 32 OR BELOW:   0    0.01 INCH OR MORE:  10
MAX 90 OR ABOVE:   0    0.10 INCH OR MORE:   4
MIN 32 OR BELOW:   0    0.50 INCH OR MORE:   0
MIN  0 OR BELOW:   0    1.00 INCH OR MORE:   0

[HDD (BASE 65) ]
TOTAL THIS MO.   134    CLEAR  (SCALE 0-3)   8
DPTR FM NORMAL     M    PTCLDY (SCALE 4-7)  13
TOTAL FM JUL 1  6438    CLOUDY (SCALE 8-10)  3
DPTR FM NORMAL     M

[CDD (BASE 65) ]
TOTAL THIS MO.    16
DPTR FM NORMAL     M    [PRESSURE DATA]
TOTAL FM JAN 1    16    HIGHEST SLP M ON M
DPTR FM NORMAL     M    LOWEST  SLP 29.58 ON  4

[REMARKS]
