658
CXUS51 KALY 200710
CF6AQW
PRELIMINARY LOCAL CLIMATOLOGICAL DATA (WS FORM: F-6)

                                          STATION:   NORTH ADAMS    ASOS
                                          MONTH:     OCTOBER
                                          YEAR:      2019
                                          LATITUDE:   42 42 N
                                          LONGITUDE:  73 10 W

  TEMPERATURE IN F:       :PCPN:    SNOW:  WIND      :SUNSHINE: SKY     :PK WND
================================================================================
1   2   3   4   5  6A  6B    7    8   9   10  11  12  13   14  15   16   17  18
                                     12Z  AVG MX 2MIN
DY MAX MIN AVG DEP HDD CDD  WTR  SNW DPTH SPD SPD DIR MIN PSBL S-S WX    SPD DR
================================================================================

 1  77  57  67   M   0   2 0.09    M    M  3.6 16 250   M    M   7 13     23 250
 2  74  47  61   M   4   0 0.10    M    M  5.0 20 270   M    M  10 1      25 280
 3  50  44  47   M  18   0 0.17    M    M  7.3 16 110   M    M   9 1      21 120
 4  55  34  45   M  20   0 0.02    M    M  6.6 18 360   M    M   7 1      28  20
 5  59  29  44   M  21   0 0.00    M    M  1.3  8 120   M    M   2 12     12 110
 6  66  37  52   M  13   0 0.03    M    0  8.1 21 200   M    M   9        30 200
 7  67  53  60   M   5   0 0.86  0.0    0  6.2 21 200   M    M  10 1      33 230
 8  63  41  52   M  13   0    T    M    M  1.6 10 260   M    M   4 12     17 260
 9  60  38  49   M  16   0    T    M    M  4.6 16 100   M    M   4 12     22 110
10  67  41  54   M  11   0    T    M    M  5.4 17 120   M    M   3        23 120
11  63  35  49   M  16   0    T    M    M  3.6 13 100   M    M   6        19 100
12  66  50  58   M   7   0 0.00    M    M  2.8 15 270   M    M   7        20 280
13  65  40  53   M  12   0 0.00    M    M  4.8 14 260   M    M   1        18 250
14  68  37  53   M  12   0 0.00    M    M  7.2 15 260   M    M   3        22 290
15  59  34  47   M  18   0 0.00    M    M  1.8 13 280   M    M   1        17 280
16  58  32  45   M  20   0 0.37    M    M 11.0 30 100   M    M   4 1      46 120
17  52  43  48   M  17   0 2.44    M    0 18.3 30 260   M    M  10 1      47 260
18  52  42  47   M  18   0 0.01    M    M 15.0 26 270   M    M  10        37 270
19  56  30  43   M  22   0 0.00    M    M  4.3 13 250   M    M   0        18 250
================================================================================
SM 1177  764       263   2  4.09     0.0 118.5          M      107
================================================================================
AV 62.0 40.2                               6.2 FASTST   M    M   6    MAX(MPH)
                                 MISC ---->  # 30 100               # 47  260
================================================================================
NOTES:
# LAST OF SEVERAL OCCURRENCES

COLUMN 17 PEAK WIND IN M.P.H.

PRELIMINARY LOCAL CLIMATOLOGICAL DATA (WS FORM: F-6) , PAGE 2

                                          STATION:  NORTH ADAMS    ASOS
                                          MONTH:    OCTOBER
                                          YEAR:     2019
                                          LATITUDE:   42 42 N
                                          LONGITUDE:  73 10 W

[TEMPERATURE DATA]      [PRECIPITATION DATA]       SYMBOLS USED IN COLUMN 16

AVERAGE MONTHLY: 51.1   TOTAL FOR MONTH:   4.09    1 = FOG OR MIST
DPTR FM NORMAL:     M   DPTR FM NORMAL:       M    2 = FOG REDUCING VISIBILITY
HIGHEST:    77 ON  1    GRTST 24HR  2.44 ON 17-17      TO 1/4 MILE OR LESS
LOWEST:     29 ON  5                               3 = THUNDER
                        SNOW, ICE PELLETS, HAIL    4 = ICE PELLETS
                        TOTAL MONTH:   0.0 INCH    5 = HAIL
                        GRTST 24HR     0.0         6 = FREEZING RAIN OR DRIZZLE
                        GRTST DEPTH:   0           7 = DUSTSTORM OR SANDSTORM:
                                                       VSBY 1/2 MILE OR LESS
                                                   8 = SMOKE OR HAZE
[NO. OF DAYS WITH]      [WEATHER - DAYS WITH]      9 = BLOWING SNOW
                                                   X = TORNADO
MAX 32 OR BELOW:   0    0.01 INCH OR MORE:   9
MAX 90 OR ABOVE:   0    0.10 INCH OR MORE:   5
MIN 32 OR BELOW:   3    0.50 INCH OR MORE:   2
MIN  0 OR BELOW:   0    1.00 INCH OR MORE:   1

[HDD (BASE 65) ]
TOTAL THIS MO.   263    CLEAR  (SCALE 0-3)   5
DPTR FM NORMAL     M    PTCLDY (SCALE 4-7)   8
TOTAL FM JUL 1   465    CLOUDY (SCALE 8-10)  6
DPTR FM NORMAL     M

[CDD (BASE 65) ]
TOTAL THIS MO.     2
DPTR FM NORMAL     M    [PRESSURE DATA]
TOTAL FM JAN 1   364    HIGHEST SLP M ON M
DPTR FM NORMAL     M    LOWEST  SLP 29.10 ON 17

[REMARKS]
