000
CXUS55 KALY 220710
CF6AQW
PRELIMINARY LOCAL CLIMATOLOGICAL DATA (WS FORM: F-6)

                                          STATION:   NORTH ADAMS    ASOS
                                          MONTH:     FEBRUARY
                                          YEAR:      2018
                                          LATITUDE:   42 42 N
                                          LONGITUDE:  73 10 W

  TEMPERATURE IN F:       :PCPN:    SNOW:  WIND      :SUNSHINE: SKY     :PK WND
================================================================================
1   2   3   4   5  6A  6B    7    8   9   10  11  12  13   14  15   16   17  18
                                     12Z  AVG MX 2MIN
DY MAX MIN AVG DEP HDD CDD  WTR  SNW DPTH SPD SPD DIR MIN PSBL S-S WX    SPD DR
================================================================================

 1  36  25  31   M  34   0 0.08    M    M  5.6 13 120   M    M   8 1      16 100
 2  34   5  20   M  45   0 0.07    M    M 15.5 30 270   M    M   7 1      39 270
 3  25   0  13   M  52   0 0.00    M    M  5.9 16 230   M    M   3        23 210
 4  36  23  30   M  35   0 0.45    M    M  8.0 20 240   M    M  10 18     32 220
 5  34  11  23   M  42   0    T    M    0 12.1 30 260   M    M   5 1      41 260
 6  29   9  19   M  46   0 0.01    M    M  4.2 12 280   M    M   6 1      15 280
 7  32   5  19   M  46   0 0.49    M    M  9.2 24  90   M    M   8 126    31  80
 8  25  11  18   M  47   0 0.00    M    M  7.5 21 270   M    M   7        29 280
 9  33   2  18   M  47   0    T    M    M  5.2 21 110   M    M   6 18     39 100
10  44  31  38   M  27   0 0.10    M    M  4.7 15 210   M    M  10 12     25 200
11  44  32  38   M  27   0 0.32    M    M  6.5 16 110   M    M   9 1      23  70
12  44  21  33   M  32   0 0.01    M    M 11.9 23 280   M    M   4 1      32 280
13  32  13  23   M  42   0 0.00    M    M  3.0 13 260   M    M   0        17 260
14  47  24  36   M  29   0 0.00  0.0    0  3.7 12 270   M    M   7        16 260
15  51  28  40   M  25   0 0.01    M    0  2.3 12 120   M    M   6 1      15 130
16  44  27  36   M  29   0 0.07    M    M  9.4 30 270   M    M   8 1      39 260
17  37  16  27   M  38   0 0.06    M    M  5.1 17 120   M    M   2 1      26 130
18  36  14  25   M  40   0 0.10    M    M  6.9 22 280   M    M   7 1      30 280
19  45  14  30   M  35   0 0.17    M    M  7.9 18 240   M    M   5 1      26 110
20  68  38  53   M  12   0 0.07    M    M  5.1 14 110   M    M   6 1      18 100
21  76  38  57   M   8   0    T    M    M  6.9 28 280   M    M   4 12     41 280
================================================================================
SM  852  387       738   0  2.01     0.0 146.6          M      128
================================================================================
AV 40.6 18.4                               7.0 FASTST   M    M   6    MAX(MPH)
                                 MISC ---->  # 30 270               # 41  260
================================================================================
NOTES:
# LAST OF SEVERAL OCCURRENCES

COLUMN 17 PEAK WIND IN M.P.H.

PRELIMINARY LOCAL CLIMATOLOGICAL DATA (WS FORM: F-6) , PAGE 2

                                          STATION:  NORTH ADAMS    ASOS
                                          MONTH:    FEBRUARY
                                          YEAR:     2018
                                          LATITUDE:   42 42 N
                                          LONGITUDE:  73 10 W

[TEMPERATURE DATA]      [PRECIPITATION DATA]       SYMBOLS USED IN COLUMN 16

AVERAGE MONTHLY: 29.5   TOTAL FOR MONTH:   2.01    1 = FOG OR MIST
DPTR FM NORMAL:     M   DPTR FM NORMAL:       M    2 = FOG REDUCING VISIBILITY
HIGHEST:    76 ON 21    GRTST 24HR  0.49 ON  7- 7      TO 1/4 MILE OR LESS
LOWEST:      0 ON  3                               3 = THUNDER
                        SNOW, ICE PELLETS, HAIL    4 = ICE PELLETS
                        TOTAL MONTH:   0.0 INCH    5 = HAIL
                        GRTST 24HR     0.0         6 = FREEZING RAIN OR DRIZZLE
                        GRTST DEPTH:   0           7 = DUSTSTORM OR SANDSTORM:
                                                       VSBY 1/2 MILE OR LESS
                                                   8 = SMOKE OR HAZE
[NO. OF DAYS WITH]      [WEATHER - DAYS WITH]      9 = BLOWING SNOW
                                                   X = TORNADO
MAX 32 OR BELOW:   5    0.01 INCH OR MORE:  14
MAX 90 OR ABOVE:   0    0.10 INCH OR MORE:   6
MIN 32 OR BELOW:  19    0.50 INCH OR MORE:   0
MIN  0 OR BELOW:   1    1.00 INCH OR MORE:   0

[HDD (BASE 65) ]
TOTAL THIS MO.   738    CLEAR  (SCALE 0-3)   3
DPTR FM NORMAL     M    PTCLDY (SCALE 4-7)  14
TOTAL FM JUL 1  4323    CLOUDY (SCALE 8-10)  4
DPTR FM NORMAL     M

[CDD (BASE 65) ]
TOTAL THIS MO.     0
DPTR FM NORMAL     M    [PRESSURE DATA]
TOTAL FM JAN 1     0    HIGHEST SLP M ON M
DPTR FM NORMAL     M    LOWEST  SLP 29.57 ON 16

[REMARKS]
