000
CXUS51 KALY 180710
CF6AQW
PRELIMINARY LOCAL CLIMATOLOGICAL DATA (WS FORM: F-6)

                                          STATION:   NORTH ADAMS    ASOS
                                          MONTH:     FEBRUARY
                                          YEAR:      2019
                                          LATITUDE:   42 42 N
                                          LONGITUDE:  73 10 W

  TEMPERATURE IN F:       :PCPN:    SNOW:  WIND      :SUNSHINE: SKY     :PK WND
================================================================================
1   2   3   4   5  6A  6B    7    8   9   10  11  12  13   14  15   16   17  18
                                     12Z  AVG MX 2MIN
DY MAX MIN AVG DEP HDD CDD  WTR  SNW DPTH SPD SPD DIR MIN PSBL S-S WX    SPD DR
================================================================================

 1  16  -5   6   M  59   0 0.00    M    M  8.6 21 250   M    M   0        25 260
 2  32  -8  12   M  53   0 0.00    M    M  4.4 17 260   M    M   5        23 270
 3  44  28  36   M  29   0 0.00    M    M  4.3 12 270   M    M   9 1      14  70
 4  59  33  46   M  19   0 0.00    M    M  4.6 14 110   M    M   5        18 130
 5  53  32  43   M  22   0 0.01    M    M  8.2 26 260   M    M   7 1      36 260
 6  41  24  33   M  32   0 0.50    M    M  8.8 20  90   M    M   4 1      27 110
 7  43  35  39   M  26   0 0.05    M    M  9.1 17 110   M    M  10        25  70
 8  47  23  35   M  30   0 0.31    M    M 13.3 37 270   M    M   8 1      55 260
 9  29  18  24   M  41   0    T    M    M 15.3 35 270   M    M   5        57 260
10  29  19  24   M  41   0 0.00    M    M 11.8 26 240   M    M   3        37 240
11  32  17  25   M  40   0 0.00    M    M  5.8 10 250   M    M   5        17 260
12  27  13  20   M  45   0 0.19    M    0 13.2 30 110   M    M   6 129    40 110
13  36  27  32   M  33   0 0.13    M    M 11.8 29 120   M    M  10 168    38 100
14  33  19  26   M  39   0    T    M    0 10.6 21 270   M    M   7        32 270
15  52  25  39   M  26   0 0.06    M    M 10.6 26 100   M    M   6 1      40 110
16  32  21  27   M  38   0    T    M    M 12.3 23 270   M    M   6        31 250
17  32  13  23   M  42   0 0.00  0.0    0  5.1 12 270   M    M   2 1      14 260
================================================================================
SM  637  334       615   0  1.25     0.0 157.8          M       98
================================================================================
AV 37.5 19.7                               9.3 FASTST   M    M   6    MAX(MPH)
                                 MISC ---->  # 37 270               # 57  260
================================================================================
NOTES:
# LAST OF SEVERAL OCCURRENCES

COLUMN 17 PEAK WIND IN M.P.H.

PRELIMINARY LOCAL CLIMATOLOGICAL DATA (WS FORM: F-6) , PAGE 2

                                          STATION:  NORTH ADAMS    ASOS
                                          MONTH:    FEBRUARY
                                          YEAR:     2019
                                          LATITUDE:   42 42 N
                                          LONGITUDE:  73 10 W

[TEMPERATURE DATA]      [PRECIPITATION DATA]       SYMBOLS USED IN COLUMN 16

AVERAGE MONTHLY: 28.6   TOTAL FOR MONTH:   1.25    1 = FOG OR MIST
DPTR FM NORMAL:     M   DPTR FM NORMAL:       M    2 = FOG REDUCING VISIBILITY
HIGHEST:    59 ON  4    GRTST 24HR  0.50 ON  6- 6      TO 1/4 MILE OR LESS
LOWEST:     -8 ON  2                               3 = THUNDER
                        SNOW, ICE PELLETS, HAIL    4 = ICE PELLETS
                        TOTAL MONTH:   0.0 INCH    5 = HAIL
                        GRTST 24HR     0.0         6 = FREEZING RAIN OR DRIZZLE
                        GRTST DEPTH:   0           7 = DUSTSTORM OR SANDSTORM:
                                                       VSBY 1/2 MILE OR LESS
                                                   8 = SMOKE OR HAZE
[NO. OF DAYS WITH]      [WEATHER - DAYS WITH]      9 = BLOWING SNOW
                                                   X = TORNADO
MAX 32 OR BELOW:   8    0.01 INCH OR MORE:   7
MAX 90 OR ABOVE:   0    0.10 INCH OR MORE:   4
MIN 32 OR BELOW:  15    0.50 INCH OR MORE:   1
MIN  0 OR BELOW:   2    1.00 INCH OR MORE:   0

[HDD (BASE 65) ]
TOTAL THIS MO.   615    CLEAR  (SCALE 0-3)   3
DPTR FM NORMAL     M    PTCLDY (SCALE 4-7)  11
TOTAL FM JUL 1  4459    CLOUDY (SCALE 8-10)  3
DPTR FM NORMAL     M

[CDD (BASE 65) ]
TOTAL THIS MO.     0
DPTR FM NORMAL     M    [PRESSURE DATA]
TOTAL FM JAN 1     0    HIGHEST SLP M ON M
DPTR FM NORMAL     M    LOWEST  SLP 29.53 ON 15

[REMARKS]
