000
CXUS54 KLZK 011657
CF6ARG
PRELIMINARY LOCAL CLIMATOLOGICAL DATA (WS FORM: F-6)

                                          STATION:   Walnut Ridge Airport
                                          MONTH:     JANUARY
                                          YEAR:      2020
                                          LATITUDE:   36  7 N
                                          LONGITUDE:  90 55 W

  TEMPERATURE IN F:       :PCPN:    SNOW:  WIND      :SUNSHINE: SKY     :PK WND
================================================================================
1   2   3   4   5  6A  6B    7    8   9   10  11  12  13   14  15   16   17  18
                                     12Z  AVG MX 2MIN
DY MAX MIN AVG DEP HDD CDD  WTR  SNW DPTH SPD SPD DIR MIN PSBL S-S WX    SPD DR
================================================================================

 1  51  29  40   M  25   0 0.00  0.0    0 10.0 17 200   M    M   2        23 200
 2  50  45  48   M  17   0 0.55  0.0    0  9.1 18 190   M    M  10 1      24 190
 3  54  39  47   M  18   0 0.55  0.0    0  6.6 20 320   M    M   8 12      M  M
 4  48  33  41   M  24   0 0.00  0.0    0 10.3 21 330   M    M   2        28 330
 5  59  31  45   M  20   0 0.00  0.0    0  9.2 18 200   M    M   0         M  M
 6  50  31  41   M  24   0 0.00  0.0    0  6.9 12  50   M    M   1 8       M  M
 7  56  38  47   M  18   0 0.00  0.0    0  9.3 21 320   M    M   0        18 290
 8  58  30  44   M  21   0 0.00  0.0    0  7.1 12 170   M    M   0         M  M
 9  58  41  50   M  15   0    T  0.0    0 15.0 23 180   M    M   6 3      32 170
10  65  57  61   M   4   0 0.30  0.0    0 19.7 30 150   M    M  10 13     39 150
11  66  32  49   M  16   0 2.81  0.0    0 14.1 18 340   M    M   9 13     33 330
12  40  30  35   M  30   0 0.00  0.0    0  5.7 10 300   M    M  10         M  M
13  45  37  41   M  24   0 0.00  0.0    0  4.9 10 220   M    M   8         M  M
14  54  42  48   M  17   0    T  0.0    0  3.1  8 100   M    M   8 128     M  M
15  60  48  54   M  11   0 0.01  0.0    0  5.1 12  10   M    M  10 12      M  M
16  51  34  43   M  22   0 0.00  0.0    0 14.2 23  30   M    M   1 8      28  20
17  42  31  37   M  28   0 0.24    T    0 11.8 21  50   M    M   9 1      25  50
18  60  34  47   M  18   0 0.42  0.0    0 15.5 25 330   M    M   4 1      38 320
19  42  25  34   M  31   0 0.00  0.0    0 12.4 18 340   M    M   0        25 320
20  28  19  24   M  41   0    T    T    0  9.9 14 350   M    M   3 8       M  M
21  32  24  28   M  37   0 0.00  0.0    0  7.0 14  70   M    M   5 8       M  M
22  36  26  31   M  34   0 0.06    T    0  6.0 13 160   M    M   4 1       M  M
23  40  34  37   M  28   0 0.57    T    0  5.1  8 160   M    M  10 12      M  M
24  42  36  39   M  26   0 0.03  0.0    0 12.0 18 270   M    M  10 12     25 280
25  48  33  41   M  24   0 0.00  0.0    0  8.2 13 190   M    M   5         M  M
26  58  40  49   M  16   0 0.13  0.0    0  8.7 15 190   M    M   8 12      M  M
27  56  35  46   M  19   0 0.00  0.0    0  5.9 12  60   M    M   1 12      M  M
28  40  34  37   M  28   0 0.04    T    0 12.2 16  60   M    M   9 1       M  M
29  38  35  37   M  28   0 0.16    T    0 12.1 15  30   M    M  10 1       M  M
30  40  35  38   M  27   0    T  0.0    0  6.8 10  40   M    M  10 1       M  M
31  48  39  44   M  21   0 0.05  0.0    0  4.1  7 130   M    M  10 1       M  M
================================================================================
SM 1515 1077       712   0  5.92    T    288.0          M      183
================================================================================
AV 48.9 34.7                               9.3 FASTST   M    M   6    MAX(MPH)
                                 MISC ---->  # 30 150               # 39  150
================================================================================
NOTES:
# LAST OF SEVERAL OCCURRENCES

COLUMN 17 PEAK WIND IN M.P.H.

PRELIMINARY LOCAL CLIMATOLOGICAL DATA (WS FORM: F-6) , PAGE 2

                                          STATION:  Walnut Ridge Airport
                                          MONTH:    JANUARY
                                          YEAR:     2020
                                          LATITUDE:   36  7 N
                                          LONGITUDE:  90 55 W

[TEMPERATURE DATA]      [PRECIPITATION DATA]       SYMBOLS USED IN COLUMN 16

AVERAGE MONTHLY: 41.8   TOTAL FOR MONTH:   5.92    1 = FOG OR MIST
DPTR FM NORMAL:     M   DPTR FM NORMAL:       M    2 = FOG REDUCING VISIBILITY
HIGHEST:    66 ON 11    GRTST 24HR  2.81 ON 11-11      TO 1/4 MILE OR LESS
LOWEST:     19 ON 20                               3 = THUNDER
                        SNOW, ICE PELLETS, HAIL    4 = ICE PELLETS
                        TOTAL MONTH:    T          5 = HAIL
                        GRTST 24HR    T  ON 29-29  6 = FREEZING RAIN OR DRIZZLE
                        GRTST DEPTH:   0           7 = DUSTSTORM OR SANDSTORM:
                                                       VSBY 1/2 MILE OR LESS
                                                   8 = SMOKE OR HAZE
[NO. OF DAYS WITH]      [WEATHER - DAYS WITH]      9 = BLOWING SNOW
                                                   X = TORNADO
MAX 32 OR BELOW:   2    0.01 INCH OR MORE:  14
MAX 90 OR ABOVE:   0    0.10 INCH OR MORE:   9
MIN 32 OR BELOW:  11    0.50 INCH OR MORE:   4
MIN  0 OR BELOW:   0    1.00 INCH OR MORE:   1

[HDD (BASE 65) ]
TOTAL THIS MO.   712    CLEAR  (SCALE 0-3)   9
DPTR FM NORMAL     M    PTCLDY (SCALE 4-7)   8
TOTAL FM JUL 1  1691    CLOUDY (SCALE 8-10) 14
DPTR FM NORMAL     M

[CDD (BASE 65) ]
TOTAL THIS MO.     0
DPTR FM NORMAL     M    [PRESSURE DATA]
TOTAL FM JAN 1     0    HIGHEST SLP 30.72 ON 21
DPTR FM NORMAL     M    LOWEST  SLP 29.59 ON 11

[REMARKS]
#FINAL-01-20#
