000
CXAK56 PAJK 221332
CF6ASI
PRELIMINARY LOCAL CLIMATOLOGICAL DATA (WS FORM: F-6)

                                          STATION:   SITKA
                                          MONTH:     FEBRUARY
                                          YEAR:      2018
                                          LATITUDE:   57  4 N
                                          LONGITUDE: 135 21 W

  TEMPERATURE IN F:       :PCPN:    SNOW:  WIND      :SUNSHINE: SKY     :PK WND
================================================================================
1   2   3   4   5  6A  6B    7    8   9   10  11  12  13   14  15   16   17  18
                                     12Z  AVG MX 2MIN
DY MAX MIN AVG DEP HDD CDD  WTR  SNW DPTH SPD SPD DIR MIN PSBL S-S WX    SPD DR
================================================================================

 1  35  31  33  -4  32   0    T    M    M 11.5 25 110   M    M   8        35 110
 2  35  26  31  -6  34   0    T    M    M  9.5 17 110   M    M   8        21 110
 3  34  24  29  -8  36   0 0.00    M    M  6.7 23  90   M    M   5        29 110
 4  42  28  35  -2  30   0    T    M    M  5.6 14 300   M    M   6        16 290
 5  41  28  35  -2  30   0 0.00    M    M  2.5  9 190   M    M   5        10 180
 6  39  33  36  -1  29   0 0.10    M    M  4.0 13 330   M    M  10 1      18 140
 7  42  31  37   0  28   0    T    M    M  3.3 13 320   M    M   8 12     14 320
 8  39  28  34  -3  31   0 0.00    M    M  4.1 12 110   M    M   4        15 110
 9  37  25  31  -6  34   0 0.00    M    0  3.4  9 340   M    M   0        11 330
10  37  24  31  -6  34   0 0.00  0.0    0  3.1 10 100   M    M   5        13 100
11  40  32  36  -1  29   0    T    M    M  4.3 13 300   M    M  10 1      14 300
12  43  35  39   2  26   0 1.24    M    M  7.2 17 230   M    M  10 1      22 180
13  41  31  36  -1  29   0 0.37    M    0  4.9 24 270   M    M   7 1      29 250
14  40  29  35  -2  30   0    T    M    M  4.4 14 100   M    M   4 1      20 110
15  38  33  36  -1  29   0 0.43    M    M  4.9 13 110   M    M   9 1      17 270
16  36  28  32  -5  33   0 0.00    M    M  3.3 13  40   M    M   7        20 350
17  37  30  34  -3  31   0 0.00    M    0 13.5 26 350   M    M   0        42  40
18  39  25  32  -5  33   0 0.00    M    0  3.5 15 350   M    M   5        18 350
19  39  29  34  -3  31   0 0.03    M    M  4.6 13 340   M    M   6 1      15 330
20  38  28  33  -4  32   0 0.03    M    0  2.3  8 320   M    M   5 1       9  80
21  41  29  35  -2  30   0 0.00    M    M  3.8 12 320   M    M   5        15 310
================================================================================
SM  813  607       651   0  2.20     0.0 110.4          M      127
================================================================================
AV 38.7 28.9                               5.3 FASTST   M    M   6    MAX(MPH)
                                 MISC ---->  # 26 350               # 42   40
================================================================================
NOTES:
# LAST OF SEVERAL OCCURRENCES

COLUMN 17 PEAK WIND IN M.P.H.

PRELIMINARY LOCAL CLIMATOLOGICAL DATA (WS FORM: F-6) , PAGE 2

                                          STATION:  SITKA
                                          MONTH:    FEBRUARY
                                          YEAR:     2018
                                          LATITUDE:   57  4 N
                                          LONGITUDE: 135 21 W

[TEMPERATURE DATA]      [PRECIPITATION DATA]       SYMBOLS USED IN COLUMN 16

AVERAGE MONTHLY: 33.8   TOTAL FOR MONTH:   2.20    1 = FOG OR MIST
DPTR FM NORMAL:  -3.2   DPTR FM NORMAL:   -2.67    2 = FOG REDUCING VISIBILITY
HIGHEST:    43 ON 12    GRTST 24HR  1.24 ON 12-12      TO 1/4 MILE OR LESS
LOWEST:     24 ON 10, 3                            3 = THUNDER
                        SNOW, ICE PELLETS, HAIL    4 = ICE PELLETS
                        TOTAL MONTH:   0.0 INCH    5 = HAIL
                        GRTST 24HR     0.0         6 = FREEZING RAIN OR DRIZZLE
                        GRTST DEPTH:   0           7 = DUSTSTORM OR SANDSTORM:
                                                       VSBY 1/2 MILE OR LESS
                                                   8 = SMOKE OR HAZE
[NO. OF DAYS WITH]      [WEATHER - DAYS WITH]      9 = BLOWING SNOW
                                                   X = TORNADO
MAX 32 OR BELOW:   0    0.01 INCH OR MORE:   6
MAX 90 OR ABOVE:   0    0.10 INCH OR MORE:   4
MIN 32 OR BELOW:  18    0.50 INCH OR MORE:   1
MIN  0 OR BELOW:   0    1.00 INCH OR MORE:   1

[HDD (BASE 65) ]
TOTAL THIS MO.   651    CLEAR  (SCALE 0-3)   2
DPTR FM NORMAL    63    PTCLDY (SCALE 4-7)  12
TOTAL FM JUL 1  4388    CLOUDY (SCALE 8-10)  7
DPTR FM NORMAL  -178

[CDD (BASE 65) ]
TOTAL THIS MO.     0
DPTR FM NORMAL     0    [PRESSURE DATA]
TOTAL FM JAN 1     0    HIGHEST SLP M ON M
DPTR FM NORMAL     0    LOWEST  SLP 29.57 ON  2

[REMARKS]
