000
CXAK56 PAJK 271132
CF6ASI
PRELIMINARY LOCAL CLIMATOLOGICAL DATA (WS FORM: F-6)

                                          STATION:   SITKA
                                          MONTH:     MAY
                                          YEAR:      2018
                                          LATITUDE:   57  4 N
                                          LONGITUDE: 135 21 W

  TEMPERATURE IN F:       :PCPN:    SNOW:  WIND      :SUNSHINE: SKY     :PK WND
================================================================================
1   2   3   4   5  6A  6B    7    8   9   10  11  12  13   14  15   16   17  18
                                     12Z  AVG MX 2MIN
DY MAX MIN AVG DEP HDD CDD  WTR  SNW DPTH SPD SPD DIR MIN PSBL S-S WX    SPD DR
================================================================================

 1  44  42  43  -2  22   0 0.88    M    M  8.6 17 190   M    M  10 1      22 200
 2  47  36  42  -3  23   0 0.14    M    M  6.9 14 290   M    M   7 1      15 290
 3  45  36  41  -5  24   0 0.03    M    M  4.0 10 130   M    M   7 18     14 120
 4  48  42  45  -1  20   0 0.10    M    M  6.8 17 200   M    M  10 1      21 190
 5  50  44  47   1  18   0 0.31    M    M 11.3 22 190   M    M  10 1      30 200
 6  56  41  49   3  16   0    T    M    M  4.1 10 230   M    M   7 1      12 220
 7  53  43  48   2  17   0    T    M    M  4.2 12 300   M    M   4 12     12 230
 8  51  43  47   1  18   0 0.00    M    M  4.6 10 290   M    M   8 1      13 350
 9  56  43  50   4  15   0 0.20    M    M  3.0 17 200   M    M   9 1      23 210
10  52  43  48   1  17   0    T    M    M  7.2 21 190   M    M   6 12     28 190
11  48  44  46  -1  19   0 0.76    M    M  8.9 17 180   M    M  10 1      24 180
12  49  44  47   0  18   0 0.16    M    M  8.8 16 220   M    M  10 18     21 190
13  54  43  49   2  16   0 0.16    M    M 11.7 26 190   M    M   9 1      36 190
14  45  39  42  -5  23   0 0.27    M    M  7.9 20 170   M    M   9 1      28 170
15  50  38  44  -4  21   0 0.03    M    M  9.8 18 330   M    M   7        22 310
16  51  38  45  -3  20   0 0.00    M    M 12.3 21 310   M    M   4        23 310
17  57  38  48   0  17   0 0.00    M    M  3.6 10 230   M    M   3 1      12 320
18  52  45  49   1  16   0 0.00    M    M  8.1 20 230   M    M   6        22 230
19  50  45  48   0  17   0 0.00    M    M  5.7 12 230   M    M   8        14 240
20  52  46  49   1  16   0 0.37    M    M  6.5 17 200   M    M  10 1      21 200
21  53  47  50   1  15   0 0.63    M    M 10.6 30 180   M    M  10 1      40 190
22  52  44  48  -1  17   0 0.16    M    M  8.3 23 200   M    M   8 1      32 190
23  55  42  49   0  16   0    T    M    M  5.9 13 230   M    M   6        16 220
24  52  45  49   0  16   0 0.17    M    M  6.5 22 190   M    M  10 1      29 200
25  50  45  48  -1  17   0 0.11    M    M  3.8 21 200   M    M   9 1      27 190
26  52  44  48  -2  17   0 0.31    M    M 12.7 29 160   M    M  10 1      37 160
================================================================================
SM 1324 1100       471   0  4.79    M    191.8          M      207
================================================================================
AV 50.9 42.3                               7.4 FASTST   M    M   8    MAX(MPH)
                                 MISC ---->  # 30 180               # 40  190
================================================================================
NOTES:
# LAST OF SEVERAL OCCURRENCES

COLUMN 17 PEAK WIND IN M.P.H.

PRELIMINARY LOCAL CLIMATOLOGICAL DATA (WS FORM: F-6) , PAGE 2

                                          STATION:  SITKA
                                          MONTH:    MAY
                                          YEAR:     2018
                                          LATITUDE:   57  4 N
                                          LONGITUDE: 135 21 W

[TEMPERATURE DATA]      [PRECIPITATION DATA]       SYMBOLS USED IN COLUMN 16

AVERAGE MONTHLY: 46.6   TOTAL FOR MONTH:   4.79    1 = FOG OR MIST
DPTR FM NORMAL:  -0.7   DPTR FM NORMAL:    1.18    2 = FOG REDUCING VISIBILITY
HIGHEST:    57 ON 17    GRTST 24HR  0.88 ON  1- 1      TO 1/4 MILE OR LESS
LOWEST:     36 ON  3, 2                            3 = THUNDER
                        SNOW, ICE PELLETS, HAIL    4 = ICE PELLETS
                        TOTAL MONTH:    M          5 = HAIL
                        GRTST 24HR    M  ON   M    6 = FREEZING RAIN OR DRIZZLE
                        GRTST DEPTH:  M  ON   M    7 = DUSTSTORM OR SANDSTORM:
                                                       VSBY 1/2 MILE OR LESS
                                                   8 = SMOKE OR HAZE
[NO. OF DAYS WITH]      [WEATHER - DAYS WITH]      9 = BLOWING SNOW
                                                   X = TORNADO
MAX 32 OR BELOW:   0    0.01 INCH OR MORE:  17
MAX 90 OR ABOVE:   0    0.10 INCH OR MORE:  15
MIN 32 OR BELOW:   0    0.50 INCH OR MORE:   3
MIN  0 OR BELOW:   0    1.00 INCH OR MORE:   0

[HDD (BASE 65) ]
TOTAL THIS MO.   471    CLEAR  (SCALE 0-3)   1
DPTR FM NORMAL    10    PTCLDY (SCALE 4-7)  12
TOTAL FM JUL 1  6542    CLOUDY (SCALE 8-10) 13
DPTR FM NORMAL  -201

[CDD (BASE 65) ]
TOTAL THIS MO.     0
DPTR FM NORMAL     0    [PRESSURE DATA]
TOTAL FM JAN 1     0    HIGHEST SLP M ON M
DPTR FM NORMAL     0    LOWEST  SLP 29.55 ON 26

[REMARKS]
