037
CXAK56 PAJK 221235
CF6ASI
PRELIMINARY LOCAL CLIMATOLOGICAL DATA (WS FORM: F-6)

                                          STATION:   SITKA
                                          MONTH:     OCTOBER
                                          YEAR:      2019
                                          LATITUDE:   57  4 N
                                          LONGITUDE: 135 21 W

  TEMPERATURE IN F:       :PCPN:    SNOW:  WIND      :SUNSHINE: SKY     :PK WND
================================================================================
1   2   3   4   5  6A  6B    7    8   9   10  11  12  13   14  15   16   17  18
                                     12Z  AVG MX 2MIN
DY MAX MIN AVG DEP HDD CDD  WTR  SNW DPTH SPD SPD DIR MIN PSBL S-S WX    SPD DR
================================================================================

 1  56  49  53   3  12   0 0.67    M    M 11.4 25 110   M    M  10 1      34 110
 2  57  44  51   1  14   0 0.13    M    M  5.9 18 200   M    M   6 18     23 180
 3  57  43  50   1  15   0 0.00    M    M  3.5 10 320   M    M   1        12 230
 4  55  41  48  -1  17   0 0.02    M    M  4.8 14 210   M    M   6 1      19 200
 5  54  50  52   3  13   0 0.73    M    M 10.4 23 200   M    M  10 18     34 190
 6  53  40  47  -2  18   0 1.22    M    M 14.3 30 230   M    M   9 14     39 200
 7  49  35  42  -6  23   0 0.02    M    M  8.9 25 330   M    M   1        36 340
 8  48  31  40  -8  25   0    T    M    M  4.1 17 340   M    M   3 1      20 350
 9  51  43  47  -1  18   0 0.18    M    M  5.8 10  90   M    M  10 1      14  90
10  52  45  49   1  16   0 0.04    M    M 14.1 29 130   M    M   9        37 130
11  51  43  47   0  18   0 0.57    M    M 13.4 37 110   M    M  10 1      45 100
12  47  36  42  -5  23   0 0.44    M    M  7.3 21 220   M    M   9 1      27 220
13  48  34  41  -6  24   0 0.00    M    M  3.8 18 120   M    M   2        23 110
14  49  43  46  -1  19   0 0.65    M    M 16.7 29 100   M    M   9        39 100
15  56  48  52   6  13   0 0.19    M    M 11.3 23 110   M    M   8 1      31 100
16  54  46  50   4  15   0 0.08    M    M  8.9 26 190   M    M   8        38 200
17  52  45  49   3  16   0 0.23    M    M  8.2 16 110   M    M   9 1      21 100
18  49  43  46   0  19   0 0.45    M    M  7.6 17 120   M    M   8 18     24 140
19  49  42  46   1  19   0 0.10    M    M  6.5 14 120   M    M   9 1      18 110
20  51  38  45   0  20   0    T    M    M  4.4  9  80   M    M   2        10 310
21  48  37  43  -2  22   0 0.00    M    M  4.8 15 320   M    M   5        18 320
================================================================================
SM 1086  876       379   0  5.72    M    176.1          M      144
================================================================================
AV 51.7 41.7                               8.4 FASTST   M    M   7    MAX(MPH)
                                 MISC ---->  # 37 110               # 45  100
================================================================================
NOTES:
# LAST OF SEVERAL OCCURRENCES

COLUMN 17 PEAK WIND IN M.P.H.

PRELIMINARY LOCAL CLIMATOLOGICAL DATA (WS FORM: F-6) , PAGE 2

                                          STATION:  SITKA
                                          MONTH:    OCTOBER
                                          YEAR:     2019
                                          LATITUDE:   57  4 N
                                          LONGITUDE: 135 21 W

[TEMPERATURE DATA]      [PRECIPITATION DATA]       SYMBOLS USED IN COLUMN 16

AVERAGE MONTHLY: 46.7   TOTAL FOR MONTH:   5.72    1 = FOG OR MIST
DPTR FM NORMAL:  -0.6   DPTR FM NORMAL:   -3.40    2 = FOG REDUCING VISIBILITY
HIGHEST:    57 ON  3, 2 GRTST 24HR  1.22 ON  6- 6      TO 1/4 MILE OR LESS
LOWEST:     31 ON  8                               3 = THUNDER
                        SNOW, ICE PELLETS, HAIL    4 = ICE PELLETS
                        TOTAL MONTH:    M          5 = HAIL
                        GRTST 24HR    M  ON   M    6 = FREEZING RAIN OR DRIZZLE
                        GRTST DEPTH:  M  ON   M    7 = DUSTSTORM OR SANDSTORM:
                                                       VSBY 1/2 MILE OR LESS
                                                   8 = SMOKE OR HAZE
[NO. OF DAYS WITH]      [WEATHER - DAYS WITH]      9 = BLOWING SNOW
                                                   X = TORNADO
MAX 32 OR BELOW:   0    0.01 INCH OR MORE:  16
MAX 90 OR ABOVE:   0    0.10 INCH OR MORE:  12
MIN 32 OR BELOW:   1    0.50 INCH OR MORE:   5
MIN  0 OR BELOW:   0    1.00 INCH OR MORE:   1

[HDD (BASE 65) ]
TOTAL THIS MO.   379    CLEAR  (SCALE 0-3)   4
DPTR FM NORMAL     9    PTCLDY (SCALE 4-7)   5
TOTAL FM JUL 1   999    CLOUDY (SCALE 8-10) 12
DPTR FM NORMAL  -247

[CDD (BASE 65) ]
TOTAL THIS MO.     0
DPTR FM NORMAL     0    [PRESSURE DATA]
TOTAL FM JAN 1     0    HIGHEST SLP M ON M
DPTR FM NORMAL    -1    LOWEST  SLP 28.91 ON 17

[REMARKS]
