000
CXUS53 KARX 220930
CF6AUM
PRELIMINARY LOCAL CLIMATOLOGICAL DATA (WS FORM: F-6)

                                          STATION:   AUSTIN MUNI MN
                                          MONTH:     JUNE
                                          YEAR:      2018
                                          LATITUDE:   43 40 N
                                          LONGITUDE:  92 56 W

  TEMPERATURE IN F:       :PCPN:    SNOW:  WIND      :SUNSHINE: SKY     :PK WND
================================================================================
1   2   3   4   5  6A  6B    7    8   9   10  11  12  13   14  15   16   17  18
                                     12Z  AVG MX 2MIN
DY MAX MIN AVG DEP HDD CDD  WTR  SNW DPTH SPD SPD DIR MIN PSBL S-S WX    SPD DR
================================================================================

 1  88  63  76   M   0  11 0.00  0.0    0  7.3 18  90   M    M   1        23 100
 2  73  59  66   M   0   1 0.01  0.0    0 10.7 18 130   M    M   4        25 110
 3  70  54  62   M   3   0 0.00  0.0    0 13.8 23 290   M    M   3        35 310
 4  84  48  66   M   0   1 0.00  0.0    0  8.3 16 240   M    M   1        23 250
 5  88  63  76   M   0  11 0.00  0.0    0  8.1 16  80   M    M   0        16 100
 6  88  59  74   M   0   9 0.02  0.0    0  7.0 15  20   M    M   1 3      21 340
 7  82  64  73   M   0   8 0.04  0.0    0  6.2 12 130   M    M   2 3       M  M
 8  73  61  67   M   0   2    M  0.0    0 10.0 17 130   M    M   7 3      22 140
 9  75  63  69   M   0   4    M  0.0    0  8.8 17 130   M    M   7 13     25 130
10  72  63  68   M   0   3 0.03  0.0    0  9.8 15 110   M    M  10        25 110
11  73  63  68   M   0   3 0.01  0.0    0 11.6 21 120   M    M   9 1      28 130
12  75  63  69   M   0   4 0.00  0.0    0  3.0 13 310   M    M   9 1      17 310
13  75  55  65   M   0   0 0.00  0.0    0  4.5  9 310   M    M   1        17 310
14  75  61  68   M   0   3    M  0.0    0  8.0 16 140   M    M   3 3      21 140
15  91  64  78   M   0  13 0.00  0.0    0 11.7 18 200   M    M   0 3      29 200
16  90  72  81   M   0  16    M  0.0    0  8.9 18 170   M    M   1 3      28 170
17  91  73  82   M   0  17 0.03  0.0    0 11.7 23 220   M    M   3 3      33 220
18  81  72  77   M   0  12 0.07  0.0    0  4.6 10  40   M    M   8 3       M  M
19  72  64  68   M   0   3 0.03  0.0    0  7.9 12  90   M    M  10 13      M  M
20  66  63  65   M   0   0 0.06  0.0    0  9.5 15  90   M    M  10 13     22  80
21  66  57  62   M   3   0    M  0.0    0 11.8 17  80   M    M  10        28  80
================================================================================
SM 1648 1304         6 121  0.30     0.0 183.2          M      100
================================================================================
AV 78.5 62.1                               8.7 FASTST   M    M   5    MAX(MPH)
                                 MISC ---->  # 23 290               # 35  310
================================================================================
NOTES:
# LAST OF SEVERAL OCCURRENCES

COLUMN 17 PEAK WIND IN M.P.H.

PRELIMINARY LOCAL CLIMATOLOGICAL DATA (WS FORM: F-6) , PAGE 2

                                          STATION:  AUSTIN MUNI MN
                                          MONTH:    JUNE
                                          YEAR:     2018
                                          LATITUDE:   43 40 N
                                          LONGITUDE:  92 56 W

[TEMPERATURE DATA]      [PRECIPITATION DATA]       SYMBOLS USED IN COLUMN 16

AVERAGE MONTHLY: 70.3   TOTAL FOR MONTH:   0.30    1 = FOG OR MIST
DPTR FM NORMAL:     M   DPTR FM NORMAL:       M    2 = FOG REDUCING VISIBILITY
HIGHEST:    91 ON 17,15 GRTST 24HR  0.07 ON 18-18      TO 1/4 MILE OR LESS
LOWEST:     48 ON  4                               3 = THUNDER
                        SNOW, ICE PELLETS, HAIL    4 = ICE PELLETS
                        TOTAL MONTH:   0.0 INCH    5 = HAIL
                        GRTST 24HR     0.0         6 = FREEZING RAIN OR DRIZZLE
                        GRTST DEPTH:   0           7 = DUSTSTORM OR SANDSTORM:
                                                       VSBY 1/2 MILE OR LESS
                                                   8 = SMOKE OR HAZE
[NO. OF DAYS WITH]      [WEATHER - DAYS WITH]      9 = BLOWING SNOW
                                                   X = TORNADO
MAX 32 OR BELOW:   0    0.01 INCH OR MORE:   9
MAX 90 OR ABOVE:   3    0.10 INCH OR MORE:   0
MIN 32 OR BELOW:   0    0.50 INCH OR MORE:   0
MIN  0 OR BELOW:   0    1.00 INCH OR MORE:   0

[HDD (BASE 65) ]
TOTAL THIS MO.     6    CLEAR  (SCALE 0-3)  10
DPTR FM NORMAL     M    PTCLDY (SCALE 4-7)   5
TOTAL FM JUL 1  7926    CLOUDY (SCALE 8-10)  6
DPTR FM NORMAL     M

[CDD (BASE 65) ]
TOTAL THIS MO.   121
DPTR FM NORMAL     M    [PRESSURE DATA]
TOTAL FM JAN 1   231    HIGHEST SLP M ON M
DPTR FM NORMAL     M    LOWEST  SLP M ON M

[REMARKS]
