000
CXUS56 KLOX 241655
CF6AVX
PRELIMINARY LOCAL CLIMATOLOGICAL DATA (WS FORM: F-6)

                                          STATION:   AVALON
                                          MONTH:     MAY
                                          YEAR:      2020
                                          LATITUDE:   33 24 N
                                          LONGITUDE: 118 25 W

  TEMPERATURE IN F:       :PCPN:    SNOW:  WIND      :SUNSHINE: SKY     :PK WND
================================================================================
1   2   3   4   5  6A  6B    7    8   9   10  11  12  13   14  15   16   17  18
                                     12Z  AVG MX 2MIN
DY MAX MIN AVG DEP HDD CDD  WTR  SNW DPTH SPD SPD DIR MIN PSBL S-S WX    SPD DR
================================================================================

 1  72  60  66   M   0   1 0.00  0.0    0  7.3 13 310   M    M   0        19 330
 2  73  55  64   M   1   0 0.00  0.0    0  6.2 16 260   M    M   0        19 270
 3  69  56  63   M   2   0 0.00  0.0    0  6.1 13 260   M    M   0        17 270
 4  76  60  68   M   0   3 0.00  0.0    0  6.8 13 300   M    M   0         M  M
 5  84  71  78   M   0  13 0.00  0.0    M  6.7 13 260   M    M   0        15 260
 6  86  72  79   M   0  14 0.00  0.0    0  6.8 15  10   M    M   0        20 360
 7  85  71  78   M   0  13 0.00  0.0    0  3.2  9 250   M    M   0        11 260
 8  79  65  72   M   0   7 0.00  0.0    0  4.0  9 250   M    M   0        12 130
 9  68  55  62   M   3   0 0.00  0.0    0  5.4 12 230   M    M   4 128    15 280
10  67  52  60   M   5   0 0.00  0.0    0  6.5 13 260   M    M   9 128    15 230
11  65  52  59   M   6   0 0.00  0.0    0  8.2 17 250   M    M   7 18     21 260
12  60  53  57   M   8   0 0.39  0.0    0  8.0 17 260   M    M   9 128    22 270
13  63  51  57   M   8   0 0.00  0.0    0  8.0 20 260   M    M   5 18     23 260
14  66  54  60   M   5   0 0.00  0.0    0  8.6 17 290   M    M   3 128    24 260
15  69  58  64   M   1   0 0.00  0.0    0  5.9 13 270   M    M   0        16 270
16  74  59  67   M   0   2 0.00  0.0    0  5.4 12 240   M    M   0        14 250
17  71  56  64   M   1   0 0.00  0.0    0  7.7 16 270   M    M   3 128    19 250
18  63  53  58   M   7   0 0.19  0.0    0 12.9 23 270   M    M   8 12     27 270
19  61  51  56   M   9   0 0.00  0.0    0 14.3 25 270   M    M   4 18     32 280
20  65  53  59   M   6   0 0.00  0.0    0  7.1 18 260   M    M   0        21 260
21  73  57  65   M   0   0 0.00  0.0    0  6.3 15 260   M    M   0        19 240
22  69  53  61   M   4   0 0.00  0.0    0  5.8 14 240   M    M   1 128    17 250
23  65  53  59   M   6   0 0.00  0.0    0  6.2 13 250   M    M   7 18     18 100
================================================================================
SM 1623 1320        72  53  0.58     0.0 163.4          M       60
================================================================================
AV 70.6 57.4                               7.1 FASTST   M    M   3    MAX(MPH)
                                 MISC ---->  # 25 270               # 32  280
================================================================================
NOTES:
# LAST OF SEVERAL OCCURRENCES

COLUMN 17 PEAK WIND IN M.P.H.

PRELIMINARY LOCAL CLIMATOLOGICAL DATA (WS FORM: F-6) , PAGE 2

                                          STATION:  AVALON
                                          MONTH:    MAY
                                          YEAR:     2020
                                          LATITUDE:   33 24 N
                                          LONGITUDE: 118 25 W

[TEMPERATURE DATA]      [PRECIPITATION DATA]       SYMBOLS USED IN COLUMN 16

AVERAGE MONTHLY: 64.0   TOTAL FOR MONTH:   0.58    1 = FOG OR MIST
DPTR FM NORMAL:     M   DPTR FM NORMAL:       M    2 = FOG REDUCING VISIBILITY
HIGHEST:    86 ON  6    GRTST 24HR  0.39 ON 12-12      TO 1/4 MILE OR LESS
LOWEST:     51 ON 19,13                            3 = THUNDER
                        SNOW, ICE PELLETS, HAIL    4 = ICE PELLETS
                        TOTAL MONTH:   0.0 INCH    5 = HAIL
                        GRTST 24HR     0.0         6 = FREEZING RAIN OR DRIZZLE
                        GRTST DEPTH:   0           7 = DUSTSTORM OR SANDSTORM:
                                                       VSBY 1/2 MILE OR LESS
                                                   8 = SMOKE OR HAZE
[NO. OF DAYS WITH]      [WEATHER - DAYS WITH]      9 = BLOWING SNOW
                                                   X = TORNADO
MAX 32 OR BELOW:   0    0.01 INCH OR MORE:   2
MAX 90 OR ABOVE:   0    0.10 INCH OR MORE:   2
MIN 32 OR BELOW:   0    0.50 INCH OR MORE:   0
MIN  0 OR BELOW:   0    1.00 INCH OR MORE:   0

[HDD (BASE 65) ]
TOTAL THIS MO.    72    CLEAR  (SCALE 0-3)  15
DPTR FM NORMAL     M    PTCLDY (SCALE 4-7)   5
TOTAL FM JUL 1  1664    CLOUDY (SCALE 8-10)  3
DPTR FM NORMAL     M

[CDD (BASE 65) ]
TOTAL THIS MO.    53
DPTR FM NORMAL     M    [PRESSURE DATA]
TOTAL FM JAN 1   136    HIGHEST SLP M ON M
DPTR FM NORMAL     M    LOWEST  SLP 29.77 ON M

[REMARKS]
