000
CXUS55 KLOX 231655
CF6AVX
PRELIMINARY LOCAL CLIMATOLOGICAL DATA (WS FORM: F-6)

                                          STATION:   AVALON
                                          MONTH:     FEBRUARY
                                          YEAR:      2018
                                          LATITUDE:   33 24 N
                                          LONGITUDE: 118 25 W

  TEMPERATURE IN F:       :PCPN:    SNOW:  WIND      :SUNSHINE: SKY     :PK WND
================================================================================
1   2   3   4   5  6A  6B    7    8   9   10  11  12  13   14  15   16   17  18
                                     12Z  AVG MX 2MIN
DY MAX MIN AVG DEP HDD CDD  WTR  SNW DPTH SPD SPD DIR MIN PSBL S-S WX    SPD DR
================================================================================

 1  76  64  70   M   0   5 0.00  0.0    0  3.2  7 310   M    M   0         9 310
 2  78  65  72   M   0   7 0.00  0.0    0  5.5 10 240   M    M   0        11 240
 3  75  64  70   M   0   5 0.00  0.0    0  7.2 14 320   M    M   0        16 290
 4  81  66  74   M   0   9 0.00  0.0    0  5.6 12 320   M    M   0        14 320
 5  76  54  65   M   0   0 0.00  0.0    0  4.6 13 330   M    M   0 28     15 320
 6  69  49  59   M   6   0 0.00  0.0    0  5.4 12 110   M    M   2 128    14  90
 7  77  60  69   M   0   4 0.00  0.0    0  6.2 12  90   M    M   0        13 120
 8  79  66  73   M   0   8 0.00  0.0    0  6.4 15 320   M    M   0        18 290
 9  76  51  64   M   1   0 0.00  0.0    0  3.7 12 320   M    M   0 28     15 330
10  61  50  56   M   9   0 0.00  0.0    0  6.6 14 130   M    M   7 12     17 140
11  63  50  57   M   8   0 0.00  0.0    0  7.2 16 270   M    M   4 12     19 250
12  54  46  50   M  15   0 0.04    M    0 14.2 24 280   M    M   7 1      30 270
13  56  45  51   M  14   0 0.07    M    0  7.0 15 120   M    M   5 1      19 120
14  61  50  56   M   9   0 0.00  0.0    0  4.7  9 360   M    M   7        12  90
15  63  52  58   M   7   0 0.00  0.0    0  7.2 14 100   M    M   0        19 100
16  68  56  62   M   3   0 0.00  0.0    0  8.3 14 290   M    M   0        23  80
17  67  56  62   M   3   0 0.00  0.0    0  6.3 12 250   M    M   0        15 260
18  60  47  54   M  11   0 0.00  0.0    0 11.3 25 270   M    M   3 18     30 280
19  51  44  48   M  17   0 0.00  0.0    0 20.6 35 270   M    M   2        46 260
20  52  42  47   M  18   0 0.00  0.0    0  7.9 17  10   M    M   0        21 330
21  54  44  49   M  16   0 0.00  0.0    0  8.1 18 270   M    M   2        24 270
22  52  44  48   M  17   0 0.00  0.0    0 14.7 25 270   M    M   4        33 270
================================================================================
SM 1449 1165       154  38  0.11     0.0 172.1          M       43
================================================================================
AV 65.9 53.0                               7.8 FASTST   M    M   2    MAX(MPH)
                                 MISC ---->  # 35 270               # 46  260
================================================================================
NOTES:
# LAST OF SEVERAL OCCURRENCES

COLUMN 17 PEAK WIND IN M.P.H.

PRELIMINARY LOCAL CLIMATOLOGICAL DATA (WS FORM: F-6) , PAGE 2

                                          STATION:  AVALON
                                          MONTH:    FEBRUARY
                                          YEAR:     2018
                                          LATITUDE:   33 24 N
                                          LONGITUDE: 118 25 W

[TEMPERATURE DATA]      [PRECIPITATION DATA]       SYMBOLS USED IN COLUMN 16

AVERAGE MONTHLY: 59.4   TOTAL FOR MONTH:   0.11    1 = FOG OR MIST
DPTR FM NORMAL:     M   DPTR FM NORMAL:       M    2 = FOG REDUCING VISIBILITY
HIGHEST:    81 ON  4    GRTST 24HR  0.07 ON 13-13      TO 1/4 MILE OR LESS
LOWEST:     42 ON 20                               3 = THUNDER
                        SNOW, ICE PELLETS, HAIL    4 = ICE PELLETS
                        TOTAL MONTH:   0.0 INCH    5 = HAIL
                        GRTST 24HR     0.0         6 = FREEZING RAIN OR DRIZZLE
                        GRTST DEPTH:   0           7 = DUSTSTORM OR SANDSTORM:
                                                       VSBY 1/2 MILE OR LESS
                                                   8 = SMOKE OR HAZE
[NO. OF DAYS WITH]      [WEATHER - DAYS WITH]      9 = BLOWING SNOW
                                                   X = TORNADO
MAX 32 OR BELOW:   0    0.01 INCH OR MORE:   2
MAX 90 OR ABOVE:   0    0.10 INCH OR MORE:   0
MIN 32 OR BELOW:   0    0.50 INCH OR MORE:   0
MIN  0 OR BELOW:   0    1.00 INCH OR MORE:   0

[HDD (BASE 65) ]
TOTAL THIS MO.   154    CLEAR  (SCALE 0-3)  16
DPTR FM NORMAL     M    PTCLDY (SCALE 4-7)   6
TOTAL FM JUL 1   609    CLOUDY (SCALE 8-10)  0
DPTR FM NORMAL     M

[CDD (BASE 65) ]
TOTAL THIS MO.    38
DPTR FM NORMAL     M    [PRESSURE DATA]
TOTAL FM JAN 1    81    HIGHEST SLP M ON M
DPTR FM NORMAL     M    LOWEST  SLP 29.77 ON M

[REMARKS]
