000
CXUS53 KFGF 180915
CF6BDE
PRELIMINARY LOCAL CLIMATOLOGICAL DATA (WS FORM: F-6)

                                          STATION:   BAUDETTE MN
                                          MONTH:     FEBRUARY
                                          YEAR:      2020
                                          LATITUDE:   48 43 N
                                          LONGITUDE:  94 36 W

  TEMPERATURE IN F:       :PCPN:    SNOW:  WIND      :SUNSHINE: SKY     :PK WND
================================================================================
1   2   3   4   5  6A  6B    7    8   9   10  11  12  13   14  15   16   17  18
                                     12Z  AVG MX 2MIN
DY MAX MIN AVG DEP HDD CDD  WTR  SNW DPTH SPD SPD DIR MIN PSBL S-S WX    SPD DR
================================================================================

 1  33  16  25  18  40   0 0.00  0.0    M  6.9 12 140   M    M   4        18 270
 2  34  15  25  18  40   0    T    M    M  8.7 15 280   M    M   8 1      31 260
 3  26  -4  11   4  54   0 0.00    M    M 12.5 25 310   M    M   2        34 310
 4  12 -11   1  -6  64   0 0.00    M    M  4.8 12 290   M    M   3 18     13 270
 5  27  -2  13   5  52   0 0.00    M    M  8.5 18 240   M    M   3        28 230
 6  23   0  12   4  53   0    T    M    M  5.9 16  30   M    M   8 8      21  20
 7   0 -17  -8 -16  73   0 0.00    M    M  4.5 12 300   M    M   0 8      16  10
 8  14 -17  -1  -9  66   0    T    M    M  3.6 10 170   M    M   8 8      13 170
 9  19   3  11   2  54   0    T    M    M  5.1 10 330   M    M   5 8      15 330
10  25   8  17   8  48   0    T    M    M  9.7 20 300   M    M   7 1      25 290
11  29   5  17   8  48   0    T    M    M  9.6 18 240   M    M   5        29 230
12  24 -22   1  -9  64   0 0.07    M    M 14.3 28 340   M    M   3 18     37 350
13   0 -26 -13 -23  78   0 0.00    M    M  6.1 14 310   M    M   2        17 310
14  22 -19   2  -8  63   0    T    M    M 12.9 26 170   M    M   3 1      41 180
15  24  -7   9  -2  56   0 0.01    M    M 11.9 26 280   M    M   8 18     36 290
16  10 -21  -5 -16  70   0 0.00    M    M  3.5 13 130   M    M   2 18     17 130
17  21  10  16   5  49   0 0.01    M    M  6.1 16 320   M    M  10 18     21 310
================================================================================
SM  343  -89       972   0  0.09  0.0    134.6          M       81
================================================================================
AV 20.2 -5.2                               7.9 FASTST   M    M   5    MAX(MPH)
                                 MISC ---->    28 340                 41 180
================================================================================
NOTES:
# LAST OF SEVERAL OCCURRENCES

COLUMN 17 PEAK WIND IN M.P.H.

PRELIMINARY LOCAL CLIMATOLOGICAL DATA (WS FORM: F-6) , PAGE 2

                                          STATION:   BAUDETTE MN
                                          MONTH:     FEBRUARY
                                          YEAR:      2020
                                          LATITUDE:   48 43 N
                                          LONGITUDE:  94 36 W

[TEMPERATURE DATA]      [PRECIPITATION DATA]       SYMBOLS USED IN COLUMN 16

AVERAGE MONTHLY:  7.5   TOTAL FOR MONTH:   0.09    1 = FOG OR MIST
DPTR FM NORMAL:  -1.4   DPTR FM NORMAL:   -0.15    2 = FOG REDUCING VISIBILITY
HIGHEST:    34 ON  2    GRTST 24HR  0.14 ON  4- 4      TO 1/4 MILE OR LESS
LOWEST:    -26 ON 13                               3 = THUNDER
                        SNOW, ICE PELLETS, HAIL    4 = ICE PELLETS
                        TOTAL MONTH:   0.0 INCH    5 = HAIL
                        GRTST 24HR  0.0            6 = FREEZING RAIN OR DRIZZLE
                        GRTST DEPTH:  M  ON   M    7 = DUSTSTORM OR SANDSTORM:
                                                       VSBY 1/2 MILE OR LESS
                                                   8 = SMOKE OR HAZE
[NO. OF DAYS WITH]      [WEATHER - DAYS WITH]      9 = BLOWING SNOW
                                                   X = TORNADO
MAX 32 OR BELOW:  15    0.01 INCH OR MORE:   3
MAX 90 OR ABOVE:   0    0.10 INCH OR MORE:   0
MIN 32 OR BELOW:  17    0.50 INCH OR MORE:   0
MIN  0 OR BELOW:  11    1.00 INCH OR MORE:   0

[HDD (BASE 65) ]
TOTAL THIS MO.   972    CLEAR  (SCALE 0-3)   6
DPTR FM NORMAL    17    PTCLDY (SCALE 4-7)  10
TOTAL FM JUL 1  6605    CLOUDY (SCALE 8-10)  1
DPTR FM NORMAL  -238

[CDD (BASE 65) ]
TOTAL THIS MO.     0
DPTR FM NORMAL     0    [PRESSURE DATA]
TOTAL FM JAN 1     0    HIGHEST SLP M ON M
DPTR FM NORMAL     0    LOWEST  SLP 29.21 ON  1

[REMARKS]
