000
CXUS55 KBYZ 241057
CF6BHK
PRELIMINARY LOCAL CLIMATOLOGICAL DATA (WS FORM: F-6)

                                          STATION:   BAKER MT
                                          MONTH:     JANUARY
                                          YEAR:      2020
                                          LATITUDE:   46 20 N
                                          LONGITUDE: 104 15 W

  TEMPERATURE IN F:       :PCPN:    SNOW:  WIND      :SUNSHINE: SKY     :PK WND
================================================================================
1   2   3   4   5  6A  6B    7    8   9   10  11  12  13   14  15   16   17  18
                                     12Z  AVG MX 2MIN
DY MAX MIN AVG DEP HDD CDD  WTR  SNW DPTH SPD SPD DIR MIN PSBL S-S WX    SPD DR
================================================================================

 1  39  31  35  18  30   0 0.11    M    M 13.8 25 260   M    M  10 1      31 260
 2  38  26  32  15  33   0    T    M    M 17.5 35 290   M    M  10 1      47 280
 3  36  18  27  10  38   0 0.00    M    M 10.3 24 310   M    M   3        30 310
 4  47  33  40  23  25   0 0.00    M    M 13.6 38 310   M    M   2        51 320
 5  38  22  30  13  35   0    T    M    M 13.7 37 300   M    M   3 1      50 300
 6  37  21  29  12  36   0    T    M    M 15.6 39 310   M    M   5        50 290
 7  33  22  28  11  37   0    T    M    M  9.8 25 140   M    M  10 1      34 130
 8  28  19  24   7  41   0 0.00    M    M 17.5 33 140   M    M   8        42 140
 9  29   7  18   1  47   0    T    M    M 12.7 21 340   M    M   8 1      25 300
10  16  -1   8  -9  57   0 0.00    M    M  9.6 17 140   M    M   4        24 140
11  21   6  14  -3  51   0    T    M    M 12.7 20 140   M    M   8        24 130
12  37  11  24   7  41   0    T    M    M  7.1 16 330   M    M   7 1      19 320
13  17 -10   4 -13  61   0    T    M    M  8.7 20 320   M    M   8 1      23 330
14  -2 -17  -9 -26  74   0    T    M    M  6.1 17  60   M    M   6 1      20  80
15   1 -19  -9 -26  74   0    T    M    M  6.3 14 130   M    M   2 18     16 130
16  14  -7   4 -13  61   0 0.00    M    M 16.4 24 120   M    M   0        29 120
17  20  -5   8  -9  57   0    T    M    M 18.4 37 310   M    M   4 89     44 310
18   4 -11  -3 -21  68   0 0.00    M    M 13.6 26 290   M    M   0        33 280
19  19  -9   5 -13  60   0 0.00    M    M  4.0 10 280   M    M   2        12 290
20  41   2  22   4  43   0 0.00    M    M 10.2 17 130   M    M   0        21 150
21  49  19  34  16  31   0 0.00    M    M  5.8 16 250   M    M   0        19 250
22  38  19  29  11  36   0    T    M    M  8.8 24 290   M    M   7 1      30 290
23  38  16  27   9  38   0 0.00    M    M  6.4 14 290   M    M   6 12     19 290
================================================================================
SM  638  193      1074   0  0.11    M    258.6          M      113
================================================================================
AV 27.7  8.4                              11.2 FASTST   M    M   5    MAX(MPH)
                                 MISC ---->  # 39 310               # 51  320
================================================================================
NOTES:
# LAST OF SEVERAL OCCURRENCES

COLUMN 17 PEAK WIND IN M.P.H.

PRELIMINARY LOCAL CLIMATOLOGICAL DATA (WS FORM: F-6) , PAGE 2

                                          STATION:  BAKER MT
                                          MONTH:    JANUARY
                                          YEAR:     2020
                                          LATITUDE:   46 20 N
                                          LONGITUDE: 104 15 W

[TEMPERATURE DATA]      [PRECIPITATION DATA]       SYMBOLS USED IN COLUMN 16

AVERAGE MONTHLY: 18.1   TOTAL FOR MONTH:   0.11    1 = FOG OR MIST
DPTR FM NORMAL:   0.8   DPTR FM NORMAL:   -0.15    2 = FOG REDUCING VISIBILITY
HIGHEST:    49 ON 21    GRTST 24HR  0.11 ON  1- 1      TO 1/4 MILE OR LESS
LOWEST:    -19 ON 15                               3 = THUNDER
                        SNOW, ICE PELLETS, HAIL    4 = ICE PELLETS
                        TOTAL MONTH:    M          5 = HAIL
                        GRTST 24HR    M  ON   M    6 = FREEZING RAIN OR DRIZZLE
                        GRTST DEPTH:  M  ON   M    7 = DUSTSTORM OR SANDSTORM:
                                                       VSBY 1/2 MILE OR LESS
                                                   8 = SMOKE OR HAZE
[NO. OF DAYS WITH]      [WEATHER - DAYS WITH]      9 = BLOWING SNOW
                                                   X = TORNADO
MAX 32 OR BELOW:  11    0.01 INCH OR MORE:   1
MAX 90 OR ABOVE:   0    0.10 INCH OR MORE:   1
MIN 32 OR BELOW:  22    0.50 INCH OR MORE:   0
MIN  0 OR BELOW:   8    1.00 INCH OR MORE:   0

[HDD (BASE 65) ]
TOTAL THIS MO.  1074    CLEAR  (SCALE 0-3)   9
DPTR FM NORMAL   -24    PTCLDY (SCALE 4-7)  11
TOTAL FM JUL 1  4561    CLOUDY (SCALE 8-10)  3
DPTR FM NORMAL    -9

[CDD (BASE 65) ]
TOTAL THIS MO.     0
DPTR FM NORMAL     0    [PRESSURE DATA]
TOTAL FM JAN 1     0    HIGHEST SLP M ON M
DPTR FM NORMAL     0    LOWEST  SLP 29.25 ON  1

[REMARKS]
