761
CXUS55 KBYZ 211000
CF6BHK
PRELIMINARY LOCAL CLIMATOLOGICAL DATA (WS FORM: F-6)

                                          STATION:   BAKER MT
                                          MONTH:     MAY
                                          YEAR:      2024
                                          LATITUDE:   46 20 N
                                          LONGITUDE: 104 15 W

  TEMPERATURE IN F:       :PCPN:    SNOW:  WIND      :SUNSHINE: SKY     :PK WND
================================================================================
1   2   3   4   5  6A  6B    7    8   9   10  11  12  13   14  15   16   17  18
                                     12Z  AVG MX 2MIN
DY MAX MIN AVG DEP HDD CDD  WTR  SNW DPTH SPD SPD DIR MIN PSBL S-S WX    SPD DR
================================================================================

 1  53  24  39  -8  26   0 0.00    M    M  6.6 23 360   M    M   4        29 360
 2  51  25  38 -10  27   0 0.10    M    M 14.9 32 280   M    M   3 1      45 280
 3  50  31  41  -7  24   0    T    M    M 14.4 23 300   M    M   8 1      33 290
 4  60  21  41  -7  24   0 0.00    M    M  7.1 15 120   M    M   1        18 280
 5  74  37  56   7   9   0    T    M    M 24.6 43 150   M    M   1        56 150
 6  61  48  55   6  10   0 0.08    M    M 20.1 32 120   M    M   7 13     44 110
 7  48  39  44  -5  21   0 0.19    M    M 22.2 32 280   M    M  10 1      46 300
 8  51  38  45  -5  20   0 0.03    M    M 11.8 21  50   M    M  10 1      30 280
 9  68  36  52   2  13   0 0.00    M    M 10.5 23 330   M    M   M 1      30 350
10  71  36  54   4  11   0 0.00    M    M  9.6 25 320   M    M   1        36 290
11  79  38  59   8   6   0 0.00    M    M  8.9 25 260   M    M   0        35 250
12  73  39  56   5   9   0 0.00    M    M  6.4 16  70   M    M   2 8      21  40
13  82  41  62  10   3   0 0.00    M    M  9.5 26 320   M    M   1        39 300
14  73  50  62  10   3   0 0.04    M    M  9.5 22 310   M    M   4 13     33 320
15  69  42  56   4   9   0    T    M    M  8.6 20 330   M    M   5 1      25 340
16  76  50  63  10   2   0    T    M    M 13.0 30 280   M    M   2        43 280
17  80  46  63  10   2   0 0.21    M    M 13.0 43 330   M    M   3 13     56 320
18  64  37  51  -2  14   0 0.00    M    M 15.9 29 280   M    M   5        41 270
19  71  38  55   1  10   0    T    M    M 14.6 37 330   M    M   3        48 330
20  61  35  48  -6  17   0 0.00    M    M  6.4 16 330   M    M   2        24 330
================================================================================
SM 1315  751       260   0  0.65    M    247.6          M       72
================================================================================
AV 65.8 37.6                              12.4 FASTST   M    M   4    MAX(MPH)
                                 MISC ---->  # 43 150               # 56 150
================================================================================
NOTES:
# LAST OF SEVERAL OCCURRENCES

COLUMN 17 PEAK WIND IN M.P.H.

PRELIMINARY LOCAL CLIMATOLOGICAL DATA (WS FORM: F-6) , PAGE 2

                                          STATION:   BAKER MT
                                          MONTH:     MAY
                                          YEAR:      2024
                                          LATITUDE:   46 20 N
                                          LONGITUDE: 104 15 W

[TEMPERATURE DATA]      [PRECIPITATION DATA]       SYMBOLS USED IN COLUMN 16

AVERAGE MONTHLY: 51.7   TOTAL FOR MONTH:   0.65    1 = FOG OR MIST
DPTR FM NORMAL:   1.0   DPTR FM NORMAL:   -0.98    2 = FOG REDUCING VISIBILITY
HIGHEST:    82 ON 13    GRTST 24HR  0.21 ON 17-17      TO 1/4 MILE OR LESS
LOWEST:     21 ON  4                               3 = THUNDER
                        SNOW, ICE PELLETS, HAIL    4 = ICE PELLETS
                        TOTAL MONTH:  M            5 = HAIL
                        GRTST 24HR    M  ON   M    6 = FREEZING RAIN OR DRIZZLE
                        GRTST DEPTH:  M  ON   M    7 = DUSTSTORM OR SANDSTORM:
                                                       VSBY 1/2 MILE OR LESS
                                                   8 = SMOKE OR HAZE
[NO. OF DAYS WITH]      [WEATHER - DAYS WITH]      9 = BLOWING SNOW
                                                   X = TORNADO
MAX 32 OR BELOW:   0    0.01 INCH OR MORE:   6
MAX 90 OR ABOVE:   0    0.10 INCH OR MORE:   3
MIN 32 OR BELOW:   4    0.50 INCH OR MORE:   0
MIN  0 OR BELOW:   0    1.00 INCH OR MORE:   0

[HDD (BASE 65) ]
TOTAL THIS MO.   260    CLEAR  (SCALE 0-3)  10
DPTR FM NORMAL   -29    PTCLDY (SCALE 4-7)   7
TOTAL FM JUL 1  7347    CLOUDY (SCALE 8-10)  3
DPTR FM NORMAL  -710

[CDD (BASE 65) ]
TOTAL THIS MO.     0
DPTR FM NORMAL     0    [PRESSURE DATA]
TOTAL FM JAN 1     0    HIGHEST SLP M ON M
DPTR FM NORMAL     0    LOWEST  SLP 29.06 ON  6

[REMARKS]