000
CXUS53 KBIS 180803
CF6BIS
PRELIMINARY LOCAL CLIMATOLOGICAL DATA (WS FORM: F-6)

                                          STATION:   BISMARCK ND
                                          MONTH:     FEBRUARY
                                          YEAR:      2019
                                          LATITUDE:   46 46 N
                                          LONGITUDE: 100 45 W

  TEMPERATURE IN F:       :PCPN:    SNOW:  WIND      :SUNSHINE: SKY     :PK WND
================================================================================
1   2   3   4   5  6A  6B    7    8   9   10  11  12  13   14  15   16   17  18
                                     12Z  AVG MX 2MIN
DY MAX MIN AVG DEP HDD CDD  WTR  SNW DPTH SPD SPD DIR MIN PSBL S-S WX    SPD DR
================================================================================

 1  42   7  25  11  40   0    T    T    4  5.2 12 140   M    M   2        13 140
 2  25   9  17   3  48   0    T    T    4  8.4 17  40   M    M   4 18     22  40
 3  15  -7   4 -11  61   0 0.21  3.0    4 13.3 22 360   M    M   9 18     31  20
 4  -2  -9  -5 -20  70   0 0.06  0.7    7 11.7 20 350   M    M   7 8      26 360
 5  -3  -9  -6 -21  71   0 0.04  1.0    7  7.1 13  80   M    M  10        15  80
 6  -1  -7  -4 -19  69   0    T    T    8  9.9 16 330   M    M   9 8      22 350
 7  -6 -16 -11 -27  76   0 0.08  1.0    8 15.0 26 330   M    M   7 8      33 340
 8  -6 -28 -17 -33  82   0    T    T    8  5.8 17 320   M    M   2 8      22 310
 9  -1  -9  -5 -21  70   0    T    T    8 12.1 18  80   M    M  10 8      24  80
10   1 -17  -8 -24  73   0 0.14  1.4    8  7.8 12  70   M    M   8 18     15  70
11  11 -10   1 -16  64   0 0.12  2.8    8  9.3 20  80   M    M  10 128    24  80
12   3 -17  -7 -24  72   0 0.00  0.0   10  8.1 18 290   M    M   0 18     23 320
13  13 -15  -1 -18  66   0 0.00  0.0   10  7.3 16 350   M    M   4        20 350
14   4 -15  -5 -23  70   0 0.02  0.2   10 13.7 24 320   M    M   3        32 320
15   1 -28 -13 -31  78   0 0.00  0.0    9  4.9 12  80   M    M   1 18     13  90
16  11   1   6 -12  59   0 0.01  1.2    9 11.6 17 110   M    M  10 1      20 110
17  12   1   7 -12  58   0    T    T    9  8.7 15 350   M    M   9 1      19 350
================================================================================
SM  119 -169      1127   0  0.68    11.3 159.9          M      105
================================================================================
AV  7.0 -9.9                               9.4 FASTST   M    M   6    MAX(MPH)
                                 MISC ---->  # 26 330               # 33  340
================================================================================
NOTES:
# LAST OF SEVERAL OCCURRENCES

COLUMN 17 PEAK WIND IN M.P.H.

PRELIMINARY LOCAL CLIMATOLOGICAL DATA (WS FORM: F-6) , PAGE 2

                                          STATION:  BISMARCK ND
                                          MONTH:    FEBRUARY
                                          YEAR:     2019
                                          LATITUDE:   46 46 N
                                          LONGITUDE: 100 45 W

[TEMPERATURE DATA]      [PRECIPITATION DATA]       SYMBOLS USED IN COLUMN 16

AVERAGE MONTHLY: -1.5   TOTAL FOR MONTH:   0.68    1 = FOG OR MIST
DPTR FM NORMAL: -17.7   DPTR FM NORMAL:    0.42    2 = FOG REDUCING VISIBILITY
HIGHEST:    42 ON  1    GRTST 24HR  0.21 ON  3- 3      TO 1/4 MILE OR LESS
LOWEST:    -28 ON 15, 8                            3 = THUNDER
                        SNOW, ICE PELLETS, HAIL    4 = ICE PELLETS
                        TOTAL MONTH:  11.3 INCHES  5 = HAIL
                        GRTST 24HR   3.0 ON  3- 3  6 = FREEZING RAIN OR DRIZZLE
                        GRTST DEPTH:  10 ON 14,13  7 = DUSTSTORM OR SANDSTORM:
                                                       VSBY 1/2 MILE OR LESS
                                                   8 = SMOKE OR HAZE
[NO. OF DAYS WITH]      [WEATHER - DAYS WITH]      9 = BLOWING SNOW
                                                   X = TORNADO
MAX 32 OR BELOW:  16    0.01 INCH OR MORE:   8
MAX 90 OR ABOVE:   0    0.10 INCH OR MORE:   3
MIN 32 OR BELOW:  17    0.50 INCH OR MORE:   0
MIN  0 OR BELOW:  13    1.00 INCH OR MORE:   0

[HDD (BASE 65) ]
TOTAL THIS MO.  1127    CLEAR  (SCALE 0-3)   4
DPTR FM NORMAL   299    PTCLDY (SCALE 4-7)   6
TOTAL FM JUL 1  6148    CLOUDY (SCALE 8-10)  7
DPTR FM NORMAL   202

[CDD (BASE 65) ]
TOTAL THIS MO.     0
DPTR FM NORMAL     0    [PRESSURE DATA]
TOTAL FM JAN 1     0    HIGHEST SLP M ON M
DPTR FM NORMAL     0    LOWEST  SLP 29.63 ON  2

[REMARKS]
