000
CXUS53 KBIS 260830
CF6BIS
PRELIMINARY LOCAL CLIMATOLOGICAL DATA (WS FORM: F-6)

                                          STATION:   BISMARCK ND
                                          MONTH:     MAY
                                          YEAR:      2020
                                          LATITUDE:   46 46 N
                                          LONGITUDE: 100 45 W

  TEMPERATURE IN F:       :PCPN:    SNOW:  WIND      :SUNSHINE: SKY     :PK WND
================================================================================
1   2   3   4   5  6A  6B    7    8   9   10  11  12  13   14  15   16   17  18
                                     12Z  AVG MX 2MIN
DY MAX MIN AVG DEP HDD CDD  WTR  SNW DPTH SPD SPD DIR MIN PSBL S-S WX    SPD DR
================================================================================

 1  70  50  60  10   5   0    T  0.0    0 12.7 29 320   M    M   7 8      37 310
 2  73  44  59   8   6   0 0.00  0.0    0 10.5 25 310   M    M   0        36 310
 3  65  34  50  -1  15   0 0.00  0.0    0 13.5 23  90   M    M   2 18     31  80
 4  49  42  46  -6  19   0 0.16  0.0    0  6.2 23 110   M    M  10 1      30 120
 5  57  41  49  -3  16   0    T  0.0    0 10.0 22  30   M    M   8        28  40
 6  70  36  53   1  12   0 0.00  0.0    0  5.0 13  60   M    M   3 8      20 180
 7  57  32  45  -8  20   0 0.00  0.0    0 12.9 24  90   M    M   2        30  60
 8  62  24  43 -10  22   0 0.00  0.0    0  4.2 13 140   M    M   1        16 160
 9  49  36  43 -10  22   0 0.09    T    0 17.0 36 360   M    M   7 1      50 350
10  50  30  40 -14  25   0 0.00  0.0    0  9.8 23 340   M    M   5        32 360
11  53  24  39 -15  26   0 0.00  0.0    0  5.1 12  80   M    M   3        16 100
12  54  29  42 -12  23   0 0.05  0.0    0 13.8 28 150   M    M   6        36 140
13  56  38  47  -8  18   0 0.01  0.0    0  8.7 22 150   0    M   8 12     27 150
14  64  35  50  -5  15   0 0.00  0.0    0 11.7 26 320   M    M   2 12     37 320
15  70  30  50  -5  15   0 0.00  0.0    0  5.9 17 150   M    M   2        26 120
16  67  39  53  -3  12   0 0.00  0.0    0  4.8 13 100   M    M   0        17  90
17  75  36  56   0   9   0 0.00  0.0    0  7.4 22 120   M    M   0 1      30 120
18  74  44  59   3   6   0 0.00  0.0    0 17.5 32 150   M    M   0        43 150
19  80  55  68  11   0   3 0.00  0.0    0 20.7 35 150   M    M   0        46 150
20  76  54  65   8   0   0 0.00  0.0    0 21.2 35 140   M    M   2 18     45 150
21  81  57  69  12   0   4 0.00  0.0    0 15.1 30 150   M    M   3        39 170
22  85  59  72  14   0   7 0.00  0.0    0 12.2 21 150   M    M   4        28 140
23  84  55  70  12   0   5 0.00  0.0    0  7.5 24 340   M    M   4 1      33 340
24  64  53  59   1   6   0 0.30  0.0    0 11.4 21 350   M    M   9 13     28 350
25  63  52  58   0   7   0 0.00  0.0    0  5.4 14 330   M    M  10 18     19 330
================================================================================
SM 1648 1029       299  19  0.61    T    270.2            0     98
================================================================================
AV 65.9 41.2                              10.8 FASTST    0   M   4    MAX(MPH)
                                 MISC ---->  # 36 360               # 50  350
================================================================================
NOTES:
# LAST OF SEVERAL OCCURRENCES

COLUMN 17 PEAK WIND IN M.P.H.

PRELIMINARY LOCAL CLIMATOLOGICAL DATA (WS FORM: F-6) , PAGE 2

                                          STATION:  BISMARCK ND
                                          MONTH:    MAY
                                          YEAR:     2020
                                          LATITUDE:   46 46 N
                                          LONGITUDE: 100 45 W

[TEMPERATURE DATA]      [PRECIPITATION DATA]       SYMBOLS USED IN COLUMN 16

AVERAGE MONTHLY: 53.5   TOTAL FOR MONTH:   0.61    1 = FOG OR MIST
DPTR FM NORMAL:  -1.1   DPTR FM NORMAL:   -1.25    2 = FOG REDUCING VISIBILITY
HIGHEST:    85 ON 22    GRTST 24HR  0.30 ON 24-24      TO 1/4 MILE OR LESS
LOWEST:     24 ON 11, 8                            3 = THUNDER
                        SNOW, ICE PELLETS, HAIL    4 = ICE PELLETS
                        TOTAL MONTH:    T          5 = HAIL
                        GRTST 24HR    T  ON  9- 9  6 = FREEZING RAIN OR DRIZZLE
                        GRTST DEPTH:   0           7 = DUSTSTORM OR SANDSTORM:
                                                       VSBY 1/2 MILE OR LESS
                                                   8 = SMOKE OR HAZE
[NO. OF DAYS WITH]      [WEATHER - DAYS WITH]      9 = BLOWING SNOW
                                                   X = TORNADO
MAX 32 OR BELOW:   0    0.01 INCH OR MORE:   5
MAX 90 OR ABOVE:   0    0.10 INCH OR MORE:   2
MIN 32 OR BELOW:   6    0.50 INCH OR MORE:   0
MIN  0 OR BELOW:   0    1.00 INCH OR MORE:   0

[HDD (BASE 65) ]
TOTAL THIS MO.   299    CLEAR  (SCALE 0-3)  12
DPTR FM NORMAL    28    PTCLDY (SCALE 4-7)   9
TOTAL FM JUL 1  8247    CLOUDY (SCALE 8-10)  4
DPTR FM NORMAL  -179

[CDD (BASE 65) ]
TOTAL THIS MO.    19
DPTR FM NORMAL    12    [PRESSURE DATA]
TOTAL FM JAN 1    19    HIGHEST SLP M ON M
DPTR FM NORMAL    11    LOWEST  SLP 29.59 ON  1

[REMARKS]
