000
CXUS51 KRNK 210738
CF6BLF

PRELIMINARY LOCAL CLIMATOLOGICAL DATA (WS FORM: F-6)

                                          STATION:   BLUEFIELD WV
                                          MONTH:     OCTOBER
                                          YEAR:      2019
                                          LATITUDE:   37 17 N
                                          LONGITUDE:  81 12 W

  TEMPERATURE IN F:       :PCPN:    SNOW:  WIND      :SUNSHINE: SKY     :PK WND
================================================================================
1   2   3   4   5  6A  6B    7    8   9   10  11  12  13   14  15   16   17  18
                                     12Z  AVG MX 2MIN
DY MAX MIN AVG DEP HDD CDD  WTR  SNW DPTH SPD SPD DIR MIN PSBL S-S WX    SPD DR
================================================================================

 1  85  64  75  14   0  10 0.00  0.0    0  4.5 12 310   M    M   1 1      15 270
 2  84  65  75  15   0  10 0.00  0.0    0  7.1 18 270   M    M   1        23 250
 3  86  65  76  16   0  11 0.00  0.0    0  6.8 17 250   M    M   0        22 270
 4  76  55  66   6   0   1 0.00  0.0    0  5.7 13 290   M    M   2        20 360
 5  59  51  55  -4  10   0 0.00  0.0    0  9.2 18 160   M    M   4        27 170
 6  67  53  60   1   5   0 0.17  0.0    0  5.9 15 190   M    M   6 1      25 190
 7  70  53  62   3   3   0 1.01  0.0    0  4.6 13 300   M    M   9 13     20 150
 8  54  50  52  -6  13   0 0.06  0.0    0  3.7  8  90   M    M  10 12     13 120
 9  65  48  57  -1   8   0    T  0.0    0  4.6 10 120   M    M   3        16 130
10  71  51  61   3   4   0 0.00  0.0    0  3.5 10 140   M    M   1        16 140
11  74  53  64   6   1   0 0.00  0.0    0  2.2 10 280   M    M   2        19 290
12  63  45  54  -3  11   0    T  0.0    0  4.9 12 310   M    M   9 12     16 230
13  70  44  57   0   8   0 0.00  0.0    0  3.8 14 240   M    M   5 12     19 240
14  64  42  53  -4  12   0 0.00  0.0    0  8.1 15 270   M    M   0        20 270
15  68  44  56  -1   9   0 0.00  0.0    0  5.4 15 170   M    M   0        24 160
16  58  37  48  -8  17   0 1.31  0.0    0 10.4 23 290   M    M   9 1      33 280
17  50  37  44 -12  21   0 0.00  0.0    0 11.2 20 290   M    M   6        32 290
18  58  33  46 -10  19   0 0.00  0.0    0  4.4 13 360   M    M   0        18 310
19  57  41  49  -7  16   0 0.37  0.0    0  4.5 13 160   M    M   3 1      20 170
20  56  45  51  -4  14   0 0.98  0.0    0  3.8 10 300   M    M  10 12     16 150
================================================================================
SM 1335  976       171  32  3.90     0.0 114.3          M       81
================================================================================
AV 66.8 48.8                               5.7 FASTST   M    M   4    MAX(MPH)
                                 MISC ---->  # 23 290               # 33  280
================================================================================
NOTES:
# LAST OF SEVERAL OCCURRENCES

COLUMN 17 PEAK WIND IN M.P.H.

PRELIMINARY LOCAL CLIMATOLOGICAL DATA (WS FORM: F-6) , PAGE 2

                                          STATION:  BLUEFIELD WV
                                          MONTH:    OCTOBER
                                          YEAR:     2019
                                          LATITUDE:   37 17 N
                                          LONGITUDE:  81 12 W

[TEMPERATURE DATA]      [PRECIPITATION DATA]       SYMBOLS USED IN COLUMN 16

AVERAGE MONTHLY: 57.8   TOTAL FOR MONTH:   3.90    1 = FOG OR MIST
DPTR FM NORMAL:  -0.1   DPTR FM NORMAL:    2.28    2 = FOG REDUCING VISIBILITY
HIGHEST:    86 ON  3    GRTST 24HR  1.31 ON 16-16      TO 1/4 MILE OR LESS
LOWEST:     33 ON 18                               3 = THUNDER
                        SNOW, ICE PELLETS, HAIL    4 = ICE PELLETS
                        TOTAL MONTH:   0.0 INCH    5 = HAIL
                        GRTST 24HR     0.0         6 = FREEZING RAIN OR DRIZZLE
                        GRTST DEPTH:   0           7 = DUSTSTORM OR SANDSTORM:
                                                       VSBY 1/2 MILE OR LESS
                                                   8 = SMOKE OR HAZE
[NO. OF DAYS WITH]      [WEATHER - DAYS WITH]      9 = BLOWING SNOW
                                                   X = TORNADO
MAX 32 OR BELOW:   0    0.01 INCH OR MORE:   6
MAX 90 OR ABOVE:   0    0.10 INCH OR MORE:   5
MIN 32 OR BELOW:   0    0.50 INCH OR MORE:   3
MIN  0 OR BELOW:   0    1.00 INCH OR MORE:   2

[HDD (BASE 65) ]
TOTAL THIS MO.   171    CLEAR  (SCALE 0-3)  11
DPTR FM NORMAL    12    PTCLDY (SCALE 4-7)   4
TOTAL FM JUL 1   199    CLOUDY (SCALE 8-10)  5
DPTR FM NORMAL   -39

[CDD (BASE 65) ]
TOTAL THIS MO.    32
DPTR FM NORMAL    16    [PRESSURE DATA]
TOTAL FM JAN 1   748    HIGHEST SLP M ON M
DPTR FM NORMAL  -100    LOWEST  SLP 29.65 ON 16

[REMARKS]
DUE TO MISSING TEMPERATURES ON MAY 10 AND JULY 11-12, ALL
TEMPERATURE AND COOLING DEGREE DAY INFORMATION WILL BE CALCULATED
WITHOUT DATA FROM THESE DATES.
