749
CXUS51 KRNK 220811
CF6BLF

PRELIMINARY LOCAL CLIMATOLOGICAL DATA (WS FORM: F-6)

                                          STATION:   BLUEFIELD WV
                                          MONTH:     JUNE
                                          YEAR:      2018
                                          LATITUDE:   37 17 N
                                          LONGITUDE:  81 12 W

  TEMPERATURE IN F:       :PCPN:    SNOW:  WIND      :SUNSHINE: SKY     :PK WND
================================================================================
1   2   3   4   5  6A  6B    7    8   9   10  11  12  13   14  15   16   17  18
                                     12Z  AVG MX 2MIN
DY MAX MIN AVG DEP HDD CDD  WTR  SNW DPTH SPD SPD DIR MIN PSBL S-S WX    SPD DR
================================================================================

 1  78  60  69   3   0   4 0.35  0.0    0  7.6 17 240   M    M   4 1      24 240
 2  75  61  68   1   0   3 0.07  0.0    0  5.8 13 290   M    M   6 13     19 300
 3  78  59  69   2   0   4 0.07  0.0    0  7.1 13 240   M    M   6 123    19 280
 4  71  55  63  -4   2   0 0.00  0.0    0  9.1 20 260   M    M   1        27 270
 5  73  52  63  -4   2   0 0.00  0.0    0  7.0 14 270   M    M   2        20 300
 6  70  53  62  -6   3   0 0.00  0.0    0  7.0 16 280   M    M   4        23 290
 7  78  50  64  -4   1   0 0.00  0.0    0  3.3 10 270   M    M   0        15 280
 8  83  57  70   2   0   5    T  0.0    0  1.8  9  10   M    M   3        14 190
 9  81  59  70   2   0   5 0.00  0.0    0  2.9 10 150   M    M   3 12     16 150
10  78  61  70   1   0   5 0.35  0.0    0  6.1 28 250   M    M   3 13     33 260
11  75  57  66  -3   0   1    T  0.0    0  6.4 12 120   M    M   6        23 130
12  69  56  63  -6   2   0    T  0.0    0  6.1 14 170   M    M   6        22 180
13  79  59  69   0   0   4 0.16  0.0    0  6.1 15 240   M    M   5 123    20 260
14  78  61  70   0   0   5 0.00  0.0    0  5.7 14 290   M    M   6 1      19 350
15  79  54  67  -3   0   2 0.00  0.0    0  2.6 10 330   M    M   0        14 320
16  83  56  70   0   0   5 0.00  0.0    0  2.4  8  50   M    M   0        11  50
17  85  62  74   4   0   9 0.00  0.0    0  4.0 12 300   M    M   1        15 360
18  85  66  76   5   0  11 0.00  0.0    0  6.1 12 310   M    M   1        16 320
19  84  65  75   4   0  10 0.04  0.0    0  6.6 17 270   M    M   4 1      24 330
20  80  66  73   2   0   8 0.06  0.0    0  7.9 16 270   M    M   3 13     24 270
21  73  64  69  -2   0   4    M  0.0    0  4.5 14 240   M    M   8 1      18 240
================================================================================
SM 1635 1233        10  85  1.10     0.0 116.1          M       72
================================================================================
AV 77.9 58.7                               5.5 FASTST   M    M   3    MAX(MPH)
                                 MISC ---->  # 28 250               # 33  260
================================================================================
NOTES:
# LAST OF SEVERAL OCCURRENCES

COLUMN 17 PEAK WIND IN M.P.H.

PRELIMINARY LOCAL CLIMATOLOGICAL DATA (WS FORM: F-6) , PAGE 2

                                          STATION:  BLUEFIELD WV
                                          MONTH:    JUNE
                                          YEAR:     2018
                                          LATITUDE:   37 17 N
                                          LONGITUDE:  81 12 W

[TEMPERATURE DATA]      [PRECIPITATION DATA]       SYMBOLS USED IN COLUMN 16

AVERAGE MONTHLY: 68.3   TOTAL FOR MONTH:   1.10    1 = FOG OR MIST
DPTR FM NORMAL:  -0.6   DPTR FM NORMAL:   -1.86    2 = FOG REDUCING VISIBILITY
HIGHEST:    85 ON 18,17 GRTST 24HR  0.35 ON 10-10      TO 1/4 MILE OR LESS
LOWEST:     50 ON  7                               3 = THUNDER
                        SNOW, ICE PELLETS, HAIL    4 = ICE PELLETS
                        TOTAL MONTH:   0.0 INCH    5 = HAIL
                        GRTST 24HR     0.0         6 = FREEZING RAIN OR DRIZZLE
                        GRTST DEPTH:   0           7 = DUSTSTORM OR SANDSTORM:
                                                       VSBY 1/2 MILE OR LESS
                                                   8 = SMOKE OR HAZE
[NO. OF DAYS WITH]      [WEATHER - DAYS WITH]      9 = BLOWING SNOW
                                                   X = TORNADO
MAX 32 OR BELOW:   0    0.01 INCH OR MORE:   7
MAX 90 OR ABOVE:   0    0.10 INCH OR MORE:   3
MIN 32 OR BELOW:   0    0.50 INCH OR MORE:   0
MIN  0 OR BELOW:   0    1.00 INCH OR MORE:   0

[HDD (BASE 65) ]
TOTAL THIS MO.    10    CLEAR  (SCALE 0-3)  10
DPTR FM NORMAL   -11    PTCLDY (SCALE 4-7)  11
TOTAL FM JUL 1  5131    CLOUDY (SCALE 8-10)  0
DPTR FM NORMAL   544

[CDD (BASE 65) ]
TOTAL THIS MO.    85
DPTR FM NORMAL   -17    [PRESSURE DATA]
TOTAL FM JAN 1   180    HIGHEST SLP M ON M
DPTR FM NORMAL   -13    LOWEST  SLP 29.75 ON  3


[REMARKS]
DUE TO MISSING RAINFALL DATA ON JUNE 21, ALL PRECIPITATION
INFORMATION WILL BE CALCULATED WITHOUT DATA FROM THIS DATE.
