000
CXAK56 PAFG 231532
CF6BTT
PRELIMINARY LOCAL CLIMATOLOGICAL DATA (WS FORM: F-6)

                                          STATION:   BETTLES AK
                                          MONTH:     FEBRUARY
                                          YEAR:      2018
                                          LATITUDE:   66 55 N
                                          LONGITUDE: 151 31 W

  TEMPERATURE IN F:       :PCPN:    SNOW:  WIND      :SUNSHINE: SKY     :PK WND
================================================================================
1   2   3   4   5  6A  6B    7    8   9   10  11  12  13   14  15   16   17  18
                                     12Z  AVG MX 2MIN
DY MAX MIN AVG DEP HDD CDD  WTR  SNW DPTH SPD SPD DIR MIN PSBL S-S WX    SPD DR
================================================================================

 1  -8 -23 -15  -6  80   0 0.00  0.0   34  3.3  7 140   M    M   4        10 350
 2 -14 -31 -22 -14  87   0 0.00  0.0   34  0.9  5 340   M    M   0         7 360
 3  -5 -24 -14  -6  79   0 0.00  0.0   34  3.9  9 350   M    M   0        13 350
 4 -11 -28 -19 -11  84   0 0.00  0.0   34  0.6  6 360   M    M   0         7 350
 5   1 -29 -14  -6  79   0 0.00  0.0   34  2.9 13  20   M    M   0        19  20
 6   2 -13  -5   3  70   0 0.00  0.0   33  6.3 14 350   M    M   0        17 350
 7  -3 -25 -14  -7  79   0 0.00  0.0   33  3.4  8 320   M    M   0        10 340
 8  -5 -28 -16  -9  81   0 0.00  0.0   33  1.5  7  20   M    M   2         9 320
 9  -9 -26 -17 -10  82   0 0.00  0.0   33  0.4  7 210   M    M   2         7 210
10  -1 -28 -14  -8  79   0 0.00  0.0   33  1.4  8 180   M    M   3        11 170
11  16  -8   4  10  61   0 0.03  0.8   34  3.0  8 320   M    M   9 1      10 340
12  20   6  13  19  52   0 0.01  0.2   34  4.5 12 360   M    M   7 1      16 350
13  20  10  15  20  50   0 0.02  0.2   34  0.7  7 120   M    M  10 12     10 120
14  21  15  18  23  47   0 0.23  4.2   36  2.6  9 100   M    M  10 1      12 110
15  15   1   8  13  57   0    T    T   36  3.3  7 120   M    M   9 1       8  20
16   5 -20  -7  -3  72   0    T    T   36  2.2  9 350   M    M   4 1      12 360
17   7 -21  -7  -3  72   0    T  0.1   36  4.7  8 330   M    M   8 1      12 320
18  14   1   8  12  57   0 0.01  0.3   36  3.3 13 350   M    M   9 1      15 350
19  19   2  11  15  54   0 0.00  0.0   36  3.4  8 340   M    M   9 1      12 350
20  30  17  24  27  41   0    M    M    M  6.2 14 220   M    M   8 14     22 220
21  27  13  20  23  45   0 0.02  0.3   36  4.3 12 210   M    M   7 1      17 210
22  24  19  22  25  43   0 0.14  2.0   37  4.4 12 220   M    M  10 16     17 220
================================================================================
SM  165 -220      1451   0  0.46     8.1  67.2          M      111
================================================================================
AV  7.5-10.0                               3.1 FASTST   M    M   5    MAX(MPH)
                                 MISC ---->  # 14 350               # 22  220
================================================================================
NOTES:
# LAST OF SEVERAL OCCURRENCES

COLUMN 17 PEAK WIND IN M.P.H.

PRELIMINARY LOCAL CLIMATOLOGICAL DATA (WS FORM: F-6) , PAGE 2

                                          STATION:  BETTLES AK
                                          MONTH:    FEBRUARY
                                          YEAR:     2018
                                          LATITUDE:   66 55 N
                                          LONGITUDE: 151 31 W

[TEMPERATURE DATA]      [PRECIPITATION DATA]       SYMBOLS USED IN COLUMN 16

AVERAGE MONTHLY: -1.2   TOTAL FOR MONTH:   0.46    1 = FOG OR MIST
DPTR FM NORMAL:   4.6   DPTR FM NORMAL:   -0.21    2 = FOG REDUCING VISIBILITY
HIGHEST:    30 ON 20    GRTST 24HR  0.23 ON 14-14      TO 1/4 MILE OR LESS
LOWEST:    -31 ON  2                               3 = THUNDER
                        SNOW, ICE PELLETS, HAIL    4 = ICE PELLETS
                        TOTAL MONTH:   8.1 INCHES  5 = HAIL
                        GRTST 24HR   4.2 ON 14-14  6 = FREEZING RAIN OR DRIZZLE
                        GRTST DEPTH:  37 ON 22     7 = DUSTSTORM OR SANDSTORM:
                                                       VSBY 1/2 MILE OR LESS
                                                   8 = SMOKE OR HAZE
[NO. OF DAYS WITH]      [WEATHER - DAYS WITH]      9 = BLOWING SNOW
                                                   X = TORNADO
MAX 32 OR BELOW:  22    0.01 INCH OR MORE:   7
MAX 90 OR ABOVE:   0    0.10 INCH OR MORE:   2
MIN 32 OR BELOW:  22    0.50 INCH OR MORE:   0
MIN  0 OR BELOW:  13    1.00 INCH OR MORE:   0

[HDD (BASE 65) ]
TOTAL THIS MO.  1451    CLEAR  (SCALE 0-3)   9
DPTR FM NORMAL  -108    PTCLDY (SCALE 4-7)   5
TOTAL FM JUL 1  9684    CLOUDY (SCALE 8-10)  8
DPTR FM NORMAL -1110

[CDD (BASE 65) ]
TOTAL THIS MO.     0
DPTR FM NORMAL     0    [PRESSURE DATA]
TOTAL FM JAN 1     0    HIGHEST SLP M ON M
DPTR FM NORMAL     0    LOWEST  SLP 29.51 ON 12

[REMARKS]
