098
CXUS53 KLMK 200710
CF6BWG
PRELIMINARY LOCAL CLIMATOLOGICAL DATA (WS FORM: F-6)

                                          STATION:   BOWLING GREEN KY
                                          MONTH:     JUNE
                                          YEAR:      2024
                                          LATITUDE:   36 58 N
                                          LONGITUDE:  86 26 W

  TEMPERATURE IN F:       :PCPN:    SNOW:  WIND      :SUNSHINE: SKY     :PK WND
================================================================================
1   2   3   4   5  6A  6B    7    8   9   10  11  12  13   14  15   16   17  18
                                     12Z  AVG MX 2MIN
DY MAX MIN AVG DEP HDD CDD  WTR  SNW DPTH SPD SPD DIR MIN PSBL S-S WX    SPD DR
================================================================================

 1  69  65  67  -5   0   2 0.23  0.0    0  8.7 20 170   M    M   8 1      29 160
 2  84  67  76   3   0  11 0.03  0.0    0  5.7 14 250   M    M   6 1      20 240
 3  88  63  76   3   0  11 0.00  0.0    0  3.4 22 240   M    M   2 13     33 240
 4  84  68  76   3   0  11 0.08  0.0    0  5.5 21 210   M    M   4 13     30 190
 5  88  68  78   4   0  13 0.63  0.0    0  8.3 20 290   M    M   5 1      28 200
 6  87  66  77   3   0  12    T  0.0    0  6.1 18 270   M    M   4 1      27 280
 7  84  60  72  -2   0   7 0.00  0.0    0  4.2 20 280   M    M   0        28 280
 8  86  60  73  -1   0   8    T  0.0    0  4.7 15 220   M    M   4        22 240
 9  77  62  70  -5   0   5 0.23  0.0    0  4.0 13 280   M    M   5 13     19 270
10  79  59  69  -6   0   4 0.00  0.0    0  4.4 14 310   M    M   2 1      23 280
11  79  52  66  -9   0   1 0.00  0.0    0  2.7 10  70   M    M   0        16  60
12  84  55  70  -6   0   5 0.00  0.0    0  2.0 10  70   M    M   0        14  60
13  90  58  74  -2   0   9 0.00  0.0    0  2.3 12 210   M    M   0        19 250
14  93  67  80   4   0  15 0.00  0.0    0  3.1 14 260   M    M   1        21 280
15  92  69  81   5   0  16 0.00  0.0    0  5.1 12  60   M    M   0        17  40
16  97  68  83   7   0  18 0.00  0.0    0  5.2 20 170   M    M   1 3      26 160
17  94  74  84   7   0  19    T  0.0    0  6.2 22 180   M    M   1 3      30 170
18  91  73  82   5   0  17 0.00  0.0    0  4.0 14 210   M    M   2        19 250
19  89  75  82   5   0  17 0.00  0.0    0  2.8 12 220   M    M   2        17 200
================================================================================
SM 1635 1229         0 201  1.20  0.0     88.4          M       47
================================================================================
AV 86.1 64.7                               4.7 FASTST   M    M   2    MAX(MPH)
                                 MISC ---->  # 22 240                 33 240
================================================================================
NOTES:
# LAST OF SEVERAL OCCURRENCES

COLUMN 17 PEAK WIND IN M.P.H.

PRELIMINARY LOCAL CLIMATOLOGICAL DATA (WS FORM: F-6) , PAGE 2

                                          STATION:   BOWLING GREEN KY
                                          MONTH:     JUNE
                                          YEAR:      2024
                                          LATITUDE:   36 58 N
                                          LONGITUDE:  86 26 W

[TEMPERATURE DATA]      [PRECIPITATION DATA]       SYMBOLS USED IN COLUMN 16

AVERAGE MONTHLY: 75.4   TOTAL FOR MONTH:   1.20    1 = FOG OR MIST
DPTR FM NORMAL:   0.5   DPTR FM NORMAL:   -1.62    2 = FOG REDUCING VISIBILITY
HIGHEST:    97 ON 16    GRTST 24HR  0.63 ON  5- 5      TO 1/4 MILE OR LESS
LOWEST:     52 ON 11                               3 = THUNDER
                        SNOW, ICE PELLETS, HAIL    4 = ICE PELLETS
                        TOTAL MONTH:   0.0 INCH    5 = HAIL
                        GRTST 24HR  0.0            6 = FREEZING RAIN OR DRIZZLE
                        GRTST DEPTH:  0            7 = DUSTSTORM OR SANDSTORM:
                                                       VSBY 1/2 MILE OR LESS
                                                   8 = SMOKE OR HAZE
[NO. OF DAYS WITH]      [WEATHER - DAYS WITH]      9 = BLOWING SNOW
                                                   X = TORNADO
MAX 32 OR BELOW:   0    0.01 INCH OR MORE:   5
MAX 90 OR ABOVE:   6    0.10 INCH OR MORE:   3
MIN 32 OR BELOW:   0    0.50 INCH OR MORE:   1
MIN  0 OR BELOW:   0    1.00 INCH OR MORE:   0

[HDD (BASE 65) ]
TOTAL THIS MO.     0    CLEAR  (SCALE 0-3)  12
DPTR FM NORMAL     0    PTCLDY (SCALE 4-7)   6
TOTAL FM JUL 1  3170    CLOUDY (SCALE 8-10)  1
DPTR FM NORMAL  -624

[CDD (BASE 65) ]
TOTAL THIS MO.   201
DPTR FM NORMAL    10    [PRESSURE DATA]
TOTAL FM JAN 1   494    HIGHEST SLP M ON M
DPTR FM NORMAL   105    LOWEST  SLP 29.66 ON  5

[REMARKS]