000
CXUS53 KLMK 280800
CF6BWG
PRELIMINARY LOCAL CLIMATOLOGICAL DATA (WS FORM: F-6)

                                          STATION:   BOWLING GREEN KY
                                          MONTH:     FEBRUARY
                                          YEAR:      2020
                                          LATITUDE:   36 58 N
                                          LONGITUDE:  86 26 W

  TEMPERATURE IN F:       :PCPN:    SNOW:  WIND      :SUNSHINE: SKY     :PK WND
================================================================================
1   2   3   4   5  6A  6B    7    8   9   10  11  12  13   14  15   16   17  18
                                     12Z  AVG MX 2MIN
DY MAX MIN AVG DEP HDD CDD  WTR  SNW DPTH SPD SPD DIR MIN PSBL S-S WX    SPD DR
================================================================================

 1  48  36  42   5  23   0 0.00  0.0    0  4.6 14 260   M    M   9 18     20 250
 2  67  35  51  14  14   0 0.00  0.0    0  8.8 23 240   M    M   0        33 250
 3  73  46  60  23   5   0    T  0.0    0 11.1 20 190   M    M   2        27 190
 4  63  49  56  19   9   0 1.65  0.0    0  5.4 16 190   M    M  10 1      23 200
 5  49  40  45   7  20   0 0.21  0.0    0  8.2 16  40   M    M   9 1      19  60
 6  42  32  37  -1  28   0 0.06  0.7    0  6.3 17  90   M    M  10 18     22  90
 7  37  30  34  -4  31   0 0.02  0.8    1  8.1 16 270   M    M   9 18     23 280
 8  49  26  38   0  27   0 0.00  0.0    0  6.5 17 280   M    M   5        30 230
 9  64  24  44   6  21   0    T  0.0    0 10.8 25 200   M    M   5 18     36 180
10  56  45  51  13  14   0 1.16  0.0    0  8.2 22 200   M    M  10 1      32 180
11  45  39  42   3  23   0 0.42  0.0    0  4.3 10  20   M    M   7 1      16 350
12  47  38  43   4  22   0 0.81  0.0    0  6.0 17 320   M    M   8 18     34 310
13  44  22  33  -6  32   0 0.07  0.0    0  8.5 15 310   M    M  10 1      25 300
14  32  18  25 -15  40   0    T    T    0  4.6 12  10   M    M   4        19 320
15  51  16  34  -6  31   0 0.00  0.0    0  5.8 20 180   M    M   2        23 190
16  57  35  46   6  19   0 0.00  0.0    0  5.3 14 220   M    M   7        18 200
17  67  34  51  11  14   0 0.00  0.0    0  6.0 21 190   M    M   2        36 180
18  57  40  49   9  16   0 0.68  0.0    0  5.9 14 330   M    M   9 18     26  10
19  52  32  42   1  23   0 0.00  0.0    0  8.1 15  40   M    M   1        21  70
20  44  27  36  -5  29   0 0.00  0.0    0  9.0 15  20   M    M   7        24  30
21  42  22  32  -9  33   0 0.00  0.0    0  3.3 14  30   M    M   0        18  30
22  52  20  36  -6  29   0 0.00  0.0    0  2.0 12 210   M    M   0        16 200
23  56  29  43   1  22   0 0.00  0.0    0  6.9 17 220   M    M   7        24 200
24  55  44  50   8  15   0 0.77  0.0    0  8.0 17 120   M    M  10 1      24 130
25  55  46  51   9  14   0 0.13  0.0    0  9.1 17 230   M    M   9 18     27 230
26  46  33  40  -3  25   0 0.07    T    0  9.0 18 290   M    M  10 18     26 310
27  44  30  37  -6  28   0 0.00  0.0    0  7.5 16 260   M    M   5        25 250
================================================================================
SM 1394  888       607   0  6.05     1.5 187.3          M      167
================================================================================
AV 51.6 32.9                               6.9 FASTST   M    M   6    MAX(MPH)
                                 MISC ---->  # 25 200               # 36  180
================================================================================
NOTES:
# LAST OF SEVERAL OCCURRENCES

COLUMN 17 PEAK WIND IN M.P.H.

PRELIMINARY LOCAL CLIMATOLOGICAL DATA (WS FORM: F-6) , PAGE 2

                                          STATION:  BOWLING GREEN KY
                                          MONTH:    FEBRUARY
                                          YEAR:     2020
                                          LATITUDE:   36 58 N
                                          LONGITUDE:  86 26 W

[TEMPERATURE DATA]      [PRECIPITATION DATA]       SYMBOLS USED IN COLUMN 16

AVERAGE MONTHLY: 42.3   TOTAL FOR MONTH:   6.05    1 = FOG OR MIST
DPTR FM NORMAL:   2.6   DPTR FM NORMAL:    2.22    2 = FOG REDUCING VISIBILITY
HIGHEST:    73 ON  3    GRTST 24HR  1.65 ON  4- 4      TO 1/4 MILE OR LESS
LOWEST:     16 ON 15                               3 = THUNDER
                        SNOW, ICE PELLETS, HAIL    4 = ICE PELLETS
                        TOTAL MONTH:   1.5 INCHES  5 = HAIL
                        GRTST 24HR   0.8 ON  7- 7  6 = FREEZING RAIN OR DRIZZLE
                        GRTST DEPTH:   1 ON  7     7 = DUSTSTORM OR SANDSTORM:
                                                       VSBY 1/2 MILE OR LESS
                                                   8 = SMOKE OR HAZE
[NO. OF DAYS WITH]      [WEATHER - DAYS WITH]      9 = BLOWING SNOW
                                                   X = TORNADO
MAX 32 OR BELOW:   1    0.01 INCH OR MORE:  12
MAX 90 OR ABOVE:   0    0.10 INCH OR MORE:   8
MIN 32 OR BELOW:  13    0.50 INCH OR MORE:   5
MIN  0 OR BELOW:   0    1.00 INCH OR MORE:   2

[HDD (BASE 65) ]
TOTAL THIS MO.   607    CLEAR  (SCALE 0-3)   7
DPTR FM NORMAL   -76    PTCLDY (SCALE 4-7)   8
TOTAL FM JUL 1  2728    CLOUDY (SCALE 8-10) 12
DPTR FM NORMAL  -447

[CDD (BASE 65) ]
TOTAL THIS MO.     0
DPTR FM NORMAL     0    [PRESSURE DATA]
TOTAL FM JAN 1     0    HIGHEST SLP M ON M
DPTR FM NORMAL     0    LOWEST  SLP 29.39 ON  7

[REMARKS]
