000
CXUS55 KBOU 260901
CF6CCU
PRELIMINARY LOCAL CLIMATOLOGICAL DATA (WS FORM: F-6)

                                          STATION:   COPPER MTN/RED CLIFF
                                          MONTH:     MAY
                                          YEAR:      2020
                                          LATITUDE:   39 28 N
                                          LONGITUDE: 106  9 W

  TEMPERATURE IN F:       :PCPN:    SNOW:  WIND      :SUNSHINE: SKY     :PK WND
================================================================================
1   2   3   4   5  6A  6B    7    8   9   10  11  12  13   14  15   16   17  18
                                     12Z  AVG MX 2MIN
DY MAX MIN AVG DEP HDD CDD  WTR  SNW DPTH SPD SPD DIR MIN PSBL S-S WX    SPD DR
================================================================================

 1  54  39  47   M  18   0    M    M    M 12.4 18 250   M    M   1        27 250
 2  50  34  42   M  23   0    M    M    M 12.2 25 280   M    M   4 13     37 250
 3  54  37  46   M  19   0    M    M    M 12.6 18 180   M    M   2        27 260
 4  41  28  35   M  30   0    M    M    M 17.5 36 280   M    M   6 8      50 270
 5  45  25  35   M  30   0    M    M    M 10.4 17 300   M    M   0        23 320
 6  46  34  40   M  25   0    M    M    M 11.8 21 260   M    M   1        38 240
 7  45  27  36   M  29   0    M    M    M 15.3 38 270   M    M   2        54 250
 8  46  25  36   M  29   0    M    M    M 11.6 23 270   M    M   2        33 270
 9  45  27  36   M  29   0    M    M    M 11.7 25 270   M    M   1        31 270
10  48  32  40   M  25   0    M    M    M 15.5 28 250   M    M   3        35 250
11  41  34  38   M  27   0    M    M    M  8.9 22 260   M    M   8 3      35 260
12  46  34  40   M  25   0    M    M    M 13.5 24 250   M    M   4 8      36 210
13  46  36  41   M  24   0    M    M    M 19.0 28 250   M    M   1        39 260
14  46  36  41   M  24   0    M    M    M  9.3 21 260   M    M   6        27 260
15  46  36  41   M  24   0    M    M    M 10.1 15 240   M    M   6 3      29 240
16  46  34  40   M  25   0    M    M    M  8.8 22 260   M    M   6        32 260
17  54  37  46   M  19   0    M    M    M 11.7 15 160   M    M   3        33 270
18  61  45  53   M  12   0    M    M    M 11.4 17 170   M    M   0        27 230
19  59  46  53   M  12   0    M    M    M 17.7 36 110   M    M   4 3      46 190
20  54  34  44   M  21   0    M    M    M 16.9 38 120   M    M   1        55 120
21  46  30  38   M  27   0    M    M    M 10.4 16 260   M    M   0        23 270
22  54  34  44   M  21   0    M    M    M  9.4 17 150   M    M   1        25 160
23  46  34  40   M  25   0    M    M    M  9.8 15 220   M    M   4        29 230
24  37  28  33   M  32   0    M    M    M  7.5 16 120   M    M   9 123    37 120
25  41  27  34   M  31   0    M    M    M  4.9 15 290   M    M   6 18     20 260
================================================================================
SM 1197  833       606   0    M     M    300.3          M       81
================================================================================
AV 47.9 33.3                              12.0 FASTST   M    M   3    MAX(MPH)
                                 MISC ---->  # 38 270               # 55  120
================================================================================
NOTES:
# LAST OF SEVERAL OCCURRENCES

COLUMN 17 PEAK WIND IN M.P.H.

PRELIMINARY LOCAL CLIMATOLOGICAL DATA (WS FORM: F-6) , PAGE 2

                                          STATION:  COPPER MTN/RED CLIFF
                                          MONTH:    MAY
                                          YEAR:     2020
                                          LATITUDE:   39 28 N
                                          LONGITUDE: 106  9 W

[TEMPERATURE DATA]      [PRECIPITATION DATA]       SYMBOLS USED IN COLUMN 16

AVERAGE MONTHLY: 40.6   TOTAL FOR MONTH:      M    1 = FOG OR MIST
DPTR FM NORMAL:     M   DPTR FM NORMAL:       M    2 = FOG REDUCING VISIBILITY
HIGHEST:    61 ON 18    GRTST 24HR    M  ON   M        TO 1/4 MILE OR LESS
LOWEST:     25 ON  8, 5                            3 = THUNDER
                        SNOW, ICE PELLETS, HAIL    4 = ICE PELLETS
                        TOTAL MONTH:    M          5 = HAIL
                        GRTST 24HR    M  ON   M    6 = FREEZING RAIN OR DRIZZLE
                        GRTST DEPTH:  M  ON   M    7 = DUSTSTORM OR SANDSTORM:
                                                       VSBY 1/2 MILE OR LESS
                                                   8 = SMOKE OR HAZE
[NO. OF DAYS WITH]      [WEATHER - DAYS WITH]      9 = BLOWING SNOW
                                                   X = TORNADO
MAX 32 OR BELOW:   0    0.01 INCH OR MORE:   0
MAX 90 OR ABOVE:   0    0.10 INCH OR MORE:   0
MIN 32 OR BELOW:   9    0.50 INCH OR MORE:   0
MIN  0 OR BELOW:   0    1.00 INCH OR MORE:   0

[HDD (BASE 65) ]
TOTAL THIS MO.   606    CLEAR  (SCALE 0-3)  14
DPTR FM NORMAL     M    PTCLDY (SCALE 4-7)   9
TOTAL FM JUL 1  9879    CLOUDY (SCALE 8-10)  2
DPTR FM NORMAL     M

[CDD (BASE 65) ]
TOTAL THIS MO.     0
DPTR FM NORMAL     M    [PRESSURE DATA]
TOTAL FM JAN 1     0    HIGHEST SLP M ON M
DPTR FM NORMAL     M    LOWEST  SLP M ON M

[REMARKS]
