000
CXUS55 KBOU 180900
CF6CCU
PRELIMINARY LOCAL CLIMATOLOGICAL DATA (WS FORM: F-6)

                                          STATION:   COPPER MTN/RED CLIFF
                                          MONTH:     JULY
                                          YEAR:      2018
                                          LATITUDE:   39 28 N
                                          LONGITUDE: 106  9 W

  TEMPERATURE IN F:       :PCPN:    SNOW:  WIND      :SUNSHINE: SKY     :PK WND
================================================================================
1   2   3   4   5  6A  6B    7    8   9   10  11  12  13   14  15   16   17  18
                                     12Z  AVG MX 2MIN
DY MAX MIN AVG DEP HDD CDD  WTR  SNW DPTH SPD SPD DIR MIN PSBL S-S WX    SPD DR
================================================================================

 1  66  45  56   M   9   0    M    M    M  9.3 16 290   M    M   0        24 250
 2  68  50  59   M   6   0    M    M    M  9.9 17 250   M    M   1        29 280
 3  68  52  60   M   5   0    M    M    M 11.0 22 160   M    M   5 3      30 170
 4  73  54  64   M   1   0    M    M    M 10.9 21 150   M    M   4        28 150
 5  66  52  59   M   6   0    M    M    M 12.7 20 160   M    M   7 3      28 140
 6  72  52  62   M   3   0    M    M    M 11.6 28  70   M    M   2 3      35  70
 7  73  55  64   M   1   0    M    M    M  9.2 22  90   M    M   3 3      30  90
 8  73  52  63   M   2   0    M    M    M  9.3 21 120   M    M   4 3      30 120
 9  73  54  64   M   1   0    M    M    M 16.5 32 100   M    M   0        43  90
10  73  55  64   M   1   0    M    M    M  8.8 16 300   M    M   3 3      24 300
11  79  52  66   M   0   1    M    M    M  7.4 20  70   M    M   3        33  90
12  63  48  56   M   9   0    M    M    M  6.4 14 310   M    M   5 3      22 310
13  68  54  61   M   4   0    M    M    M  6.4 22 160   M    M   4 3      27 160
14  73  54  64   M   1   0    M    M    M  8.1 16 170   M    M   5        18 300
15  64  50  57   M   8   0    M    M    M  6.0 15 180   M    M   7 3       M  M
16  73  52  63   M   2   0    M    M    M  6.4 15 160   M    M   4 3      20 330
17  70  54  62   M   3   0    M    M    M 10.5 18 260   M    M   2        28 300
================================================================================
SM 1195  885        62   1    M     M    160.4          M       59
================================================================================
AV 70.3 52.1                               9.4 FASTST   M    M   3    MAX(MPH)
                                 MISC ---->  # 32 100               # 43   90
================================================================================
NOTES:
# LAST OF SEVERAL OCCURRENCES

COLUMN 17 PEAK WIND IN M.P.H.

PRELIMINARY LOCAL CLIMATOLOGICAL DATA (WS FORM: F-6) , PAGE 2

                                          STATION:  COPPER MTN/RED CLIFF
                                          MONTH:    JULY
                                          YEAR:     2018
                                          LATITUDE:   39 28 N
                                          LONGITUDE: 106  9 W

[TEMPERATURE DATA]      [PRECIPITATION DATA]       SYMBOLS USED IN COLUMN 16

AVERAGE MONTHLY: 61.2   TOTAL FOR MONTH:      M    1 = FOG OR MIST
DPTR FM NORMAL:     M   DPTR FM NORMAL:       M    2 = FOG REDUCING VISIBILITY
HIGHEST:    79 ON 11    GRTST 24HR    M  ON   M        TO 1/4 MILE OR LESS
LOWEST:     45 ON  1                               3 = THUNDER
                        SNOW, ICE PELLETS, HAIL    4 = ICE PELLETS
                        TOTAL MONTH:    M          5 = HAIL
                        GRTST 24HR    M  ON   M    6 = FREEZING RAIN OR DRIZZLE
                        GRTST DEPTH:  M  ON   M    7 = DUSTSTORM OR SANDSTORM:
                                                       VSBY 1/2 MILE OR LESS
                                                   8 = SMOKE OR HAZE
[NO. OF DAYS WITH]      [WEATHER - DAYS WITH]      9 = BLOWING SNOW
                                                   X = TORNADO
MAX 32 OR BELOW:   0    0.01 INCH OR MORE:   0
MAX 90 OR ABOVE:   0    0.10 INCH OR MORE:   0
MIN 32 OR BELOW:   0    0.50 INCH OR MORE:   0
MIN  0 OR BELOW:   0    1.00 INCH OR MORE:   0

[HDD (BASE 65) ]
TOTAL THIS MO.    62    CLEAR  (SCALE 0-3)   8
DPTR FM NORMAL     M    PTCLDY (SCALE 4-7)   9
TOTAL FM JUL 1    62    CLOUDY (SCALE 8-10)  0
DPTR FM NORMAL     M

[CDD (BASE 65) ]
TOTAL THIS MO.     1
DPTR FM NORMAL     M    [PRESSURE DATA]
TOTAL FM JAN 1     3    HIGHEST SLP M ON M
DPTR FM NORMAL     M    LOWEST  SLP M ON M

[REMARKS]
