000
CXUS55 KBOU 231205 RRA
CF6CCU

PRELIMINARY LOCAL CLIMATOLOGICAL DATA (WS FORM: F-6)

                                          STATION:   COPPER MTN/RED CLIFF
                                          MONTH:     FEBRUARY
                                          YEAR:      2018
                                          LATITUDE:   39 28 N
                                          LONGITUDE: 106  9 W

  TEMPERATURE IN F:       :PCPN:    SNOW:  WIND      :SUNSHINE: SKY     :PK WND
================================================================================
1   2   3   4   5  6A  6B    7    8   9   10  11  12  13   14  15   16   17  18
                                     12Z  AVG MX 2MIN
DY MAX MIN AVG DEP HDD CDD  WTR  SNW DPTH SPD SPD DIR MIN PSBL S-S WX    SPD DR
================================================================================

 1  28  23  26   M  39   0    M    M    M 20.7 23 280   M    M   8 8      27 300
 2  34  25  30   M  35   0    M    M    M 15.9 21 270   M    M  10 18     28 300
 3  28  23  26   M  39   0    M    M    M 33.4 33 280   M    M  10 8       M  M
 4  32   1  17   M  48   0    M    M    M 15.0 25 260   M    M   9 8      32 260
 5  27  19  23   M  42   0    M    M    M   M   M   M   M    M  10         M  M
 6  19  14  17   M  48   0    M    M    M   M   M   M   M    M  10 8       M  M
 7  28  14  21   M  44   0    M    M    M 14.2 23 280   M    M   7 8       M  M
 8  32  21  27   M  38   0    M    M    M 15.8 25 280   M    M   7 8      31 290
 9  32  25  29   M  36   0    M    M    M 22.8 27 250   M    M  10 8      38 250
10  27   5  16   M  49   0    M    M    M 10.4 10 280   M    M  10         M  M
11  21   0  11   M  54   0    M    M    M  5.8  9 260   M    M   1         M  M
12  27  19  23   M  42   0    M    M    M 18.0 25 180   M    M   9        32 170
13  28  23  26   M  39   0    M    M    M 16.4 27 250   M    M   6 8      33 250
14  32  23  28   M  37   0 0.01    M    0 17.3 25 240   M    M   9 8      46 220
15  23   9  16   M  49   0 0.00  0.0    0 16.2 29 250   M    M  10        38 250
16  27   5  16   M  49   0 0.00  0.0    0 13.5 29 260   M    M   5 8      39 260
17  28  10  19   M  46   0 0.00  0.0    0 19.7 33 230   M    M   2 8      51 230
18  34  25  30   M  35   0 0.00  0.0    0 19.9 31 240   M    M   3 8      45 240
19  27  12  20   M  45   0 0.00  0.0    0 22.0 39 180   M    M  10 8      39 180
20  10   0   5   M  60   0 0.00  0.0    0 14.5 28 260   M    M   7 8      43 260
21  19   0  10   M  55   0 0.00  0.0    0 13.1 18 160   M    M   4        25 160
22  18   9  14   M  51   0 0.00  0.0    0 10.4 20 180   M    M   9 8      28 190
================================================================================
SM  581  305       980   0  0.01     0.0 335.0          M      166
================================================================================
AV 26.4 13.9                              16.8 FASTST   M    M   8    MAX(MPH)
                                 MISC ---->  # 39 180               # 51  230
================================================================================
NOTES:
# LAST OF SEVERAL OCCURRENCES

COLUMN 17 PEAK WIND IN M.P.H.

PRELIMINARY LOCAL CLIMATOLOGICAL DATA (WS FORM: F-6) , PAGE 2

                                          STATION:  COPPER MTN/RED CLIFF
                                          MONTH:    FEBRUARY
                                          YEAR:     2018
                                          LATITUDE:   39 28 N
                                          LONGITUDE: 106  9 W

[TEMPERATURE DATA]      [PRECIPITATION DATA]       SYMBOLS USED IN COLUMN 16

AVERAGE MONTHLY: 20.1   TOTAL FOR MONTH:   0.01    1 = FOG OR MIST
DPTR FM NORMAL:     M   DPTR FM NORMAL:       M    2 = FOG REDUCING VISIBILITY
HIGHEST:    34 ON 18, 2 GRTST 24HR  0.01 ON 14-14      TO 1/4 MILE OR LESS
LOWEST:      0 ON 21,20                            3 = THUNDER
                        SNOW, ICE PELLETS, HAIL    4 = ICE PELLETS
                        TOTAL MONTH:   0.0 INCH    5 = HAIL
                        GRTST 24HR     0.0         6 = FREEZING RAIN OR DRIZZLE
                        GRTST DEPTH:   0           7 = DUSTSTORM OR SANDSTORM:
                                                       VSBY 1/2 MILE OR LESS
                                                   8 = SMOKE OR HAZE
[NO. OF DAYS WITH]      [WEATHER - DAYS WITH]      9 = BLOWING SNOW
                                                   X = TORNADO
MAX 32 OR BELOW:  20    0.01 INCH OR MORE:   1
MAX 90 OR ABOVE:   0    0.10 INCH OR MORE:   0
MIN 32 OR BELOW:  22    0.50 INCH OR MORE:   0
MIN  0 OR BELOW:   3    1.00 INCH OR MORE:   0

[HDD (BASE 65) ]
TOTAL THIS MO.   980    CLEAR  (SCALE 0-3)   3
DPTR FM NORMAL     M    PTCLDY (SCALE 4-7)   7
TOTAL FM JUL 1  4218    CLOUDY (SCALE 8-10) 12
DPTR FM NORMAL     M

[CDD (BASE 65) ]
TOTAL THIS MO.     0
DPTR FM NORMAL     M    [PRESSURE DATA]
TOTAL FM JAN 1     0    HIGHEST SLP M ON M
DPTR FM NORMAL     M    LOWEST  SLP M ON M

[REMARKS]
