000
CXUS55 KGJT 201000
CF6CEZ
PRELIMINARY LOCAL CLIMATOLOGICAL DATA (WS FORM: F-6)

                                          STATION:   CORTEZ CO
                                          MONTH:     AUGUST
                                          YEAR:      2018
                                          LATITUDE:   37 17 N
                                          LONGITUDE: 108 38 W

  TEMPERATURE IN F:       :PCPN:    SNOW:  WIND      :SUNSHINE: SKY     :PK WND
================================================================================
1   2   3   4   5  6A  6B    7    8   9   10  11  12  13   14  15   16   17  18
                                     12Z  AVG MX 2MIN
DY MAX MIN AVG DEP HDD CDD  WTR  SNW DPTH SPD SPD DIR MIN PSBL S-S WX    SPD DR
================================================================================

 1  95  50  73   1   0   8 0.00    M    M  5.8 21 270   M    M   0 8      26 270
 2  96  54  75   3   0  10    T    M    M  6.5 18 280   M    M   2 38     28 200
 3  89  60  75   3   0  10 0.00    M    M  5.0 17 340   M    M   4        24 290
 4  94  54  74   2   0   9 0.00    M    M  5.8 18 190   M    M   2        23 180
 5  95  60  78   6   0  13 0.00    M    M  7.9 24 230   M    M   1 8      35 210
 6  96  50  73   2   0   8 0.00    M    M  5.9 22 270   M    M   0 8      30 280
 7  96  47  72   1   0   7 0.00    M    M  6.0 17 300   M    M   0 8      24 280
 8  95  47  71   0   0   6 0.00    M    M  7.4 21 340   M    M   1 8      28 330
 9  93  48  71   0   0   6 0.00    M    M  5.7 23 130   M    M   0 8      31 130
10  89  55  72   1   0   7 0.05    M    M  6.8 41  80   M    M   1 38     52  80
11  87  50  69  -2   0   4 0.00    M    M  5.8 16 210   M    M   0        18 210
12  91  56  74   4   0   9    T    M    M  7.3 31 190   M    M   1 38     42 190
13  95  55  75   5   0  10    T    M    M  7.2 18  20   M    M   0 38     26 270
14  93  52  73   3   0   8    T    M    M  6.2 23 280   M    M   0 8      32 280
15  86  58  72   2   0   7    T    M    M  5.9 16 290   M    M   3 8      20 290
16  89  60  75   5   0  10    T    M    M  5.2 21 160   M    M   4 38     26 150
17  89  62  76   6   0  11 0.01    M    M  6.1 20 300   M    M   4 38     24 330
18  89  56  73   4   0   8    T    M    M  7.8 23 340   M    M   3 3      31 350
19  88  48  68  -1   0   3 0.00    M    M  8.9 22 330   M    M   0 8      28 340
================================================================================
SM 1745 1022         0 154  0.06    M    123.2          M       26
================================================================================
AV 91.8 53.8                               6.5 FASTST   M    M   1    MAX(MPH)
                                 MISC ---->  # 41  80               # 52   80
================================================================================
NOTES:
# LAST OF SEVERAL OCCURRENCES

COLUMN 17 PEAK WIND IN M.P.H.

PRELIMINARY LOCAL CLIMATOLOGICAL DATA (WS FORM: F-6) , PAGE 2

                                          STATION:  CORTEZ CO
                                          MONTH:    AUGUST
                                          YEAR:     2018
                                          LATITUDE:   37 17 N
                                          LONGITUDE: 108 38 W

[TEMPERATURE DATA]      [PRECIPITATION DATA]       SYMBOLS USED IN COLUMN 16

AVERAGE MONTHLY: 72.8   TOTAL FOR MONTH:   0.06    1 = FOG OR MIST
DPTR FM NORMAL:   2.1   DPTR FM NORMAL:   -0.89    2 = FOG REDUCING VISIBILITY
HIGHEST:    96 ON  7, 6 GRTST 24HR  0.05 ON 10-10      TO 1/4 MILE OR LESS
LOWEST:     47 ON  8, 7                            3 = THUNDER
                        SNOW, ICE PELLETS, HAIL    4 = ICE PELLETS
                        TOTAL MONTH:    M          5 = HAIL
                        GRTST 24HR    M  ON   M    6 = FREEZING RAIN OR DRIZZLE
                        GRTST DEPTH:  M  ON   M    7 = DUSTSTORM OR SANDSTORM:
                                                       VSBY 1/2 MILE OR LESS
                                                   8 = SMOKE OR HAZE
[NO. OF DAYS WITH]      [WEATHER - DAYS WITH]      9 = BLOWING SNOW
                                                   X = TORNADO
MAX 32 OR BELOW:   0    0.01 INCH OR MORE:   2
MAX 90 OR ABOVE:  11    0.10 INCH OR MORE:   0
MIN 32 OR BELOW:   0    0.50 INCH OR MORE:   0
MIN  0 OR BELOW:   0    1.00 INCH OR MORE:   0

[HDD (BASE 65) ]
TOTAL THIS MO.     0    CLEAR  (SCALE 0-3)  16
DPTR FM NORMAL     0    PTCLDY (SCALE 4-7)   3
TOTAL FM JUL 1     0    CLOUDY (SCALE 8-10)  0
DPTR FM NORMAL    -3

[CDD (BASE 65) ]
TOTAL THIS MO.   154
DPTR FM NORMAL    44    [PRESSURE DATA]
TOTAL FM JAN 1   561    HIGHEST SLP M ON M
DPTR FM NORMAL   187    LOWEST  SLP 29.70 ON 12

[REMARKS]
