000
CXUS54 KFWD 190730
CF6CPT
PRELIMINARY LOCAL CLIMATOLOGICAL DATA (WS FORM: F-6)

                                          STATION:   CLEBURNE
                                          MONTH:     JUNE
                                          YEAR:      2018
                                          LATITUDE:   32 20 N
                                          LONGITUDE:  97 24 W

  TEMPERATURE IN F:       :PCPN:    SNOW:  WIND      :SUNSHINE: SKY     :PK WND
================================================================================
1   2   3   4   5  6A  6B    7    8   9   10  11  12  13   14  15   16   17  18
                                     12Z  AVG MX 2MIN
DY MAX MIN AVG DEP HDD CDD  WTR  SNW DPTH SPD SPD DIR MIN PSBL S-S WX    SPD DR
================================================================================

 1  95  73  84   7   0  19 0.00  0.0    0 12.5 17 180   M    M   1        22 170
 2  99  75  87  10   0  22 0.00  0.0    0 11.3 22 170   M    M   1        29 170
 3  91  77  84   7   0  19 0.00  0.0    0 10.7 18  30   M    M   3        24  30
 4  88  70  79   1   0  14 0.00  0.0    0  6.9 15  60   M    M   2 3      22  60
 5  99  72  86   8   0  21 0.00  0.0    0  8.5 14 100   M    M   1        21 100
 6  99  77  88  10   0  23 0.00  0.0    0 12.1 21 140   M    M   0 3      23 130
 7  95  73  84   6   0  19 0.00  0.0    0 12.7 20 140   M    M   1        27 140
 8  95  72  84   5   0  19 0.00  0.0    0 10.1 15 180   M    M   1        22 180
 9  95  73  84   5   0  19 0.00  0.0    0  9.9 14 170   M    M   0        21 140
10  97  72  85   6   0  20 0.00  0.0    0 12.1 17 190   M    M   1        23 200
11  97  77  87   8   0  22 0.00  0.0    0 14.9 20 170   M    M   1        27 170
12  97  77  87   7   0  22 0.00  0.0    0 11.6 17 190   M    M   3        24 190
13  99  75  87   7   0  22 0.00  0.0    0 10.8 15 190   M    M   1        20 210
14  97  75  86   6   0  21 0.00  0.0    0 10.0 17 180   M    M   0        24 180
15  97  73  85   5   0  20 0.00  0.0    0 11.6 17 150   M    M   1        23 170
16  97  75  86   6   0  21 0.00  0.0    0 13.1 18 150   M    M   2        27 150
17  95  73  84   4   0  19 0.00  0.0    0 10.4 20 120   M    M   3 8      27 120
18  93  75  84   3   0  19 0.00  0.0    0 12.8 20 110   M    M   7        27 130
================================================================================
SM 1725 1334         0 361  0.00     0.0 202.0          M       29
================================================================================
AV 95.8 74.1                              11.2 FASTST   M    M   2    MAX(MPH)
                                 MISC ---->  # 22 170               # 29  170
================================================================================
NOTES:
# LAST OF SEVERAL OCCURRENCES

COLUMN 17 PEAK WIND IN M.P.H.

PRELIMINARY LOCAL CLIMATOLOGICAL DATA (WS FORM: F-6) , PAGE 2

                                          STATION:  CLEBURNE
                                          MONTH:    JUNE
                                          YEAR:     2018
                                          LATITUDE:   32 20 N
                                          LONGITUDE:  97 24 W

[TEMPERATURE DATA]      [PRECIPITATION DATA]       SYMBOLS USED IN COLUMN 16

AVERAGE MONTHLY: 85.0   TOTAL FOR MONTH:   0.00    1 = FOG OR MIST
DPTR FM NORMAL:   6.1   DPTR FM NORMAL:   -2.88    2 = FOG REDUCING VISIBILITY
HIGHEST:    99 ON 13, 6 GRTST 24HR  0.00 ON 18-18      TO 1/4 MILE OR LESS
LOWEST:     70 ON  4                               3 = THUNDER
                        SNOW, ICE PELLETS, HAIL    4 = ICE PELLETS
                        TOTAL MONTH:   0.0 INCH    5 = HAIL
                        GRTST 24HR     0.0         6 = FREEZING RAIN OR DRIZZLE
                        GRTST DEPTH:   0           7 = DUSTSTORM OR SANDSTORM:
                                                       VSBY 1/2 MILE OR LESS
                                                   8 = SMOKE OR HAZE
[NO. OF DAYS WITH]      [WEATHER - DAYS WITH]      9 = BLOWING SNOW
                                                   X = TORNADO
MAX 32 OR BELOW:   0    0.01 INCH OR MORE:   0
MAX 90 OR ABOVE:  17    0.10 INCH OR MORE:   0
MIN 32 OR BELOW:   0    0.50 INCH OR MORE:   0
MIN  0 OR BELOW:   0    1.00 INCH OR MORE:   0

[HDD (BASE 65) ]
TOTAL THIS MO.     0    CLEAR  (SCALE 0-3)  17
DPTR FM NORMAL     0    PTCLDY (SCALE 4-7)   1
TOTAL FM JUL 1  2233    CLOUDY (SCALE 8-10)  0
DPTR FM NORMAL  -217

[CDD (BASE 65) ]
TOTAL THIS MO.   361
DPTR FM NORMAL   112    [PRESSURE DATA]
TOTAL FM JAN 1   849    HIGHEST SLP M ON M
DPTR FM NORMAL   238    LOWEST  SLP M ON M

[REMARKS]
