000
CXUS54 KFWD 290730
CF6CPT
PRELIMINARY LOCAL CLIMATOLOGICAL DATA (WS FORM: F-6)

                                          STATION:   CLEBURNE
                                          MONTH:     OCTOBER
                                          YEAR:      2020
                                          LATITUDE:   32 20 N
                                          LONGITUDE:  97 24 W

  TEMPERATURE IN F:       :PCPN:    SNOW:  WIND      :SUNSHINE: SKY     :PK WND
================================================================================
1   2   3   4   5  6A  6B    7    8   9   10  11  12  13   14  15   16   17  18
                                     12Z  AVG MX 2MIN
DY MAX MIN AVG DEP HDD CDD  WTR  SNW DPTH SPD SPD DIR MIN PSBL S-S WX    SPD DR
================================================================================

 1  82  57  70  -1   0   5 0.00  0.0    0  9.9 20  50   M    M   0        22  50
 2  77  52  65  -6   0   0 0.00  0.0    0  8.4 13 130   M    M   0         M  M
 3  82  55  69  -2   0   4 0.00  0.0    0  9.6 13 180   M    M   0        22 190
 4  79  59  69  -1   0   4 0.00  0.0    0  9.0 16  40   M    M   1        21  30
 5  81  50  66  -4   0   1 0.00  0.0    0  7.8 15 120   M    M   0        14  99
 6  86  59  73   3   0   8 0.00  0.0    0  7.2 10 130   M    M   0         M  M
 7  86  63  75   6   0  10 0.00  0.0    0  6.9 10 200   M    M   0         M  M
 8  86  57  72   3   0   7 0.00  0.0    0  4.8 10 110   M    M   1        14 110
 9  86  64  75   6   0  10 0.00  0.0    0  6.5 12  80   M    M   4 1       M  M
10  88  61  75   7   0  10 0.00  0.0    0  5.0  9 190   M    M   3 12     14 140
11  95  68  82  14   0  17 0.00  0.0    0 10.1 14 170   M    M   0        20 190
12  81  59  70   2   0   5 0.00  0.0    0 10.2 21  20   M    M   0 8      29  20
13  82  48  65  -3   0   0 0.00  0.0    0  3.5  8 130   M    M   0 8       M  M
14  91  57  74   7   0   9 0.00  0.0    0 11.7 18 170   M    M   0        27 190
15  79  64  72   5   0   7 0.00  0.0    0 14.5 27  30   M    M   6        33  10
16  72  50  61  -5   4   0 0.00  0.0    0 10.4 22  30   M    M   1        27  20
17  75  48  62  -4   3   0 0.00  0.0    0 12.7 22 170   M    M   3        28 170
18  88  55  72   6   0   7 0.00  0.0    0 14.1 21 180   M    M   3        27 180
19  68  54  61  -5   4   0 0.00  0.0    0  7.8 10  30   M    M   7         M  M
20  73  63  68   3   0   3 0.00  0.0    0  4.5  8 150   M    M   9         M  M
21  86  72  79  14   0  14 0.00  0.0    M 11.2 15 170   M    M   3        21 170
22  86  68  77  12   0  12 0.00  0.0    0 12.0 18 180   M    M   3 1      25 170
23  73  48  61  -3   4   0    M  0.0    0 15.1 24 340   M    M   8 3      40 330
24  59  41  50 -14  15   0 0.00  0.0    0  7.1 17 350   M    M   5        18 350
25  64  52  58  -6   7   0 0.00  0.0    0  9.6 16  60   M    M   6 1      17 130
26  57  36  47 -16  18   0    M  0.0    0 17.0 22 360   M    M   9 1      30 360
27  39  36  38 -25  27   0    M  0.0    0 14.4 21 360   M    M   9 1      23  10
28  50  36  43 -20  22   0    M  0.0    0 12.2 17 300   M    M   6        23 300
================================================================================
SM 2151 1532       104 133  0.00     0.0 273.2          M       87
================================================================================
AV 76.8 54.7                               9.8 FASTST   M    M   3    MAX(MPH)
                                 MISC ---->  # 27  30               # 40  330
================================================================================
NOTES:
# LAST OF SEVERAL OCCURRENCES

COLUMN 17 PEAK WIND IN M.P.H.

PRELIMINARY LOCAL CLIMATOLOGICAL DATA (WS FORM: F-6) , PAGE 2

                                          STATION:  CLEBURNE
                                          MONTH:    OCTOBER
                                          YEAR:     2020
                                          LATITUDE:   32 20 N
                                          LONGITUDE:  97 24 W

[TEMPERATURE DATA]      [PRECIPITATION DATA]       SYMBOLS USED IN COLUMN 16

AVERAGE MONTHLY: 65.8   TOTAL FOR MONTH:   0.00    1 = FOG OR MIST
DPTR FM NORMAL:  -1.2   DPTR FM NORMAL:   -3.51    2 = FOG REDUCING VISIBILITY
HIGHEST:    95 ON 11    GRTST 24HR  0.00 ON 25-25      TO 1/4 MILE OR LESS
LOWEST:     36 ON 28,27                            3 = THUNDER
                        SNOW, ICE PELLETS, HAIL    4 = ICE PELLETS
                        TOTAL MONTH:   0.0 INCH    5 = HAIL
                        GRTST 24HR     0.0         6 = FREEZING RAIN OR DRIZZLE
                        GRTST DEPTH:   0           7 = DUSTSTORM OR SANDSTORM:
                                                       VSBY 1/2 MILE OR LESS
                                                   8 = SMOKE OR HAZE
[NO. OF DAYS WITH]      [WEATHER - DAYS WITH]      9 = BLOWING SNOW
                                                   X = TORNADO
MAX 32 OR BELOW:   0    0.01 INCH OR MORE:   0
MAX 90 OR ABOVE:   2    0.10 INCH OR MORE:   0
MIN 32 OR BELOW:   0    0.50 INCH OR MORE:   0
MIN  0 OR BELOW:   0    1.00 INCH OR MORE:   0

[HDD (BASE 65) ]
TOTAL THIS MO.   104    CLEAR  (SCALE 0-3)  15
DPTR FM NORMAL    41    PTCLDY (SCALE 4-7)   9
TOTAL FM JUL 1   111    CLOUDY (SCALE 8-10)  4
DPTR FM NORMAL    40

[CDD (BASE 65) ]
TOTAL THIS MO.   133
DPTR FM NORMAL    14    [PRESSURE DATA]
TOTAL FM JAN 1  2627    HIGHEST SLP M ON M
DPTR FM NORMAL   161    LOWEST  SLP M ON M

[REMARKS]
