000
CXUS54 KFWD 200730
CF6CPT
PRELIMINARY LOCAL CLIMATOLOGICAL DATA (WS FORM: F-6)

                                          STATION:   CLEBURNE
                                          MONTH:     SEPTEMBER
                                          YEAR:      2018
                                          LATITUDE:   32 20 N
                                          LONGITUDE:  97 24 W

  TEMPERATURE IN F:       :PCPN:    SNOW:  WIND      :SUNSHINE: SKY     :PK WND
================================================================================
1   2   3   4   5  6A  6B    7    8   9   10  11  12  13   14  15   16   17  18
                                     12Z  AVG MX 2MIN
DY MAX MIN AVG DEP HDD CDD  WTR  SNW DPTH SPD SPD DIR MIN PSBL S-S WX    SPD DR
================================================================================

 1  93  75  84   2   0  19 0.00  0.0    0  8.7 15 120   M    M   1        22 120
 2  93  75  84   3   0  19 0.00  0.0    0 10.5 17 120   M    M   1        22 130
 3  86  73  80  -1   0  15    T  0.0    0  6.6 18 130   M    M   7 13     15  70
 4  90  73  82   1   0  17    T  0.0    0  9.2 14 140   M    M   7 13     18 120
 5  88  75  82   1   0  17 0.00  0.0    0  5.1 13 150   M    M   5 3      13 150
 6  88  73  81   1   0  16 0.00  0.0    0  6.2 14 280   M    M   5 3      21 280
 7  91  72  82   2   0  17 0.00  0.0    0  5.4 16 360   M    M   5 13     23 340
 8  77  73  75  -5   0  10 0.00  0.0    0  4.5 14 290   M    M   7 1       M  M
 9  77  70  74  -5   0   9 0.00  0.0    0  9.5 15  10   M    M  10         M  M
10  75  64  70  -9   0   5 0.00  0.0    0  5.6 10  90   M    M   9 1       M  M
11  81  70  76  -3   0  11    M  0.0    0  9.0 14  90   M    M  10 1      18  80
12  86  72  79   1   0  14 0.00  0.0    0  8.7 14 110   M    M   7 1      21 110
13  88  72  80   2   0  15 0.00  0.0    0  7.2 12 110   M    M   5 1      18 130
14  86  72  79   1   0  14 0.00  0.0    0  4.9 12 140   M    M   3 3      12  99
15  90  73  82   5   0  17 0.00  0.0    0  7.4 15  70   M    M   3 13     22  70
16  90  72  81   4   0  16 0.00  0.0    0  4.9 12  60   M    M   2 1      14  90
17  91  73  82   6   0  17 0.00  0.0    0  4.0  9 170   M    M   1        12 200
18  91  73  82   6   0  17 0.00  0.0    0  4.8  9 170   M    M   0        14  99
19  93  73  83   7   0  18 0.00  0.0    0  6.9 13 190   M    M   0        16 170
================================================================================
SM 1654 1373         0 283    T      0.0 129.1          M       88
================================================================================
AV 87.1 72.3                               6.8 FASTST   M    M   5    MAX(MPH)
                                 MISC ---->  # 18 130               # 23  340
================================================================================
NOTES:
# LAST OF SEVERAL OCCURRENCES

COLUMN 17 PEAK WIND IN M.P.H.

PRELIMINARY LOCAL CLIMATOLOGICAL DATA (WS FORM: F-6) , PAGE 2

                                          STATION:  CLEBURNE
                                          MONTH:    SEPTEMBER
                                          YEAR:     2018
                                          LATITUDE:   32 20 N
                                          LONGITUDE:  97 24 W

[TEMPERATURE DATA]      [PRECIPITATION DATA]       SYMBOLS USED IN COLUMN 16

AVERAGE MONTHLY: 79.7   TOTAL FOR MONTH:      T    1 = FOG OR MIST
DPTR FM NORMAL:   0.8   DPTR FM NORMAL:   -2.19    2 = FOG REDUCING VISIBILITY
HIGHEST:    93 ON 19, 2 GRTST 24HR    T  ON  4- 4      TO 1/4 MILE OR LESS
LOWEST:     64 ON 10                               3 = THUNDER
                        SNOW, ICE PELLETS, HAIL    4 = ICE PELLETS
                        TOTAL MONTH:   0.0 INCH    5 = HAIL
                        GRTST 24HR     0.0         6 = FREEZING RAIN OR DRIZZLE
                        GRTST DEPTH:   0           7 = DUSTSTORM OR SANDSTORM:
                                                       VSBY 1/2 MILE OR LESS
                                                   8 = SMOKE OR HAZE
[NO. OF DAYS WITH]      [WEATHER - DAYS WITH]      9 = BLOWING SNOW
                                                   X = TORNADO
MAX 32 OR BELOW:   0    0.01 INCH OR MORE:   0
MAX 90 OR ABOVE:   9    0.10 INCH OR MORE:   0
MIN 32 OR BELOW:   0    0.50 INCH OR MORE:   0
MIN  0 OR BELOW:   0    1.00 INCH OR MORE:   0

[HDD (BASE 65) ]
TOTAL THIS MO.     0    CLEAR  (SCALE 0-3)   7
DPTR FM NORMAL     0    PTCLDY (SCALE 4-7)   9
TOTAL FM JUL 1     0    CLOUDY (SCALE 8-10)  3
DPTR FM NORMAL     0

[CDD (BASE 65) ]
TOTAL THIS MO.   283
DPTR FM NORMAL    18    [PRESSURE DATA]
TOTAL FM JAN 1  2721    HIGHEST SLP M ON M
DPTR FM NORMAL   474    LOWEST  SLP M ON M

[REMARKS]
