000
CXUS54 KHUN 230910
CF6DCU
PRELIMINARY LOCAL CLIMATOLOGICAL DATA (WS FORM: F-6)

                                          STATION:   DECATUR
                                          MONTH:     OCTOBER
                                          YEAR:      2018
                                          LATITUDE:   34 39 N
                                          LONGITUDE:  86 56 W

  TEMPERATURE IN F:       :PCPN:    SNOW:  WIND      :SUNSHINE: SKY     :PK WND
================================================================================
1   2   3   4   5  6A  6B    7    8   9   10  11  12  13   14  15   16   17  18
                                     12Z  AVG MX 2MIN
DY MAX MIN AVG DEP HDD CDD  WTR  SNW DPTH SPD SPD DIR MIN PSBL S-S WX    SPD DR
================================================================================

 1  86  70  78  11   0  13 0.06  0.0    0  6.3 16 140   M    M   5 13   20 150
 2  88  71  80  14   0  15    T  0.0    0  3.8 13 170   M    M   3 M    15 170
 3  89  66  78  12   0  13 0.00  0.0    0  3.8 14 160   M    M   1 1    18 160
 4  90  66  78  13   0  13 0.00  0.0    0  2.6  9 180   M    M   0 1    13 270
 5  91  66  79  14   0  14 0.00  0.0    0  2.5 14 160   M    M   0 1    17 170
 6  91  67  79  14   0  14 0.00  0.0    0  2.7 15 160   M    M   0 1    23  90
 7  91  66  79  15   0  14 0.00  0.0    0  5.5 20 160   M    M   1 1    28 150
 8  88  66  77  13   0  12    T  0.0    0  7.3 18 150   M    M   3 M    24 150
 9  85  72  79  15   0  14 0.00  0.0    0  9.1 20 130   M    M   6 M    26  80
10  81  72  77  14   0  12    T  0.0    0  7.4 16 120   M    M   5 M    23 130
11  74  49  62  -1   3   0 0.00  0.0    0 11.1 20 350   M    M   4 M    24 340
12  71  44  58  -4   7   0 0.00  0.0    0  4.7 13 290   M    M   0 M    16 280
13  70  56  63   1   2   0 0.08  0.0    0  5.9 14  20   M    M   4 1    20  80
14  81  57  69   7   0   4    T  0.0    0  8.6 17 190   M    M   6 M    22 190
15  80  57  69   8   0   4    T  0.0    0  7.6 20 330   M    M   6 M    25 330
16  58  54  56  -5   9   0 0.80  0.0    0  6.3 13 350   M    M   8 1    16 340
17  71  52  62   1   3   0 0.07  0.0    0  6.9 14 360   M    M   1 M    19  20
18  69  47  58  -2   7   0 0.00  0.0    0  5.9 13  20   M    M   0 M    16  20
19  77  45  61   1   4   0 0.00  0.0    0  3.5 13 200   M    M   0 M    19 180
20  66  50  58  -2   7   0 0.17    M    0  7.7 17 360   M    M   8 1    23 360
21  60  35  48 -11  17   0 0.00  0.0    0  8.5 20  10   M    M   0 M    28  20
22  68  32  50  -9  15   0 0.00  0.0    0  2.7 13 180   M    M   0 M    15 170
================================================================================
SM 1725 1260        74 142  1.18  0.0    130.4          M       61
================================================================================
AV 78.4 57.3                               5.9 FASTST   M    M   2    MAX(MPH)
                                 MISC ---->  # 20 160               # 28 150
================================================================================
NOTES:
# LAST OF SEVERAL OCCURRENCES

COLUMN 17 PEAK WIND IN M.P.H.

PRELIMINARY LOCAL CLIMATOLOGICAL DATA (WS FORM: F-6) , PAGE 2

                                          STATION:   DECATUR
                                          MONTH:     OCTOBER
                                          YEAR:      2018
                                          LATITUDE:   34 39 N
                                          LONGITUDE:  86 56 W

[TEMPERATURE DATA]      [PRECIPITATION DATA]       SYMBOLS USED IN COLUMN 16

AVERAGE MONTHLY: 67.8   TOTAL FOR MONTH:   1.18    1 = FOG OR MIST
DPTR FM NORMAL:   5.2   DPTR FM NORMAL:   -1.22    2 = FOG REDUCING VISIBILITY
HIGHEST:    91 ON  7, 6  GRTST 24HR  0.87 ON 16-17      TO 1/4 MILE OR LESS
LOWEST:     32 ON 22                               3 = THUNDER
                        SNOW, ICE PELLETS, HAIL    4 = ICE PELLETS
                        TOTAL MONTH:   0.0 INCH    5 = HAIL
                        GRTST 24HR  0.0            6 = FREEZING RAIN OR DRIZZLE
                        GRTST DEPTH:  0            7 = DUSTSTORM OR SANDSTORM:
                                                       VSBY 1/2 MILE OR LESS
                                                   8 = SMOKE OR HAZE
[NO. OF DAYS WITH]      [WEATHER - DAYS WITH]      9 = BLOWING SNOW
                                                   X = TORNADO
MAX 32 OR BELOW:   0    0.01 INCH OR MORE:   5
MAX 90 OR ABOVE:   4    0.10 INCH OR MORE:   2
MIN 32 OR BELOW:   1    0.50 INCH OR MORE:   1
MIN  0 OR BELOW:   0    1.00 INCH OR MORE:   0

[HDD (BASE 65) ]
TOTAL THIS MO.    74    CLEAR  (SCALE 0-3)  12
DPTR FM NORMAL   -19    PTCLDY (SCALE 4-7)   9
TOTAL FM JUL 1    74    CLOUDY (SCALE 8-10)  1
DPTR FM NORMAL   -34

[CDD (BASE 65) ]
TOTAL THIS MO.   142
DPTR FM NORMAL    99    [PRESSURE DATA]
TOTAL FM JAN 1  2181    HIGHEST SLP M ON M
DPTR FM NORMAL   450    LOWEST  SLP 29.72 ON 10

[REMARKS]
