856
CXUS54 KHUN 171015
CF6DCU
PRELIMINARY LOCAL CLIMATOLOGICAL DATA (WS FORM: F-6)

                                          STATION:   DECATUR
                                          MONTH:     JULY
                                          YEAR:      2018
                                          LATITUDE:   34 39 N
                                          LONGITUDE:  86 56 W

  TEMPERATURE IN F:       :PCPN:    SNOW:  WIND      :SUNSHINE: SKY     :PK WND
================================================================================
1   2   3   4   5  6A  6B    7    8   9   10  11  12  13   14  15   16   17  18
                                     12Z  AVG MX 2MIN
DY MAX MIN AVG DEP HDD CDD  WTR  SNW DPTH SPD SPD DIR MIN PSBL S-S WX    SPD DR
================================================================================

 1  91  71  81   2   0  16 0.00  0.0    0  4.3 16 180   M    M   1 1      26  90
 2  89  73  81   2   0  16    T  0.0    0  4.0 17  50   M    M   3 3      27  70
 3  90  73  82   3   0  17 0.00  0.0    0  5.5 15 160   M    M   1        20 160
 4  94  72  83   4   0  18    T  0.0    0  4.2 15 140   M    M   2 3      20 140
 5  89  72  81   2   0  16 0.08  0.0    0  4.5 14  40   M    M   2 13     21  60
 6  90  72  81   2   0  16 0.16  0.0    0  4.1 22 340   M    M   2 13     31 340
 7  86  71  79   0   0  14 0.54  0.0    0  5.6 16 340   M    M   4 13     21  20
 8  84  70  77  -2   0  12 0.00  0.0    0  5.6 13  80   M    M   4        21  90
 9  89  68  79  -1   0  14 0.00  0.0    0  3.3 12  80   M    M   1 1      17  80
10  91  67  79  -1   0  14 0.00  0.0    0  1.8  9 300   M    M   1        12 290
11  89  72  81   1   0  16    T  0.0    0  3.2 14 340   M    M   3 3      18 230
12  93  69  81   1   0  16 0.00  0.0    0  2.0 14  80   M    M   1 13     17  90
13  92  72  82   2   0  17 0.00  0.0    0  3.5 14 310   M    M   2 1      17 310
14  94  73  84   4   0  19    T  0.0    0  3.4 24 280   M    M   2        35 280
15  86  71  79  -1   0  14 0.17  0.0    0  3.7 10  70   M    M   2 13     15  80
16  86  70  78  -2   0  13 0.32  0.0    0  2.9  9 170   M    M   2 13      M  M
================================================================================
SM 1433 1136         0 248  1.27     0.0  61.6          M       33
================================================================================
AV 89.6 71.0                               3.9 FASTST   M    M   2    MAX(MPH)
                                 MISC ---->  # 24 280               # 35  280
================================================================================
NOTES:
# LAST OF SEVERAL OCCURRENCES

COLUMN 17 PEAK WIND IN M.P.H.

PRELIMINARY LOCAL CLIMATOLOGICAL DATA (WS FORM: F-6) , PAGE 2

                                          STATION:  DECATUR
                                          MONTH:    JULY
                                          YEAR:     2018
                                          LATITUDE:   34 39 N
                                          LONGITUDE:  86 56 W

[TEMPERATURE DATA]      [PRECIPITATION DATA]       SYMBOLS USED IN COLUMN 16

AVERAGE MONTHLY: 80.3   TOTAL FOR MONTH:   1.27    1 = FOG OR MIST
DPTR FM NORMAL:   0.8   DPTR FM NORMAL:   -1.25    2 = FOG REDUCING VISIBILITY
HIGHEST:    94 ON 14, 4 GRTST 24HR  0.54 ON  7- 7      TO 1/4 MILE OR LESS
LOWEST:     67 ON 10                               3 = THUNDER
                        SNOW, ICE PELLETS, HAIL    4 = ICE PELLETS
                        TOTAL MONTH:   0.0 INCH    5 = HAIL
                        GRTST 24HR     0.0         6 = FREEZING RAIN OR DRIZZLE
                        GRTST DEPTH:   0           7 = DUSTSTORM OR SANDSTORM:
                                                       VSBY 1/2 MILE OR LESS
                                                   8 = SMOKE OR HAZE
[NO. OF DAYS WITH]      [WEATHER - DAYS WITH]      9 = BLOWING SNOW
                                                   X = TORNADO
MAX 32 OR BELOW:   0    0.01 INCH OR MORE:   5
MAX 90 OR ABOVE:   8    0.10 INCH OR MORE:   4
MIN 32 OR BELOW:   0    0.50 INCH OR MORE:   1
MIN  0 OR BELOW:   0    1.00 INCH OR MORE:   0

[HDD (BASE 65) ]
TOTAL THIS MO.     0    CLEAR  (SCALE 0-3)  14
DPTR FM NORMAL     0    PTCLDY (SCALE 4-7)   2
TOTAL FM JUL 1     0    CLOUDY (SCALE 8-10)  0
DPTR FM NORMAL     0

[CDD (BASE 65) ]
TOTAL THIS MO.   248
DPTR FM NORMAL    18    [PRESSURE DATA]
TOTAL FM JAN 1   982    HIGHEST SLP M ON M
DPTR FM NORMAL   182    LOWEST  SLP 29.93 ON M

[REMARKS]
