893
CXUS52 KTAE 270800
CF6DHN
PRELIMINARY LOCAL CLIMATOLOGICAL DATA (WS FORM: F-6)

                                          STATION:   DOTHAN
                                          MONTH:     MAY
                                          YEAR:      2024
                                          LATITUDE:   31 19 N
                                          LONGITUDE:  85 27 W

  TEMPERATURE IN F:       :PCPN:    SNOW:  WIND      :SUNSHINE: SKY     :PK WND
================================================================================
1   2   3   4   5  6A  6B    7    8   9   10  11  12  13   14  15   16   17  18
                                     12Z  AVG MX 2MIN
DY MAX MIN AVG DEP HDD CDD  WTR  SNW DPTH SPD SPD DIR MIN PSBL S-S WX    SPD DR
================================================================================

 1  90  64  77   5   0  12 0.00  0.0    M  2.6 10  40   M    M   4 128    15  50
 2  90  63  77   5   0  12 0.00  0.0    0  4.6 16 160   M    M   0        31 140
 3  89  67  78   6   0  13    T  0.0    0  4.7 13 250   M    M   1        19 180
 4  92  68  80   8   0  15    T  0.0    0  6.7 17 120   M    M   5 3      23 300
 5  92  64  78   5   0  13 0.00  0.0    M  5.7 17 170   M    M   2        22 180
 6  92  67  80   7   0  15 0.00  0.0    M  6.8 17 160   M    M   2 1      24 210
 7  92  70  81   8   0  16 0.00  0.0    M  7.8 17 210   M    M   3 1      24 200
 8  93  72  83   9   0  18 0.00  0.0    M 10.9 20 190   M    M   6 1      27 200
 9  92  70  81   7   0  16 0.00  0.0    M 10.1 24 230   M    M   8        32 230
10  85  66  76   2   0  11 3.12  0.0    M  8.9 20 340   M    M   6 123    24 330
11  82  61  72  -2   0   7 0.00  0.0    M  6.4 14 330   M    M   0        20  10
12  83  61  72  -3   0   7    T  0.0    0  4.5 12  40   M    M   1        16  50
13  70  63  67  -8   0   2 1.24  0.0    0  8.1 28  90   M    M   6 13     41 130
14  84  65  75   0   0  10 0.27  0.0    0  8.3 22 210   M    M   6 13     32 220
15  86  70  78   2   0  13 0.00  0.0    0  9.5 18 270   M    M   5 1      26 270
16  89  65  77   1   0  12 0.00  0.0    0  5.4 14 310   M    M   0        22 280
17  77  68  73  -3   0   8 0.38  0.0    0  8.7 24 300   M    M   7 138    29 300
18  81  68  75  -1   0  10 0.42  0.0    0  9.2 31 220   M    M   5 13     42 230
19  86  68  77   1   0  12 0.00  0.0    0  8.0 14 310   M    M   3        22 270
20  83  66  75  -2   0  10 0.00  0.0    0  4.5 13  40   M    M   4        16  90
21  86  63  75  -2   0  10 0.00  0.0    0  3.5 12  80   M    M   1        15 130
22  88  66  77   0   0  12 0.00  0.0    0  4.6 12 170   M    M   2        16 160
23  90  70  80   2   0  15 0.00  0.0    0  4.7 14 170   M    M   2        19 170
24  89  73  81   3   0  16 0.00  0.0    0  7.8 15 260   M    M   5 1      20 280
25  91  74  83   5   0  18 0.10  0.0    0  5.7 13 250   M    M   4 13     20 250
26  92  73  83   5   0  18 0.00  0.0    0  9.2 18 200   M    M   3 12     26 200
================================================================================
SM 2264 1745         0 321  5.53  0.0    176.9          M       91
================================================================================
AV 87.1 67.1                               6.8 FASTST   M    M   4    MAX(MPH)
                                 MISC ---->    31 220                 42 230
================================================================================
NOTES:
# LAST OF SEVERAL OCCURRENCES

COLUMN 17 PEAK WIND IN M.P.H.

PRELIMINARY LOCAL CLIMATOLOGICAL DATA (WS FORM: F-6) , PAGE 2

                                          STATION:   DOTHAN
                                          MONTH:     MAY
                                          YEAR:      2024
                                          LATITUDE:   31 19 N
                                          LONGITUDE:  85 27 W

[TEMPERATURE DATA]      [PRECIPITATION DATA]       SYMBOLS USED IN COLUMN 16

AVERAGE MONTHLY: 77.1   TOTAL FOR MONTH:   5.53    1 = FOG OR MIST
DPTR FM NORMAL:   2.1   DPTR FM NORMAL:    3.19    2 = FOG REDUCING VISIBILITY
HIGHEST:    93 ON  8    GRTST 24HR  3.12 ON  9-10      TO 1/4 MILE OR LESS
LOWEST:     61 ON 12,11                             3 = THUNDER
                        SNOW, ICE PELLETS, HAIL    4 = ICE PELLETS
                        TOTAL MONTH:   0.0 INCH    5 = HAIL
                        GRTST 24HR  0.0            6 = FREEZING RAIN OR DRIZZLE
                        GRTST DEPTH:  0            7 = DUSTSTORM OR SANDSTORM:
                                                       VSBY 1/2 MILE OR LESS
                                                   8 = SMOKE OR HAZE
[NO. OF DAYS WITH]      [WEATHER - DAYS WITH]      9 = BLOWING SNOW
                                                   X = TORNADO
MAX 32 OR BELOW:   0    0.01 INCH OR MORE:   6
MAX 90 OR ABOVE:  11    0.10 INCH OR MORE:   6
MIN 32 OR BELOW:   0    0.50 INCH OR MORE:   2
MIN  0 OR BELOW:   0    1.00 INCH OR MORE:   2

[HDD (BASE 65) ]
TOTAL THIS MO.     0    CLEAR  (SCALE 0-3)  13
DPTR FM NORMAL     0    PTCLDY (SCALE 4-7)  13
TOTAL FM JUL 1  1502    CLOUDY (SCALE 8-10)  0
DPTR FM NORMAL  -128

[CDD (BASE 65) ]
TOTAL THIS MO.   321
DPTR FM NORMAL    58    [PRESSURE DATA]
TOTAL FM JAN 1   505    HIGHEST SLP M ON M
DPTR FM NORMAL    56    LOWEST  SLP 29.72 ON 14

[REMARKS]