000
CXUS56 KTFX 201205
CF6DLN
PRELIMINARY LOCAL CLIMATOLOGICAL DATA (WS FORM: F-6)

                                          STATION:   DILLON AIRPORT MT
                                          MONTH:     JANUARY
                                          YEAR:      2019
                                          LATITUDE:   45 15 N
                                          LONGITUDE: 112 33 W

  TEMPERATURE IN F:       :PCPN:    SNOW:  WIND      :SUNSHINE: SKY     :PK WND
================================================================================
1   2   3   4   5  6A  6B    7    8   9   10  11  12  13   14  15   16   17  18
                                     12Z  AVG MX 2MIN
DY MAX MIN AVG DEP HDD CDD  WTR  SNW DPTH SPD SPD DIR MIN PSBL S-S WX    SPD DR
================================================================================

 1  12 -10   1 -20  64   0    T    M    T  6.3 15 200   M    M   4 1      18 180
 2  30   1  16  -6  49   0 0.00    M    1  9.0 21 240   M    M   0        30 220
 3  32  16  24   2  41   0 0.00    M    1 14.0 28 230   M    M   2        36 230
 4  36  17  27   5  38   0 0.00    M    1 10.3 20 200   M    M   0        25 200
 5  41  19  30   8  35   0 0.00    M    T  8.0 20 190   M    M   2        33 220
 6  40  19  30   8  35   0 0.00    M    T 10.4 25 230   M    M   2        33 230
 7  30  11  21  -1  44   0    T    M    0 15.3 35 260   M    M   2 18     44 260
 8  27   6  17  -5  48   0 0.00    M    T  9.8 16 180   M    M   0        19 180
 9  47  17  32  10  33   0 0.00    M    T  4.8 13 220   M    M   5        14 230
10  43  20  32  10  33   0    T    M    0  8.6 15 200   M    M   4        18 230
11  34  14  24   2  41   0 0.00    M    0 10.2 15 210   M    M   0        18 210
12  32   8  20  -3  45   0 0.00    M    0  9.0 16 210   M    M   0        20 210
13  35   7  21  -2  44   0 0.00    M    0  8.5 14 210   M    M   0        17 220
14  35   6  21  -2  44   0 0.00    M    0  8.5 15 230   M    M   0        19 230
15  28  10  19  -4  46   0 0.00    M    0  6.9 15 200   M    M   2        17 210
16  34  10  22  -1  43   0 0.00    M    0  6.9 14 210   M    M   4        17 210
17  39  19  29   6  36   0    T    M    0  7.5 20 220   M    M   4 1      23 220
18  40  23  32   9  33   0 0.00    M    0 11.8 24 260   M    M   5        28 260
19  44  25  35  12  30   0 0.00    M    0 11.5 24 220   M    M   6        30 220
================================================================================
SM  659  238       782   0    T     M    177.3          M       42
================================================================================
AV 34.7 12.5                               9.3 FASTST   M    M   2    MAX(MPH)
                                 MISC ---->  # 35 260               # 44  260
================================================================================
NOTES:
# LAST OF SEVERAL OCCURRENCES

COLUMN 17 PEAK WIND IN M.P.H.

PRELIMINARY LOCAL CLIMATOLOGICAL DATA (WS FORM: F-6) , PAGE 2

                                          STATION:  DILLON AIRPORT MT
                                          MONTH:    JANUARY
                                          YEAR:     2019
                                          LATITUDE:   45 15 N
                                          LONGITUDE: 112 33 W

[TEMPERATURE DATA]      [PRECIPITATION DATA]       SYMBOLS USED IN COLUMN 16

AVERAGE MONTHLY: 23.6   TOTAL FOR MONTH:      T    1 = FOG OR MIST
DPTR FM NORMAL:   1.2   DPTR FM NORMAL:   -0.17    2 = FOG REDUCING VISIBILITY
HIGHEST:    47 ON  9    GRTST 24HR    T  ON 17-17      TO 1/4 MILE OR LESS
LOWEST:    -10 ON  1                               3 = THUNDER
                        SNOW, ICE PELLETS, HAIL    4 = ICE PELLETS
                        TOTAL MONTH:    M          5 = HAIL
                        GRTST 24HR    M  ON   M    6 = FREEZING RAIN OR DRIZZLE
                        GRTST DEPTH:   1 ON  4, 3  7 = DUSTSTORM OR SANDSTORM:
                                                       VSBY 1/2 MILE OR LESS
                                                   8 = SMOKE OR HAZE
[NO. OF DAYS WITH]      [WEATHER - DAYS WITH]      9 = BLOWING SNOW
                                                   X = TORNADO
MAX 32 OR BELOW:   7    0.01 INCH OR MORE:   0
MAX 90 OR ABOVE:   0    0.10 INCH OR MORE:   0
MIN 32 OR BELOW:  19    0.50 INCH OR MORE:   0
MIN  0 OR BELOW:   1    1.00 INCH OR MORE:   0

[HDD (BASE 65) ]
TOTAL THIS MO.   782    CLEAR  (SCALE 0-3)  12
DPTR FM NORMAL   -28    PTCLDY (SCALE 4-7)   7
TOTAL FM JUL 1  4362    CLOUDY (SCALE 8-10)  0
DPTR FM NORMAL    31

[CDD (BASE 65) ]
TOTAL THIS MO.     0
DPTR FM NORMAL     0    [PRESSURE DATA]
TOTAL FM JAN 1     0    HIGHEST SLP M ON M
DPTR FM NORMAL     0    LOWEST  SLP 29.49 ON  6

[REMARKS]
