000
CXUS56 KTFX 231050
CF6DLN
PRELIMINARY LOCAL CLIMATOLOGICAL DATA (WS FORM: F-6)

                                          STATION:   DILLON AIRPORT MT
                                          MONTH:     OCTOBER
                                          YEAR:      2019
                                          LATITUDE:   45 15 N
                                          LONGITUDE: 112 33 W

  TEMPERATURE IN F:       :PCPN:    SNOW:  WIND      :SUNSHINE: SKY     :PK WND
================================================================================
1   2   3   4   5  6A  6B    7    8   9   10  11  12  13   14  15   16   17  18
                                     12Z  AVG MX 2MIN
DY MAX MIN AVG DEP HDD CDD  WTR  SNW DPTH SPD SPD DIR MIN PSBL S-S WX    SPD DR
================================================================================

 1  36  29  33 -16  32   0 0.00    M    0  3.6  9  10   M    M  10        11  30
 2  47  28  38 -10  27   0    T    M    0  6.5 16 190   M    M   5 1      21 220
 3  57  25  41  -7  24   0 0.00    M    0  5.0 13  30   M    M   1        16  30
 4  50  32  41  -7  24   0 0.11    M    0  6.3 16 330   M    M   5 1      19 340
 5  44  30  37 -10  28   0    T    M    0 12.5 25 280   M    M   4        30 290
 6  56  30  43  -4  22   0 0.00    M    0 12.2 21 200   M    M   1        29 200
 7  65  31  48   2  17   0 0.00    M    0 10.9 24 230   M    M   0        29 210
 8  65  25  45  -1  20   0 0.04    M    0 15.0 32 240   M    M   2 1      40 240
 9  25   8  17 -29  48   0 0.20    M    2 14.8 28  20   M    M   8 12     33  50
10  25   7  16 -30  49   0 0.00    M    2  6.1 13 200   M    M   4        14 210
11  36   4  20 -25  45   0 0.00    M    1  4.8 10 200   M    M   0        12 180
12  47  16  32 -13  33   0 0.00    M    0  6.0 13 210   M    M   0        14 210
13  57  27  42  -2  23   0 0.00    M    0  6.9 13 220   M    M   0        15 200
14  55  28  42  -2  23   0 0.00    M    0  8.2 16 270   M    M   2        19 260
15  62  22  42  -2  23   0 0.00    M    0  5.6 13 200   M    M   0 8      15 200
16  70  38  54  10  11   0 0.00    M    0  9.4 26 150   M    M   0        32 150
17  63  30  47   4  18   0    T    M    0 10.3 33 220   M    M   4        40 210
18  47  27  37  -6  28   0 0.00    M    0 13.1 24 260   M    M   5        32 290
19  44  23  34  -9  31   0 0.02    M    0  9.7 35 280   M    M   4 128    40 280
20  42  24  33  -9  32   0 0.00    M    M  8.1 18 270   M    M   7        24 260
21  48  29  39  -3  26   0    T    M    M 12.2 23 260   M    M   8        30 250
22  56  35  46   4  19   0 0.00    M    0 18.6 38 290   M    M   6        50 290
================================================================================
SM 1097  548       603   0  0.37    M    205.8          M       76
================================================================================
AV 49.9 24.9                               9.4 FASTST   M    M   3    MAX(MPH)
                                 MISC ---->    38 290                 50 290
================================================================================
NOTES:
# LAST OF SEVERAL OCCURRENCES

COLUMN 17 PEAK WIND IN M.P.H.

PRELIMINARY LOCAL CLIMATOLOGICAL DATA (WS FORM: F-6) , PAGE 2

                                          STATION:   DILLON AIRPORT MT
                                          MONTH:     OCTOBER
                                          YEAR:      2019
                                          LATITUDE:   45 15 N
                                          LONGITUDE: 112 33 W

[TEMPERATURE DATA]      [PRECIPITATION DATA]       SYMBOLS USED IN COLUMN 16

AVERAGE MONTHLY: 37.4   TOTAL FOR MONTH:   0.37    1 = FOG OR MIST
DPTR FM NORMAL:  -7.7   DPTR FM NORMAL:   -0.21    2 = FOG REDUCING VISIBILITY
HIGHEST:    70 ON 16    GRTST 24HR  0.24 ON  8- 9      TO 1/4 MILE OR LESS
LOWEST:      4 ON 11                               3 = THUNDER
                        SNOW, ICE PELLETS, HAIL    4 = ICE PELLETS
                        TOTAL MONTH:  M            5 = HAIL
                        GRTST 24HR    M  ON   M    6 = FREEZING RAIN OR DRIZZLE
                        GRTST DEPTH:   2 ON 10, 9  7 = DUSTSTORM OR SANDSTORM:
                                                       VSBY 1/2 MILE OR LESS
                                                   8 = SMOKE OR HAZE
[NO. OF DAYS WITH]      [WEATHER - DAYS WITH]      9 = BLOWING SNOW
                                                   X = TORNADO
MAX 32 OR BELOW:   2    0.01 INCH OR MORE:   4
MAX 90 OR ABOVE:   0    0.10 INCH OR MORE:   2
MIN 32 OR BELOW:  20    0.50 INCH OR MORE:   0
MIN  0 OR BELOW:   0    1.00 INCH OR MORE:   0

[HDD (BASE 65) ]
TOTAL THIS MO.   603    CLEAR  (SCALE 0-3)  10
DPTR FM NORMAL   167    PTCLDY (SCALE 4-7)   9
TOTAL FM JUL 1  1063    CLOUDY (SCALE 8-10)  3
DPTR FM NORMAL   178

[CDD (BASE 65) ]
TOTAL THIS MO.     0
DPTR FM NORMAL     0    [PRESSURE DATA]
TOTAL FM JAN 1   124    HIGHEST SLP M ON M
DPTR FM NORMAL   -32    LOWEST  SLP 29.44 ON 17

[REMARKS]
