000
CXUS54 KEWX 180910
CF6DZB
PRELIMINARY LOCAL CLIMATOLOGICAL DATA (WS FORM: F-6)

                                          STATION:   Horseshoe Bay
                                          MONTH:     OCTOBER
                                          YEAR:      2018
                                          LATITUDE:   30 31 N
                                          LONGITUDE:  98 22 W

  TEMPERATURE IN F:       :PCPN:    SNOW:  WIND      :SUNSHINE: SKY     :PK WND
================================================================================
1   2   3   4   5  6A  6B    7    8   9   10  11  12  13   14  15   16   17  18
                                     12Z  AVG MX 2MIN
DY MAX MIN AVG DEP HDD CDD  WTR  SNW DPTH SPD SPD DIR MIN PSBL S-S WX    SPD DR
================================================================================

 1  87  68  78   M   0  13 0.00    M    M  2.8  7 100   M    M   5         M  M
 2  87  71  79   M   0  14 0.04    M    M  4.0  7 130   M    M   4         M  M
 3  91  72  82   M   0  17 0.00    M    M  5.1 12 180   M    M   2        17 200
 4  90  70  80   M   0  15 0.00    M    M  4.7  9 160   M    M   3 1      17 140
 5  91  73  82   M   0  17 0.00    M    M  5.6  9 170   M    M   4        18 200
 6  91  73  82   M   0  17 0.00    M    M  5.8 12 140   M    M   5        18 130
 7  87  72  80   M   0  15 0.02    M    M  7.2 15 190   M    M   4        21 150
 8  81  71  76   M   0  11 0.16    M    M  4.6 10 150   M    M   6 3      18 150
 9  80  64  72   M   0   7 0.47    M    M  4.0  9 290   M    M   6 3      18 300
10  77  59  68   M   0   3 0.00    M    M  3.0  9 330   M    M   3 1      16 330
11  76  57  67   M   0   2 0.00    M    M  2.5  8  60   M    M   6         M  M
12  85  59  72   M   0   7 0.00    M    M  3.4 10 190   M    M   7        17 190
13  91  69  80   M   0  15 0.18    M    M  6.9 14 200   M    M   9        25 200
14  91  56  74   M   0   9 0.08    M    M  5.9 16 330   M    M   7 13     29 330
15  56  42  49   M  16   0 2.29    M    M 11.4 17 360   M    M  10 3      27 340
16  49  44  47   M  18   0 2.17    M    M  7.7 10 350   M    M  10 3      17 320
17  54  46  50   M  15   0 0.04    M    M  5.6  8  30   M    M  10 1       M  M
================================================================================
SM 1364 1066        49 162  5.45    M     90.2          M      101
================================================================================
AV 80.2 62.7                               5.3 FASTST   M    M   6    MAX(MPH)
                                 MISC ---->  # 17 360               # 29  330
================================================================================
NOTES:
# LAST OF SEVERAL OCCURRENCES

COLUMN 17 PEAK WIND IN M.P.H.

PRELIMINARY LOCAL CLIMATOLOGICAL DATA (WS FORM: F-6) , PAGE 2

                                          STATION:  Horseshoe Bay
                                          MONTH:    OCTOBER
                                          YEAR:     2018
                                          LATITUDE:   30 31 N
                                          LONGITUDE:  98 22 W

[TEMPERATURE DATA]      [PRECIPITATION DATA]       SYMBOLS USED IN COLUMN 16

AVERAGE MONTHLY: 71.5   TOTAL FOR MONTH:   5.45    1 = FOG OR MIST
DPTR FM NORMAL:     M   DPTR FM NORMAL:       M    2 = FOG REDUCING VISIBILITY
HIGHEST:    91 ON 14,13 GRTST 24HR  2.29 ON 15-15      TO 1/4 MILE OR LESS
LOWEST:     42 ON 15                               3 = THUNDER
                        SNOW, ICE PELLETS, HAIL    4 = ICE PELLETS
                        TOTAL MONTH:    M          5 = HAIL
                        GRTST 24HR    M  ON   M    6 = FREEZING RAIN OR DRIZZLE
                        GRTST DEPTH:  M  ON   M    7 = DUSTSTORM OR SANDSTORM:
                                                       VSBY 1/2 MILE OR LESS
                                                   8 = SMOKE OR HAZE
[NO. OF DAYS WITH]      [WEATHER - DAYS WITH]      9 = BLOWING SNOW
                                                   X = TORNADO
MAX 32 OR BELOW:   0    0.01 INCH OR MORE:   9
MAX 90 OR ABOVE:   6    0.10 INCH OR MORE:   5
MIN 32 OR BELOW:   0    0.50 INCH OR MORE:   2
MIN  0 OR BELOW:   0    1.00 INCH OR MORE:   2

[HDD (BASE 65) ]
TOTAL THIS MO.    49    CLEAR  (SCALE 0-3)   2
DPTR FM NORMAL     M    PTCLDY (SCALE 4-7)  11
TOTAL FM JUL 1    49    CLOUDY (SCALE 8-10)  4
DPTR FM NORMAL     M

[CDD (BASE 65) ]
TOTAL THIS MO.   162
DPTR FM NORMAL     M    [PRESSURE DATA]
TOTAL FM JAN 1  3118    HIGHEST SLP M ON M
DPTR FM NORMAL     M    LOWEST  SLP M ON M

[REMARKS]
