000
CXUS54 KBMX 201110
CF6EET
PRELIMINARY LOCAL CLIMATOLOGICAL DATA (WS FORM: F-6)

                                          STATION:   SHELBY COUNTY AIRPORT
                                          MONTH:     JUNE
                                          YEAR:      2018
                                          LATITUDE:   33 10 N
                                          LONGITUDE:  86 47 W

  TEMPERATURE IN F:       :PCPN:    SNOW:  WIND      :SUNSHINE: SKY     :PK WND
================================================================================
1   2   3   4   5  6A  6B    7    8   9   10  11  12  13   14  15   16   17  18
                                     12Z  AVG MX 2MIN
DY MAX MIN AVG DEP HDD CDD  WTR  SNW DPTH SPD SPD DIR MIN PSBL S-S WX    SPD DR
================================================================================

 1  87  73  80   5   0  15 0.46  0.0    0  3.2  9 210   M    M   5 13     14 200
 2  92  72  82   7   0  17 0.00  0.0    0  3.6 13 300   M    M   3 1      18 310
 3  92  73  83   8   0  18 0.00  0.0    0  5.6 14 310   M    M   1 13     19 320
 4  86  66  76   1   0  11 0.00  0.0    0  4.0 12 310   M    M   0        19 310
 5  83  65  74  -2   0   9 0.00  0.0    0  1.4  9 300   M    M   0        12 310
 6  90  63  77   1   0  12 0.00  0.0    0  1.6  9 360   M    M   0        14 350
 7  92  66  79   3   0  14 0.00  0.0    0  1.2  9  10   M    M   1 18     13  10
 8  93  69  81   5   0  16 0.00  0.0    0  1.5  7 210   M    M   0 1       9 210
 9  91  70  81   5   0  16 0.49  0.0    0  2.4 24 160   M    M   1 138    39 160
10  90  69  80   4   0  15    T  0.0    0  2.6 16 180   M    M   1 13     22 200
11  87  69  78   1   0  13 0.00  0.0    0  3.4 14 220   M    M   3 1      21 210
12  89  68  79   2   0  14 0.00  0.0    0  1.9 10 230   M    M   6 1      13 170
13  85  70  78   1   0  13 0.28  0.0    0  3.7 10 270   M    M   4 138    16 260
14  84  72  78   1   0  13 0.30  0.0    0  2.3 10 170   M    M   6 138    13 160
15  91  73  82   4   0  17 0.00  0.0    0  1.9  9 150   M    M   4 123    12 150
16  92  72  82   4   0  17 0.02  0.0    0  2.5 14 180   M    M   3 123    19 170
17  90  71  81   3   0  16 0.70  0.0    0  2.0 20 190   M    M   6 138    27 180
18  91  70  81   3   0  16 0.00  0.0    0  2.0  9 300   M    M   2 1      13 320
19  93  72  83   5   0  18 0.00  0.0    0  3.0 13 300   M    M   0 1      17 310
================================================================================
SM 1698 1323         0 280  2.25     0.0  49.8          M       46
================================================================================
AV 89.4 69.6                               2.6 FASTST   M    M   2    MAX(MPH)
                                 MISC ---->  # 24 160               # 39  160
================================================================================
NOTES:
# LAST OF SEVERAL OCCURRENCES

COLUMN 17 PEAK WIND IN M.P.H.

PRELIMINARY LOCAL CLIMATOLOGICAL DATA (WS FORM: F-6) , PAGE 2

                                          STATION:  SHELBY COUNTY AIRPORT
                                          MONTH:    JUNE
                                          YEAR:     2018
                                          LATITUDE:   33 10 N
                                          LONGITUDE:  86 47 W

[TEMPERATURE DATA]      [PRECIPITATION DATA]       SYMBOLS USED IN COLUMN 16

AVERAGE MONTHLY: 79.5   TOTAL FOR MONTH:   2.25    1 = FOG OR MIST
DPTR FM NORMAL:   3.0   DPTR FM NORMAL:   -0.76    2 = FOG REDUCING VISIBILITY
HIGHEST:    93 ON 19, 8 GRTST 24HR  0.70 ON 17-17      TO 1/4 MILE OR LESS
LOWEST:     63 ON  6                               3 = THUNDER
                        SNOW, ICE PELLETS, HAIL    4 = ICE PELLETS
                        TOTAL MONTH:   0.0 INCH    5 = HAIL
                        GRTST 24HR     0.0         6 = FREEZING RAIN OR DRIZZLE
                        GRTST DEPTH:   0           7 = DUSTSTORM OR SANDSTORM:
                                                       VSBY 1/2 MILE OR LESS
                                                   8 = SMOKE OR HAZE
[NO. OF DAYS WITH]      [WEATHER - DAYS WITH]      9 = BLOWING SNOW
                                                   X = TORNADO
MAX 32 OR BELOW:   0    0.01 INCH OR MORE:   6
MAX 90 OR ABOVE:  12    0.10 INCH OR MORE:   5
MIN 32 OR BELOW:   0    0.50 INCH OR MORE:   1
MIN  0 OR BELOW:   0    1.00 INCH OR MORE:   0

[HDD (BASE 65) ]
TOTAL THIS MO.     0    CLEAR  (SCALE 0-3)  12
DPTR FM NORMAL     0    PTCLDY (SCALE 4-7)   7
TOTAL FM JUL 1  2344    CLOUDY (SCALE 8-10)  0
DPTR FM NORMAL  -245

[CDD (BASE 65) ]
TOTAL THIS MO.   280
DPTR FM NORMAL    60    [PRESSURE DATA]
TOTAL FM JAN 1   684    HIGHEST SLP M ON M
DPTR FM NORMAL   195    LOWEST  SLP 29.83 ON  2

[REMARKS]
