000
CXUS54 KBMX 211110
CF6EET
PRELIMINARY LOCAL CLIMATOLOGICAL DATA (WS FORM: F-6)

                                          STATION:   SHELBY COUNTY AIRPORT
                                          MONTH:     OCTOBER
                                          YEAR:      2019
                                          LATITUDE:   33 10 N
                                          LONGITUDE:  86 47 W

  TEMPERATURE IN F:       :PCPN:    SNOW:  WIND      :SUNSHINE: SKY     :PK WND
================================================================================
1   2   3   4   5  6A  6B    7    8   9   10  11  12  13   14  15   16   17  18
                                     12Z  AVG MX 2MIN
DY MAX MIN AVG DEP HDD CDD  WTR  SNW DPTH SPD SPD DIR MIN PSBL S-S WX    SPD DR
================================================================================

 1 100  67  84  15   0  19 0.00  0.0    0  1.1  8  80   M    M   2 8      12 110
 2  99  71  85  16   0  20 0.00  0.0    0  1.1  8 300   M    M   2        12 160
 3 101  71  86  18   0  21 0.03  0.0    0  1.3 12 290   M    M   3 18     17 290
 4 100  69  85  17   0  20 0.00  0.0    0  3.6 14 310   M    M   0        17 350
 5  96  71  84  16   0  19    T  0.0    0  3.8 16 160   M    M   3 3      22 150
 6  88  68  78  11   0  13 0.00  0.0    0  5.5 13 160   M    M   3        18 150
 7  79  67  73   6   0   8 0.09  0.0    0  4.4 14 300   M    M   5 1      19 310
 8  85  64  75   9   0  10 0.00  0.0    0  4.4 12 310   M    M   4        14 310
 9  84  60  72   6   0   7 0.00  0.0    0  4.2 12 150   M    M   2        16 150
10  86  67  77  11   0  12 0.00  0.0    0  3.9 12 130   M    M   7        17 140
11  88  61  75  10   0  10 0.02  0.0    0  3.2 13 170   M    M   3        16 170
12  68  57  63  -2   2   0    T  0.0    0  4.6 12 320   M    M   8        18 360
13  68  53  61  -4   4   0 0.18  0.0    0  1.4 10 310   M    M   8 1      14 310
14  78  53  66   2   0   1 0.00  0.0    0  2.0  7  70   M    M   6 1       9  80
15  72  65  69   5   0   4 0.18  0.0    0  3.0 14 140   M    M  10 1      20 150
16  70  51  61  -3   4   0 0.02  0.0    0  5.8 14 310   M    M   5 1      21 330
17  69  42  56  -7   9   0 0.00  0.0    0  2.8 14 320   M    M   0        19 310
18  65  43  54  -9  11   0 0.00  0.0    0  2.3  9  60   M    M   0        13  80
19  62  56  59  -4   6   0 0.04  0.0    0  4.6 12  50   M    M   8 18     19  90
20  79  57  68   6   0   3 0.00  0.0    0  1.9  8 230   M    M   5 1      11 350
================================================================================
SM 1637 1213        36 167  0.56     0.0  64.9          M       84
================================================================================
AV 81.9 60.7                               3.2 FASTST   M    M   4    MAX(MPH)
                                 MISC ---->  # 16 160               # 22  150
================================================================================
NOTES:
# LAST OF SEVERAL OCCURRENCES

COLUMN 17 PEAK WIND IN M.P.H.

PRELIMINARY LOCAL CLIMATOLOGICAL DATA (WS FORM: F-6) , PAGE 2

                                          STATION:  SHELBY COUNTY AIRPORT
                                          MONTH:    OCTOBER
                                          YEAR:     2019
                                          LATITUDE:   33 10 N
                                          LONGITUDE:  86 47 W

[TEMPERATURE DATA]      [PRECIPITATION DATA]       SYMBOLS USED IN COLUMN 16

AVERAGE MONTHLY: 71.3   TOTAL FOR MONTH:   0.56    1 = FOG OR MIST
DPTR FM NORMAL:   5.7   DPTR FM NORMAL:   -1.34    2 = FOG REDUCING VISIBILITY
HIGHEST:   101 ON  3    GRTST 24HR  0.18 ON 15-15      TO 1/4 MILE OR LESS
LOWEST:     42 ON 17                               3 = THUNDER
                        SNOW, ICE PELLETS, HAIL    4 = ICE PELLETS
                        TOTAL MONTH:   0.0 INCH    5 = HAIL
                        GRTST 24HR     0.0         6 = FREEZING RAIN OR DRIZZLE
                        GRTST DEPTH:   0           7 = DUSTSTORM OR SANDSTORM:
                                                       VSBY 1/2 MILE OR LESS
                                                   8 = SMOKE OR HAZE
[NO. OF DAYS WITH]      [WEATHER - DAYS WITH]      9 = BLOWING SNOW
                                                   X = TORNADO
MAX 32 OR BELOW:   0    0.01 INCH OR MORE:   7
MAX 90 OR ABOVE:   5    0.10 INCH OR MORE:   2
MIN 32 OR BELOW:   0    0.50 INCH OR MORE:   0
MIN  0 OR BELOW:   0    1.00 INCH OR MORE:   0

[HDD (BASE 65) ]
TOTAL THIS MO.    36    CLEAR  (SCALE 0-3)   9
DPTR FM NORMAL   -14    PTCLDY (SCALE 4-7)   8
TOTAL FM JUL 1    36    CLOUDY (SCALE 8-10)  3
DPTR FM NORMAL   -21

[CDD (BASE 65) ]
TOTAL THIS MO.   167
DPTR FM NORMAL   105    [PRESSURE DATA]
TOTAL FM JAN 1  2493    HIGHEST SLP M ON M
DPTR FM NORMAL   547    LOWEST  SLP 29.77 ON 19

[REMARKS]
