924
CXUS53 KTOP 200800
CF6EMP
PRELIMINARY LOCAL CLIMATOLOGICAL DATA (WS FORM: F-6)

                                          STATION:   Emporia KS
                                          MONTH:     OCTOBER
                                          YEAR:      2019
                                          LATITUDE:   38 19 N
                                          LONGITUDE:  96 12 W

  TEMPERATURE IN F:       :PCPN:    SNOW:  WIND      :SUNSHINE: SKY     :PK WND
================================================================================
1   2   3   4   5  6A  6B    7    8   9   10  11  12  13   14  15   16   17  18
                                     12Z  AVG MX 2MIN
DY MAX MIN AVG DEP HDD CDD  WTR  SNW DPTH SPD SPD DIR MIN PSBL S-S WX    SPD DR
================================================================================

 1  90  71  81  19   0  16 0.02    M    M 13.1 29 190   M    M   3        38 200
 2  89  56  73  11   0   8 0.64    M    M  9.9 22 210   M    M   7 13     29 210
 3  59  50  55  -7  10   0 0.06    M    M  8.8 18  40   M    M   7        24  40
 4  58  52  55  -6  10   0 0.39    M    M  9.1 16  80   M    M   8 1      24  80
 5  76  51  64   3   1   0 0.24    M    M 11.4 29 170   M    M   4 138    41 170
 6  69  45  57  -4   8   0    T    M    M  4.2 14  20   M    M   4 18     18  30
 7  71  42  57  -3   8   0 0.00    M    M  4.9  8 190   M    M   0        11 250
 8  73  43  58  -2   7   0 0.00    M    M 10.8 21 180   M    M   0        29 180
 9  67  52  60   1   5   0 0.30    M    M 16.2 29 140   M    M   5 13     40 150
10  73  38  56  -3   9   0 0.01    M    M 15.8 35 170   M    M   8 13     47 170
11  49  31  40 -19  25   0 0.00    M    M 13.1 23 300   M    M   1        35 280
12  69  30  50  -8  15   0 0.00    M    M 13.2 28 220   M    M   0        39 220
13  68  35  52  -6  13   0 0.00    M    M  2.8  9 200   M    M   0        14 190
14  76  36  56  -2   9   0 0.00    M    M  8.1 18 170   M    M   0        29 170
15  68  43  56  -1   9   0    T    M    M 10.7 23 340   M    M   2 1      34 340
16  60  34  47 -10  18   0 0.00    M    M  5.9 12 340   M    M   1        19 350
17  73  41  57   0   8   0 0.00    M    M 13.0 21 180   M    M   0        28 180
18  72  49  61   5   4   0    T    M    M 19.3 30 170   M    M   0        41 170
19  70  44  57   1   8   0 0.10    M    M  6.6 16 340   M    M   5 13     23 330
================================================================================
SM 1330  843       167  24  1.76    M    196.9          M       55
================================================================================
AV 70.0 44.4                              10.4 FASTST   M    M   3    MAX(MPH)
                                 MISC ---->  # 35 170               # 47  170
================================================================================
NOTES:
# LAST OF SEVERAL OCCURRENCES

COLUMN 17 PEAK WIND IN M.P.H.

PRELIMINARY LOCAL CLIMATOLOGICAL DATA (WS FORM: F-6) , PAGE 2

                                          STATION:  Emporia KS
                                          MONTH:    OCTOBER
                                          YEAR:     2019
                                          LATITUDE:   38 19 N
                                          LONGITUDE:  96 12 W

[TEMPERATURE DATA]      [PRECIPITATION DATA]       SYMBOLS USED IN COLUMN 16

AVERAGE MONTHLY: 57.2   TOTAL FOR MONTH:   1.76    1 = FOG OR MIST
DPTR FM NORMAL:  -1.9   DPTR FM NORMAL:   -0.09    2 = FOG REDUCING VISIBILITY
HIGHEST:    90 ON  1    GRTST 24HR  0.64 ON  2- 2      TO 1/4 MILE OR LESS
LOWEST:     30 ON 12                               3 = THUNDER
                        SNOW, ICE PELLETS, HAIL    4 = ICE PELLETS
                        TOTAL MONTH:    M          5 = HAIL
                        GRTST 24HR    M  ON   M    6 = FREEZING RAIN OR DRIZZLE
                        GRTST DEPTH:  M  ON   M    7 = DUSTSTORM OR SANDSTORM:
                                                       VSBY 1/2 MILE OR LESS
                                                   8 = SMOKE OR HAZE
[NO. OF DAYS WITH]      [WEATHER - DAYS WITH]      9 = BLOWING SNOW
                                                   X = TORNADO
MAX 32 OR BELOW:   0    0.01 INCH OR MORE:   8
MAX 90 OR ABOVE:   1    0.10 INCH OR MORE:   5
MIN 32 OR BELOW:   2    0.50 INCH OR MORE:   1
MIN  0 OR BELOW:   0    1.00 INCH OR MORE:   0

[HDD (BASE 65) ]
TOTAL THIS MO.   167    CLEAR  (SCALE 0-3)  11
DPTR FM NORMAL    31    PTCLDY (SCALE 4-7)   6
TOTAL FM JUL 1   167    CLOUDY (SCALE 8-10)  2
DPTR FM NORMAL   -19

[CDD (BASE 65) ]
TOTAL THIS MO.    24
DPTR FM NORMAL    -3    [PRESSURE DATA]
TOTAL FM JAN 1  1486    HIGHEST SLP M ON M
DPTR FM NORMAL    86    LOWEST  SLP 29.61 ON 18

[REMARKS]
