000
CXUS53 KTOP 230800
CF6EMP
PRELIMINARY LOCAL CLIMATOLOGICAL DATA (WS FORM: F-6)

                                          STATION:   Emporia KS
                                          MONTH:     JANUARY
                                          YEAR:      2019
                                          LATITUDE:   38 19 N
                                          LONGITUDE:  96 12 W

  TEMPERATURE IN F:       :PCPN:    SNOW:  WIND      :SUNSHINE: SKY     :PK WND
================================================================================
1   2   3   4   5  6A  6B    7    8   9   10  11  12  13   14  15   16   17  18
                                     12Z  AVG MX 2MIN
DY MAX MIN AVG DEP HDD CDD  WTR  SNW DPTH SPD SPD DIR MIN PSBL S-S WX    SPD DR
================================================================================

 1  19  15  17 -14  48   0 0.00    M    M  8.8 20 340   M    M  10        29 340
 2  36  19  28  -3  37   0 0.00    M    M  8.4 15 240   M    M   4        20 280
 3  46  17  32   1  33   0 0.00    M    M  3.5 12 190   M    M   2        14 180
 4  56  22  39   8  26   0 0.00    M    M  6.6 14 280   M    M   0        18 290
 5  62  27  45  14  20   0 0.00    M    M  6.3 13 210   M    M   0        15 220
 6  58  35  47  16  18   0    T    M    M 17.0 30 190   M    M   2        42 180
 7  59  36  48  17  17   0 0.00    M    M 12.8 30 190   M    M   2        42 180
 8  53  29  41  10  24   0 0.00    M    M 13.2 24 350   M    M   0        36 350
 9  43  23  33   2  32   0 0.00    M    M  6.0 14 340   M    M   0        19 340
10  45  22  34   3  31   0 0.00    M    M 10.6 18 160   M    M   4        23 140
11  40   M   M   M   M   M 0.70    M    M  9.8 15 140   M    M  10 1      21 170
12  32   M   M   M   M   M    T    M    M 12.2 20 350   M    M  10 1      29 350
13  30  26  28  -3  37   0 0.00    M    M  7.3 15 360   M    M  10 1      23  10
14  31  26  29  -2  36   0 0.00    M    M  7.7 13 210   M    M  10 1      16 220
15  36  28  32   1  33   0 0.00    M    M  7.0 16 170   M    M  10 12     21 180
16  33  29  31   0  34   0 0.01    M    M  6.6 13  70   M    M  10 12     16  60
17  36  31  34   3  31   0 0.00    M    M  6.8 12 150   M    M  10 12     16 310
18  42  24  33   2  32   0 0.38    M    M 14.4 30 340   M    M  10 12     43 360
19  24  12  18 -13  47   0 0.01    M    M 16.3 32 350   M    M   7 19     50 350
20  33  10  22  -9  43   0 0.00    M    M  8.0 17  90   M    M   0        23  70
21  38  19  29  -2  36   0 0.00    M    M 17.5 29 160   M    M   0        43 170
22  43  19  31   0  34   0    M    M    M 14.2 26 160   M    M  10 126    42 170
================================================================================
SM  895  469       649   0  1.10    M    221.0          M      121
================================================================================
AV 40.7 23.5                              10.0 FASTST   M    M   6    MAX(MPH)
                                 MISC ---->  # 32 350               # 50  350
================================================================================
NOTES:
# LAST OF SEVERAL OCCURRENCES

COLUMN 17 PEAK WIND IN M.P.H.

PRELIMINARY LOCAL CLIMATOLOGICAL DATA (WS FORM: F-6) , PAGE 2

                                          STATION:  Emporia KS
                                          MONTH:    JANUARY
                                          YEAR:     2019
                                          LATITUDE:   38 19 N
                                          LONGITUDE:  96 12 W

[TEMPERATURE DATA]      [PRECIPITATION DATA]       SYMBOLS USED IN COLUMN 16

AVERAGE MONTHLY: 32.1   TOTAL FOR MONTH:   1.10    1 = FOG OR MIST
DPTR FM NORMAL:   1.1   DPTR FM NORMAL:    0.76    2 = FOG REDUCING VISIBILITY
HIGHEST:    62 ON  5    GRTST 24HR  0.70 ON 11-11      TO 1/4 MILE OR LESS
LOWEST:     10 ON 20                               3 = THUNDER
                        SNOW, ICE PELLETS, HAIL    4 = ICE PELLETS
                        TOTAL MONTH:    M          5 = HAIL
                        GRTST 24HR    M  ON   M    6 = FREEZING RAIN OR DRIZZLE
                        GRTST DEPTH:  M  ON   M    7 = DUSTSTORM OR SANDSTORM:
                                                       VSBY 1/2 MILE OR LESS
                                                   8 = SMOKE OR HAZE
[NO. OF DAYS WITH]      [WEATHER - DAYS WITH]      9 = BLOWING SNOW
                                                   X = TORNADO
MAX 32 OR BELOW:   5    0.01 INCH OR MORE:   4
MAX 90 OR ABOVE:   0    0.10 INCH OR MORE:   2
MIN 32 OR BELOW:  18    0.50 INCH OR MORE:   1
MIN  0 OR BELOW:   0    1.00 INCH OR MORE:   0

[HDD (BASE 65) ]
TOTAL THIS MO.   649    CLEAR  (SCALE 0-3)   9
DPTR FM NORMAL   -99    PTCLDY (SCALE 4-7)   3
TOTAL FM JUL 1  2709    CLOUDY (SCALE 8-10) 10
DPTR FM NORMAL    28

[CDD (BASE 65) ]
TOTAL THIS MO.     0
DPTR FM NORMAL     0    [PRESSURE DATA]
TOTAL FM JAN 1     0    HIGHEST SLP M ON M
DPTR FM NORMAL     0    LOWEST  SLP 29.55 ON  7

[REMARKS]
