000
CXUS53 KTOP 300800
CF6EMP
PRELIMINARY LOCAL CLIMATOLOGICAL DATA (WS FORM: F-6)

                                          STATION:   Emporia KS
                                          MONTH:     MAY
                                          YEAR:      2020
                                          LATITUDE:   38 19 N
                                          LONGITUDE:  96 12 W

  TEMPERATURE IN F:       :PCPN:    SNOW:  WIND      :SUNSHINE: SKY     :PK WND
================================================================================
1   2   3   4   5  6A  6B    7    8   9   10  11  12  13   14  15   16   17  18
                                     12Z  AVG MX 2MIN
DY MAX MIN AVG DEP HDD CDD  WTR  SNW DPTH SPD SPD DIR MIN PSBL S-S WX    SPD DR
================================================================================

 1  86  56  71  10   0   6 0.00    M    M 14.7 29 170   M    M   0        40 180
 2  83  60  72  11   0   7 0.00    M    M  9.2 20  30   M    M   4        26  10
 3  77  55  66   4   0   1 0.40    M    M 10.4 29  50   M    M   3 13     37  40
 4  66  53  60  -2   5   0 0.48    M    M 10.4 30 310   M    M   8 13     54 230
 5  73  49  61  -1   4   0 0.00    M    M 11.7 24 320   M    M   0        34 330
 6  67  48  58  -5   7   0    T    M    M  7.2 20 310   M    M   2        28 320
 7  63  42  53 -10  12   0 0.39    M    M  8.2 20 140   M    M   5 13     27 120
 8  61  43  52 -11  13   0    T    M    M 11.3 26  10   M    M   3 1      40 360
 9  64  36  50 -14  15   0 0.00    M    M  4.9 13 190   M    M   3 8      17 190
10  63  40  52 -12  13   0 0.00    M    M 10.7 22 340   M    M   2        34 340
11  49  40  45 -19  20   0 0.59    M    M  3.4 10  30   M    M   8        13  20
12  49  41  45 -19  20   0 0.10    M    M 10.0 15 100   M    M  10        21  80
13  69  48  59  -6   6   0 0.19    M    M 14.2 31 170   M    M   9 3      42 180
14  81  60  71   6   0   6 0.93    M    M 12.1 33  30   M    M   5 13     45  20
15  72  61  67   2   0   2 0.07    M    M  9.2 21 200   M    M   6 13     27 210
16  73  61  67   1   0   2 0.00    M    M  4.0 14  70   M    M   7 1      17  70
17  71  54  63  -3   2   0 0.00    M    M 11.5 23 320   M    M   4 18     36 330
18  72  52  62  -4   3   0 0.00    M    M  9.4 17 330   M    M   5        25 350
19  71  48  60  -6   5   0 0.00    M    M  5.8 14  40   M    M   5 1      17  70
20  69  50  60  -7   5   0 0.00    M    M  6.8 20  80   M    M   6 1      25  90
21  73  55  64  -3   1   0 0.10    M    M  7.8 20 140   M    M   6 13     27 170
22  80  59  70   3   0   5 1.23    M    M 10.9 25  70   M    M   4 13     34  80
23  84  54  69   1   0   4 0.00    M    M  8.5 20 140   M    M   2        25 140
24  80  67  74   6   0   9 0.08    M    M 11.4 22 180   M    M   5 1      29 170
25  74  62  68   0   0   3 0.28    M    M  7.9 21 200   M    M   7 18     31 200
26  68  61  65  -3   0   0 0.47    M    M  9.0 16 300   M    M  10 1      24 280
27  75  61  68   0   0   3    T    M    M  4.6 13  10   M    M   8 1      16  20
28  79  62  71   2   0   6 0.08    M    M  6.1 21  10   M    M   5 18     28  10
29  80  55  68  -1   0   3 0.00    M    M  5.3 13  30   M    M   0        19  60
================================================================================
SM 2072 1533       131  57  5.39    M    256.6          M      142
================================================================================
AV 71.5 52.9                               8.8 FASTST   M    M   5    MAX(MPH)
                                 MISC ---->  # 33  30               # 54  230
================================================================================
NOTES:
# LAST OF SEVERAL OCCURRENCES

COLUMN 17 PEAK WIND IN M.P.H.

PRELIMINARY LOCAL CLIMATOLOGICAL DATA (WS FORM: F-6) , PAGE 2

                                          STATION:  Emporia KS
                                          MONTH:    MAY
                                          YEAR:     2020
                                          LATITUDE:   38 19 N
                                          LONGITUDE:  96 12 W

[TEMPERATURE DATA]      [PRECIPITATION DATA]       SYMBOLS USED IN COLUMN 16

AVERAGE MONTHLY: 62.2   TOTAL FOR MONTH:   5.39    1 = FOG OR MIST
DPTR FM NORMAL:  -3.1   DPTR FM NORMAL:    0.87    2 = FOG REDUCING VISIBILITY
HIGHEST:    86 ON  1    GRTST 24HR  1.23 ON 22-22      TO 1/4 MILE OR LESS
LOWEST:     36 ON  9                               3 = THUNDER
                        SNOW, ICE PELLETS, HAIL    4 = ICE PELLETS
                        TOTAL MONTH:    M          5 = HAIL
                        GRTST 24HR    M  ON   M    6 = FREEZING RAIN OR DRIZZLE
                        GRTST DEPTH:  M  ON   M    7 = DUSTSTORM OR SANDSTORM:
                                                       VSBY 1/2 MILE OR LESS
                                                   8 = SMOKE OR HAZE
[NO. OF DAYS WITH]      [WEATHER - DAYS WITH]      9 = BLOWING SNOW
                                                   X = TORNADO
MAX 32 OR BELOW:   0    0.01 INCH OR MORE:  14
MAX 90 OR ABOVE:   0    0.10 INCH OR MORE:  11
MIN 32 OR BELOW:   0    0.50 INCH OR MORE:   3
MIN  0 OR BELOW:   0    1.00 INCH OR MORE:   1

[HDD (BASE 65) ]
TOTAL THIS MO.   131    CLEAR  (SCALE 0-3)   8
DPTR FM NORMAL    51    PTCLDY (SCALE 4-7)  18
TOTAL FM JUL 1  4609    CLOUDY (SCALE 8-10)  3
DPTR FM NORMAL  -200

[CDD (BASE 65) ]
TOTAL THIS MO.    57
DPTR FM NORMAL   -28    [PRESSURE DATA]
TOTAL FM JAN 1    69    HIGHEST SLP M ON M
DPTR FM NORMAL   -39    LOWEST  SLP 29.68 ON 14

[REMARKS]
