000
CXUS56 KPQR 231514
CF6EUG
PRELIMINARY LOCAL CLIMATOLOGICAL DATA (WS FORM: F-6)

                                          STATION:   EUGENE OR
                                          MONTH:     OCTOBER
                                          YEAR:      2018
                                          LATITUDE:   44  7 N
                                          LONGITUDE: 123 13 W

  TEMPERATURE IN F:       :PCPN:    SNOW:  WIND      :SUNSHINE: SKY     :PK WND
================================================================================
1   2   3   4   5  6A  6B    7    8   9   10  11  12  13   14  15   16   17  18
                                     12Z  AVG MX 2MIN
DY MAX MIN AVG DEP HDD CDD  WTR  SNW DPTH SPD SPD DIR MIN PSBL S-S WX    SPD DR
================================================================================

 1  76  59  68  10   0   3    T  0.0    0  6.8 13 250   M    M   9        19 310
 2  78  41  60   3   5   0 0.00  0.0    0  4.6 18 300   M    M   6        24 280
 3  70  35  53  -4  12   0 0.00  0.0    0  3.0 10 330   M    M   6 12     14 350
 4  67  41  54  -2  11   0 0.00  0.0    0  4.2 10 340   M    M   5        13 220
 5  57  39  48  -8  17   0 0.16  0.0    0 11.7 24 180   M    M   8 1      31 190
 6  63  47  55  -1  10   0 0.02  0.0    0  6.8 16  20   M    M   9 12     20 190
 7  61  41  51  -5  14   0 0.04  0.0    0  5.2 10 270   M    M   9 12     13 230
 8  66  53  60   5   5   0 0.03  0.0    0  6.9 10 220   M    M   9 1      13 270
 9  67  45  56   1   9   0 0.01  0.0    0  6.6 22 340   M    M   5        22 340
10  66  38  52  -2  13   0 0.00  0.0    0  4.7 15  30   M    M   4 128    18  20
11  71  34  53  -1  12   0 0.00  0.0    0  7.7 18  20   M    M   2 12     29  20
12  73  35  54   0  11   0 0.00  0.0    0  5.5 18  10   M    M   0 1      23 360
13  73  37  55   1  10   0 0.00  0.0    0 11.1 24  10   M    M   2 12     29  10
14  76  33  55   2  10   0 0.00  0.0    0  8.9 21  20   M    M   0        25  10
15  74  29  52  -1  13   0 0.00  0.0    0  3.7 13 360   M    M   0        16  10
16  78  32  55   3  10   0 0.00  0.0    0  4.1 14 350   M    M   0 8      16 350
17  77  36  57   5   8   0 0.00  0.0    0  4.0 12  10   M    M   0 8      15  10
18  77  34  56   4   9   0 0.00  0.0    0  2.6 10  20   M    M   2        12  30
19  74  33  54   2  11   0 0.00  0.0    0  3.9 13  10   M    M   0 1      15 360
20  72  34  53   2  12   0 0.00  0.0    0  4.6 14  10   M    M   1 128    16  20
21  73  34  54   3  11   0 0.00  0.0    0  2.7  8 360   M    M   1 18     10  10
22  71  34  53   2  12   0 0.00  0.0    0  3.8 12 210   M    M   2 128    15 230
================================================================================
SM 1560  844       225   3  0.26     0.0 123.1          M       80
================================================================================
AV 70.9 38.4                               5.6 FASTST   M    M   4    MAX(MPH)
                                 MISC ---->  # 24 180               # 31  190
================================================================================
NOTES:
# LAST OF SEVERAL OCCURRENCES

COLUMN 17 PEAK WIND IN M.P.H.

PRELIMINARY LOCAL CLIMATOLOGICAL DATA (WS FORM: F-6) , PAGE 2

                                          STATION:  EUGENE OR
                                          MONTH:    OCTOBER
                                          YEAR:     2018
                                          LATITUDE:   44  7 N
                                          LONGITUDE: 123 13 W

[TEMPERATURE DATA]      [PRECIPITATION DATA]       SYMBOLS USED IN COLUMN 16

AVERAGE MONTHLY: 54.6   TOTAL FOR MONTH:   0.26    1 = FOG OR MIST
DPTR FM NORMAL:   0.6   DPTR FM NORMAL:   -1.60    2 = FOG REDUCING VISIBILITY
HIGHEST:    78 ON 16, 2 GRTST 24HR  0.16 ON  5- 5      TO 1/4 MILE OR LESS
LOWEST:     29 ON 15                               3 = THUNDER
                        SNOW, ICE PELLETS, HAIL    4 = ICE PELLETS
                        TOTAL MONTH:   0.0 INCH    5 = HAIL
                        GRTST 24HR     0.0         6 = FREEZING RAIN OR DRIZZLE
                        GRTST DEPTH:   0           7 = DUSTSTORM OR SANDSTORM:
                                                       VSBY 1/2 MILE OR LESS
                                                   8 = SMOKE OR HAZE
[NO. OF DAYS WITH]      [WEATHER - DAYS WITH]      9 = BLOWING SNOW
                                                   X = TORNADO
MAX 32 OR BELOW:   0    0.01 INCH OR MORE:   5
MAX 90 OR ABOVE:   0    0.10 INCH OR MORE:   1
MIN 32 OR BELOW:   2    0.50 INCH OR MORE:   0
MIN  0 OR BELOW:   0    1.00 INCH OR MORE:   0

[HDD (BASE 65) ]
TOTAL THIS MO.   225    CLEAR  (SCALE 0-3)  12
DPTR FM NORMAL   -18    PTCLDY (SCALE 4-7)   6
TOTAL FM JUL 1   378    CLOUDY (SCALE 8-10)  4
DPTR FM NORMAL   -53

[CDD (BASE 65) ]
TOTAL THIS MO.     3
DPTR FM NORMAL     3    [PRESSURE DATA]
TOTAL FM JAN 1   336    HIGHEST SLP M ON M
DPTR FM NORMAL    98    LOWEST  SLP 29.78 ON  2

[REMARKS]
