069
CXUS56 KPQR 191200
CF6EUG
PRELIMINARY LOCAL CLIMATOLOGICAL DATA (WS FORM: F-6)

                                          STATION:   EUGENE OR
                                          MONTH:     OCTOBER
                                          YEAR:      2019
                                          LATITUDE:   44  7 N
                                          LONGITUDE: 123 13 W

  TEMPERATURE IN F:       :PCPN:    SNOW:  WIND      :SUNSHINE: SKY     :PK WND
================================================================================
1   2   3   4   5  6A  6B    7    8   9   10  11  12  13   14  15   16   17  18
                                     12Z  AVG MX 2MIN
DY MAX MIN AVG DEP HDD CDD  WTR  SNW DPTH SPD SPD DIR MIN PSBL S-S WX    SPD DR
================================================================================

 1  62  33  48 -10  17   0 0.00  0.0    0  3.9 13 350   M    M   1 1      16 340
 2  62  34  48  -9  17   0 0.01  0.0    0  4.0  9 150   M    M   7 1      13 250
 3  63  41  52  -5  13   0 0.25  0.0    0  5.6 17 250   M    M   8 1      21 250
 4  63  44  54  -2  11   0    T  0.0    0  5.7 13 220   M    M   7        15 210
 5  66  40  53  -3  12   0 0.00  0.0    0  5.6 17 360   M    M   2 1      19  10
 6  67  38  53  -3  12   0 0.00  0.0    0  6.3 15 350   M    M   2 1      16 350
 7  72  38  55  -1  10   0 0.00  0.0    0  3.2 12 230   M    M   5 128    15 220
 8  63  37  50  -5  15   0    T  0.0    0  7.3 24 290   M    M   7        29 290
 9  56  32  44 -11  21   0 0.00  0.0    0  5.6 16 360   M    M   4 12     20 350
10  62  30  46  -8  19   0 0.00  0.0    0  8.7 20  10   M    M   0        22  20
11  64  30  47  -7  18   0 0.00  0.0    0  3.6  9 350   M    M   2        11  50
12  58  32  45  -9  20   0    T  0.0    0  1.9  8 230   M    M   7 12      8  90
13  63  46  55   1  10   0 0.02  0.0    0  3.9 10 340   M    M   8 1      12 360
14  62  36  49  -4  16   0 0.00  0.0    0  3.9 10 360   M    M   5 12     13  10
15  66  38  52  -1  13   0 0.00  0.0    0  5.2 13 220   M    M   7 1      16 220
16  58  50  54   2  11   0 0.23  0.0    0  7.3 17 160   M    M   7 1      21 170
17  59  46  53   1  12   0 0.23  0.0    0 11.0 22 180   M    M   8 1      27 200
18  61  45  53   1  12   0 0.03  0.0    0  8.9 24 190   M    M   8        29 190
================================================================================
SM 1127  690       259   0  0.77     0.0 101.6          M       95
================================================================================
AV 62.6 38.3                               5.6 FASTST   M    M   5    MAX(MPH)
                                 MISC ---->  # 24 290               # 29  290
================================================================================
NOTES:
# LAST OF SEVERAL OCCURRENCES

COLUMN 17 PEAK WIND IN M.P.H.

PRELIMINARY LOCAL CLIMATOLOGICAL DATA (WS FORM: F-6) , PAGE 2

                                          STATION:  EUGENE OR
                                          MONTH:    OCTOBER
                                          YEAR:     2019
                                          LATITUDE:   44  7 N
                                          LONGITUDE: 123 13 W

[TEMPERATURE DATA]      [PRECIPITATION DATA]       SYMBOLS USED IN COLUMN 16

AVERAGE MONTHLY: 50.5   TOTAL FOR MONTH:   0.77    1 = FOG OR MIST
DPTR FM NORMAL:  -4.2   DPTR FM NORMAL:   -0.60    2 = FOG REDUCING VISIBILITY
HIGHEST:    72 ON  7    GRTST 24HR  0.25 ON  3- 3      TO 1/4 MILE OR LESS
LOWEST:     30 ON 11,10                            3 = THUNDER
                        SNOW, ICE PELLETS, HAIL    4 = ICE PELLETS
                        TOTAL MONTH:   0.0 INCH    5 = HAIL
                        GRTST 24HR     0.0         6 = FREEZING RAIN OR DRIZZLE
                        GRTST DEPTH:   0           7 = DUSTSTORM OR SANDSTORM:
                                                       VSBY 1/2 MILE OR LESS
                                                   8 = SMOKE OR HAZE
[NO. OF DAYS WITH]      [WEATHER - DAYS WITH]      9 = BLOWING SNOW
                                                   X = TORNADO
MAX 32 OR BELOW:   0    0.01 INCH OR MORE:   6
MAX 90 OR ABOVE:   0    0.10 INCH OR MORE:   3
MIN 32 OR BELOW:   4    0.50 INCH OR MORE:   0
MIN  0 OR BELOW:   0    1.00 INCH OR MORE:   0

[HDD (BASE 65) ]
TOTAL THIS MO.   259    CLEAR  (SCALE 0-3)   5
DPTR FM NORMAL    71    PTCLDY (SCALE 4-7)  13
TOTAL FM JUL 1   377    CLOUDY (SCALE 8-10)  0
DPTR FM NORMAL     1

[CDD (BASE 65) ]
TOTAL THIS MO.     0
DPTR FM NORMAL     0    [PRESSURE DATA]
TOTAL FM JAN 1   353    HIGHEST SLP M ON M
DPTR FM NORMAL   115    LOWEST  SLP 29.71 ON 16

[REMARKS]
