000
CXUS56 KPQR 301200
CF6EUG
PRELIMINARY LOCAL CLIMATOLOGICAL DATA (WS FORM: F-6)

                                          STATION:   EUGENE OR
                                          MONTH:     MAY
                                          YEAR:      2020
                                          LATITUDE:   44  7 N
                                          LONGITUDE: 123 13 W

  TEMPERATURE IN F:       :PCPN:    SNOW:  WIND      :SUNSHINE: SKY     :PK WND
================================================================================
1   2   3   4   5  6A  6B    7    8   9   10  11  12  13   14  15   16   17  18
                                     12Z  AVG MX 2MIN
DY MAX MIN AVG DEP HDD CDD  WTR  SNW DPTH SPD SPD DIR MIN PSBL S-S WX    SPD DR
================================================================================

 1  65  39  52  -1  13   0 0.06  0.0    0  4.0 18 180   M    M   6 1      23 170
 2  62  47  55   2  10   0 0.28  0.0    0  7.0 16 200   M    M   9 1       M  M
 3  62  40  51  -2  14   0 0.03  0.0    0  5.4 16 300   M    M   4        20 330
 4  71  35  53   0  12   0 0.01  0.0    0  3.9 18 220   M    M   6 1      24 220
 5  74  44  59   6   6   0 0.04  0.0    0  5.3 22 270   M    M   6 1      29 250
 6  65  42  54   0  11   0 0.08  0.0    0  7.2 15 340   M    M   5        21 330
 7  73  40  57   3   8   0 0.00  0.0    0 12.1 20 360   M    M   2        25 360
 8  84  42  63   9   2   0 0.00  0.0    0  5.8 16 360   M    M   1        20 350
 9  84  47  66  12   0   1 0.00  0.0    0  4.6 12 220   M    M   5        14 230
10  82  51  67  13   0   2 0.00  0.0    0  6.8 17 230   M    M   6 3      21 230
11  68  50  59   5   6   0    T  0.0    0  5.2 16  20   M    M   8 3      18 360
12  61  49  55   0  10   0 0.19  0.0    0  9.3 22 220   M    M   9 1      28 220
13  59  48  54  -1  11   0 0.49  0.0    0  7.6 17 190   M    M  10 1      20 190
14  61  48  55   0  10   0 0.22  0.0    0 10.1 21 240   M    M   9 1      26 190
15  72  41  57   2   8   0 0.00  0.0    0  4.8 10 150   M    M   5        12 160
16  69  51  60   5   5   0 0.23  0.0    0  4.6 18 290   M    M   9 1      23 300
17  70  48  59   3   6   0 0.27  0.0    0  4.5 17 260   M    M   8        25 250
18  60  51  56   0   9   0 0.15  0.0    0  5.3 14 300   M    M  10 1      17 230
19  62  48  55  -1  10   0 0.30  0.0    0  5.9 17 280   M    M   9 1      22 280
20  60  50  55  -1  10   0 0.00  0.0    0  8.1 12 250   M    M   9        16 260
21  62  48  55  -1  10   0 0.04  0.0    0  9.4 21 300   M    M   8        26 280
22  61  43  52  -4  13   0 0.08  0.0    0  4.7 16 330   0    0   0         M  M
23  67  36  52  -4  13   0 0.00  0.0    0  6.3 13  20   M    M   6 1       M  M
24  75  43  59   2   6   0 0.00  0.0    0  3.1 10 300   M    M   8 1      13  10
25  71  49  60   3   5   0 0.00  0.0    0  4.6 13  30   M    M   7 1      15  30
26  77  50  64   7   1   0 0.00  0.0    0  7.0 15  30   M    M   5 1      19  30
27  80  50  65   8   0   0 0.00  0.0    0  8.2 18  20   M    M   2 1      23  10
28  87  51  69  12   0   4 0.00  0.0    0  3.8 10  20   M    M   2        13  20
29  81  50  66   9   0   1 0.00  0.0    0  4.4 12  20   M    M   4 1      15  40
================================================================================
SM 2025 1331       209   8  2.47     0.0 179.0            0    178
================================================================================
AV 69.8 45.9                               6.2 FASTST    0   0   6    MAX(MPH)
                                 MISC ---->  # 22 270               # 29  250
================================================================================
NOTES:
# LAST OF SEVERAL OCCURRENCES

COLUMN 17 PEAK WIND IN M.P.H.

PRELIMINARY LOCAL CLIMATOLOGICAL DATA (WS FORM: F-6) , PAGE 2

                                          STATION:  EUGENE OR
                                          MONTH:    MAY
                                          YEAR:     2020
                                          LATITUDE:   44  7 N
                                          LONGITUDE: 123 13 W

[TEMPERATURE DATA]      [PRECIPITATION DATA]       SYMBOLS USED IN COLUMN 16

AVERAGE MONTHLY: 57.9   TOTAL FOR MONTH:   2.47    1 = FOG OR MIST
DPTR FM NORMAL:   2.8   DPTR FM NORMAL:   -0.10    2 = FOG REDUCING VISIBILITY
HIGHEST:    87 ON 28    GRTST 24HR  0.49 ON 13-13      TO 1/4 MILE OR LESS
LOWEST:     35 ON  4                               3 = THUNDER
                        SNOW, ICE PELLETS, HAIL    4 = ICE PELLETS
                        TOTAL MONTH:   0.0 INCH    5 = HAIL
                        GRTST 24HR     0.0         6 = FREEZING RAIN OR DRIZZLE
                        GRTST DEPTH:   0           7 = DUSTSTORM OR SANDSTORM:
                                                       VSBY 1/2 MILE OR LESS
                                                   8 = SMOKE OR HAZE
[NO. OF DAYS WITH]      [WEATHER - DAYS WITH]      9 = BLOWING SNOW
                                                   X = TORNADO
MAX 32 OR BELOW:   0    0.01 INCH OR MORE:  15
MAX 90 OR ABOVE:   0    0.10 INCH OR MORE:   8
MIN 32 OR BELOW:   0    0.50 INCH OR MORE:   0
MIN  0 OR BELOW:   0    1.00 INCH OR MORE:   0

[HDD (BASE 65) ]
TOTAL THIS MO.   209    CLEAR  (SCALE 0-3)   5
DPTR FM NORMAL   -81    PTCLDY (SCALE 4-7)  15
TOTAL FM JUL 1  4300    CLOUDY (SCALE 8-10)  9
DPTR FM NORMAL  -332

[CDD (BASE 65) ]
TOTAL THIS MO.     8
DPTR FM NORMAL     8    [PRESSURE DATA]
TOTAL FM JAN 1     8    HIGHEST SLP  0.00 ON 22
DPTR FM NORMAL     8    LOWEST  SLP 29.68 ON M

[REMARKS]
