000
CXUS52 KRAH 010845
CF6FAY
PRELIMINARY LOCAL CLIMATOLOGICAL DATA (WS FORM: F-6)

                                          STATION:   FAYETTEVILLE REGL AIRPORT NC
                                          MONTH:     MAY
                                          YEAR:      2020
                                          LATITUDE:   35  0 N
                                          LONGITUDE:  78 53 W

  TEMPERATURE IN F:       :PCPN:    SNOW:  WIND      :SUNSHINE: SKY     :PK WND
================================================================================
1   2   3   4   5  6A  6B    7    8   9   10  11  12  13   14  15   16   17  18
                                     12Z  AVG MX 2MIN
DY MAX MIN AVG DEP HDD CDD  WTR  SNW DPTH SPD SPD DIR MIN PSBL S-S WX    SPD DR
================================================================================

 1  70  55  63  -4   2   0 0.00    M    M 11.5 23 270   M    M   6        30 270
 2  79  52  66  -1   0   1 0.00    M    M  7.3 17 310   M    M   0        23 330
 3  87  58  73   6   0   8 0.00    M    M 10.9 20 210   M    M   0        26 200
 4  85  59  72   5   0   7 0.00    M    M  8.1 18 350   M    M   0 8      25 320
 5  76  57  67  -1   0   2 0.82    M    M  7.1 16 200   M    M   6 13     23 200
 6  75  51  63  -5   2   0 0.21    M    M  9.2 35 300   M    M   5 13     44 300
 7  68  47  58 -10   7   0 0.00    M    M  9.6 21 330   M    M   0        26 340
 8  72  45  59  -9   6   0    T    M    M 11.6 29 230   M    M   5        37 220
 9  65  43  54 -15  11   0 0.00    M    M 11.0 32 340   M    M   1        42 360
10  72  39  56 -13   9   0 0.00    M    M  8.2 18 220   M    M   1        23 210
11  72  51  62  -7   3   0 0.00    M    M 12.0 24 260   M    M   0        32 260
12  68  42  55 -15  10   0 0.00    M    M  5.8 16 320   M    M   0        21 250
13  76  45  61  -9   4   0 0.00    M    M  4.2 13 260   M    M   6        15 210
14  82  52  67  -3   0   2 0.00    M    M  6.9 16 170   M    M   3        22 170
15  84  58  71   1   0   6 0.00    M    M  8.1 16 170   M    M   3        25 160
16  88  59  74   3   0   9 0.00    M    M  4.7 14 160   M    M   1 1      18 160
17  87  62  75   4   0  10    T    M    M  7.6 18 110   M    M   6 1      22  90
18  78  67  73   2   0   8 0.18    M    M  8.9 18  10   M    M   8 1      22 360
19  67  57  62 -10   3   0 0.31    M    M 10.1 16  50   M    M  10 1      23  90
20  66  57  62 -10   3   0 1.75    M    M 11.5 20  20   M    M  10 13     26  20
21  76  64  70  -2   0   5 1.37    M    M  8.4 21 130   M    M   9 13     26 130
22  85  64  75   3   0  10 0.37    M    M  6.4 48 240   M    M   4 1238   55 250
23  87  64  76   3   0  11 0.06    M    M  5.6 14 210   M    M   4 18     21 210
24  90  68  79   6   0  14 0.01    M    M  4.6 16 140   M    M   3 13     21 150
25  81  64  73   0   0   8 0.00    M    M  6.5 12  20   M    M   7 1      16  40
26  74  65  70  -3   0   5 0.00    M    M  5.2 13  50   M    M   8        15  30
27  76  68  72  -2   0   7 0.39    M    M  9.3 20 110   M    M   7 1      26 110
28  86  73  80   6   0  15 0.07    M    M  7.3 14 220   M    M   6 13     17 200
29  81  71  76   2   0  11 1.93    M    M  5.8 15 250   M    M   8 123    20 280
30  87  69  78   3   0  13 0.73    M    M  5.2 29 100   M    M   6        40 310
31  79  60  70  -5   0   5 0.00    M    M  7.6 22  20   M    M   4        29  40
================================================================================
SM 2419 1786        60 157  8.20    M    246.2          M      137
================================================================================
AV 78.0 57.6                               7.9 FASTST   M    M   4    MAX(MPH)
                                 MISC ---->    48 240                 55 250
================================================================================
NOTES:
# LAST OF SEVERAL OCCURRENCES

COLUMN 17 PEAK WIND IN M.P.H.

PRELIMINARY LOCAL CLIMATOLOGICAL DATA (WS FORM: F-6) , PAGE 2

                                          STATION:   FAYETTEVILLE REGL AIRPORT NC
                                          MONTH:     MAY
                                          YEAR:      2020
                                          LATITUDE:   35  0 N
                                          LONGITUDE:  78 53 W

[TEMPERATURE DATA]      [PRECIPITATION DATA]       SYMBOLS USED IN COLUMN 16

AVERAGE MONTHLY: 67.8   TOTAL FOR MONTH:   8.20    1 = FOG OR MIST
DPTR FM NORMAL:  -2.8   DPTR FM NORMAL:    4.96    2 = FOG REDUCING VISIBILITY
HIGHEST:    90 ON 24    GRTST 24HR  3.01 ON 20-21      TO 1/4 MILE OR LESS
LOWEST:     39 ON 10                               3 = THUNDER
                        SNOW, ICE PELLETS, HAIL    4 = ICE PELLETS
                        TOTAL MONTH:  M            5 = HAIL
                        GRTST 24HR    M  ON   M    6 = FREEZING RAIN OR DRIZZLE
                        GRTST DEPTH:  M  ON   M    7 = DUSTSTORM OR SANDSTORM:
                                                       VSBY 1/2 MILE OR LESS
                                                   8 = SMOKE OR HAZE
[NO. OF DAYS WITH]      [WEATHER - DAYS WITH]      9 = BLOWING SNOW
                                                   X = TORNADO
MAX 32 OR BELOW:   0    0.01 INCH OR MORE:  13
MAX 90 OR ABOVE:   1    0.10 INCH OR MORE:  10
MIN 32 OR BELOW:   0    0.50 INCH OR MORE:   5
MIN  0 OR BELOW:   0    1.00 INCH OR MORE:   3

[HDD (BASE 65) ]
TOTAL THIS MO.    60    CLEAR  (SCALE 0-3)  11
DPTR FM NORMAL    35    PTCLDY (SCALE 4-7)  15
TOTAL FM JUL 1  2240    CLOUDY (SCALE 8-10)  5
DPTR FM NORMAL  -490

[CDD (BASE 65) ]
TOTAL THIS MO.   157
DPTR FM NORMAL   -44    [PRESSURE DATA]
TOTAL FM JAN 1   287    HIGHEST SLP 30.35 ON 13
DPTR FM NORMAL     3    LOWEST  SLP 29.69 ON  6

[REMARKS]
#FINAL-05-20#
