000
CXUS52 KRAH 171345
CF6FAY
PRELIMINARY LOCAL CLIMATOLOGICAL DATA (WS FORM: F-6)

                                          STATION:   FAYETTEVILLE REGL AIRPORT NC
                                          MONTH:     OCTOBER
                                          YEAR:      2018
                                          LATITUDE:   35  0 N
                                          LONGITUDE:  78 53 W

  TEMPERATURE IN F:       :PCPN:    SNOW:  WIND      :SUNSHINE: SKY     :PK WND
================================================================================
1   2   3   4   5  6A  6B    7    8   9   10  11  12  13   14  15   16   17  18
                                     12Z  AVG MX 2MIN
DY MAX MIN AVG DEP HDD CDD  WTR  SNW DPTH SPD SPD DIR MIN PSBL S-S WX    SPD DR
================================================================================

 1  85  60  73   4   0   8 0.00    M    M  3.7 10 100   M    M   0 1      13 110
 2  87  63  75   7   0  10 0.00    M    M  2.4  9 250   M    M   1 1      14 210
 3  89  67  78  10   0  13 0.00    M    M  4.8 12 260   M    M   2 1      14 260
 4  92  70  81  14   0  16 0.00    M    M  6.0 13 240   M    M   1        17 270
 5  96  71  84  17   0  19 0.00    M    M  5.8 10 360   M    M   1        14 360
 6  84  73  79  12   0  14 0.00    M    M  5.1 12  30   M    M   6 1      14  30
 7  91  70  81  15   0  16 0.00    M    M  4.6 12  40   M    M   4 128    15  50
 8  90  69  80  14   0  15 0.00    M    M  6.9 16 100   M    M   4 12     21 100
 9  87  69  78  12   0  13    T    M    M  7.5 21 130   M    M   3        30 140
10  84  71  78  13   0  13 0.14    M    M  7.7 18 120   M    M   7 1      23 110
11  79  69  74   9   0   9 0.90    M    M 17.0 36 290   M    M   9 138    49 290
12  75  54  65   0   0   0 0.00    M    M  7.0 18 300   M    M   0        24 290
13  75  52  64   0   1   0 0.00    M    M  5.3 14  10   M    M   1        18  10
14  74  52  63  -1   2   0 0.00    M    M  5.7 12  20   M    M   5        14  30
15  83  60  72   8   0   7 0.00    M    M  4.3 10 180   M    M   5        15 160
16  85  66  76  13   0  11 0.05    M    M  3.4 17 330   M    M   6 1      23 320
================================================================================
SM 1356 1036         3 164  1.09    M     97.2          M       55
================================================================================
AV 84.8 64.8                               6.1 FASTST   M    M   3    MAX(MPH)
                                 MISC ---->  # 36 290               # 49  290
================================================================================
NOTES:
# LAST OF SEVERAL OCCURRENCES

COLUMN 17 PEAK WIND IN M.P.H.

PRELIMINARY LOCAL CLIMATOLOGICAL DATA (WS FORM: F-6) , PAGE 2

                                          STATION:  FAYETTEVILLE REGL AIRPORT NC
                                          MONTH:    OCTOBER
                                          YEAR:     2018
                                          LATITUDE:   35  0 N
                                          LONGITUDE:  78 53 W

[TEMPERATURE DATA]      [PRECIPITATION DATA]       SYMBOLS USED IN COLUMN 16

AVERAGE MONTHLY: 74.8   TOTAL FOR MONTH:   1.09    1 = FOG OR MIST
DPTR FM NORMAL:   8.9   DPTR FM NORMAL:   -0.97    2 = FOG REDUCING VISIBILITY
HIGHEST:    96 ON  5    GRTST 24HR  0.90 ON 11-11      TO 1/4 MILE OR LESS
LOWEST:     52 ON 14,13                            3 = THUNDER
                        SNOW, ICE PELLETS, HAIL    4 = ICE PELLETS
                        TOTAL MONTH:    M          5 = HAIL
                        GRTST 24HR    M  ON   M    6 = FREEZING RAIN OR DRIZZLE
                        GRTST DEPTH:  M  ON   M    7 = DUSTSTORM OR SANDSTORM:
                                                       VSBY 1/2 MILE OR LESS
                                                   8 = SMOKE OR HAZE
[NO. OF DAYS WITH]      [WEATHER - DAYS WITH]      9 = BLOWING SNOW
                                                   X = TORNADO
MAX 32 OR BELOW:   0    0.01 INCH OR MORE:   3
MAX 90 OR ABOVE:   4    0.10 INCH OR MORE:   2
MIN 32 OR BELOW:   0    0.50 INCH OR MORE:   1
MIN  0 OR BELOW:   0    1.00 INCH OR MORE:   0

[HDD (BASE 65) ]
TOTAL THIS MO.     3    CLEAR  (SCALE 0-3)   8
DPTR FM NORMAL   -33    PTCLDY (SCALE 4-7)   7
TOTAL FM JUL 1     3    CLOUDY (SCALE 8-10)  1
DPTR FM NORMAL   -42

[CDD (BASE 65) ]
TOTAL THIS MO.   164
DPTR FM NORMAL   115    [PRESSURE DATA]
TOTAL FM JAN 1  2568    HIGHEST SLP M ON M
DPTR FM NORMAL   611    LOWEST  SLP 29.27 ON 11

[REMARKS]
