000
CXUS52 KMLB 200840
CF6FPR
PRELIMINARY LOCAL CLIMATOLOGICAL DATA (WS FORM: F-6)

                                          STATION:   FORT PIERCE
                                          MONTH:     JANUARY
                                          YEAR:      2019
                                          LATITUDE:   27 30 N
                                          LONGITUDE:  80 22 W

  TEMPERATURE IN F:       :PCPN:    SNOW:  WIND      :SUNSHINE: SKY     :PK WND
================================================================================
1   2   3   4   5  6A  6B    7    8   9   10  11  12  13   14  15   16   17  18
                                     12Z  AVG MX 2MIN
DY MAX MIN AVG DEP HDD CDD  WTR  SNW DPTH SPD SPD DIR MIN PSBL S-S WX    SPD DR
================================================================================

 1  83  60  72  10   0   7 0.00  0.0    0  4.6 16 130   M    M   6 12     20 140
 2  81  56  69   7   0   4 0.00  0.0    0  4.1 13 110   M    M   3 1      15 100
 3  82  61  72  10   0   7 0.01  0.0    0  5.3 17 130   M    M   6 12     20 130
 4  85  66  76  14   0  11 0.13  0.0    0  8.4 17 210   M    M   3 1      25 210
 5  76  54  65   3   0   0 0.00  0.0    0  9.6 20 280   M    M   2        27 290
 6  74  50  62   0   3   0 0.00  0.0    0  3.9  9  60   M    M   0        15  60
 7  79  52  66   4   0   1 0.00  0.0    0  3.4 14 130   M    M   4 1      19 130
 8  79  52  66   4   0   1 0.00  0.0    0  2.4  9  70   M    M   1 1      11 100
 9  76  51  64   2   1   0 0.00  0.0    0  7.0 17 290   M    M   0 1      22 290
10  64  43  54  -8  11   0 0.00  0.0    0  7.5 13 320   M    M   0        18  10
11  75  44  60  -1   5   0 0.00  0.0    0  7.0 15  80   M    M   3        20 100
12  77  61  69   8   0   4    T  0.0    0  8.2 18 100   M    M   3        23 110
13  83  53  68   7   0   3 0.00  0.0    0  4.0 14 240   M    M   4 12     18 270
14  70  48  59  -2   6   0 0.00  0.0    0  6.3 14  30   M    M   2 1      21  40
15  65  48  57  -4   8   0 0.00  0.0    0  6.8 13  30   M    M   1        20  10
16  66  45  56  -5   9   0 0.00  0.0    0  6.0 10 320   M    M   0        15 320
17  76  47  62   1   3   0    T    M    0  4.8 14 130   M    M   1 12     16 120
18  75  46  61   0   4   0 0.00    M    0  3.3 10  80   M    M   3 12     14  70
19  81  49  65   4   0   0 0.00  0.0    0  6.2 20 130   M    M   1 1      23 130
================================================================================
SM 1447  986        50  38  0.14     0.0 108.8          M       43
================================================================================
AV 76.2 51.9                               5.7 FASTST   M    M   2    MAX(MPH)
                                 MISC ---->  # 20 280               # 27  290
================================================================================
NOTES:
# LAST OF SEVERAL OCCURRENCES

COLUMN 17 PEAK WIND IN M.P.H.

PRELIMINARY LOCAL CLIMATOLOGICAL DATA (WS FORM: F-6) , PAGE 2

                                          STATION:  FORT PIERCE
                                          MONTH:    JANUARY
                                          YEAR:     2019
                                          LATITUDE:   27 30 N
                                          LONGITUDE:  80 22 W

[TEMPERATURE DATA]      [PRECIPITATION DATA]       SYMBOLS USED IN COLUMN 16

AVERAGE MONTHLY: 64.0   TOTAL FOR MONTH:   0.14    1 = FOG OR MIST
DPTR FM NORMAL:   2.5   DPTR FM NORMAL:   -1.24    2 = FOG REDUCING VISIBILITY
HIGHEST:    85 ON  4    GRTST 24HR  0.13 ON  4- 4      TO 1/4 MILE OR LESS
LOWEST:     43 ON 10                               3 = THUNDER
                        SNOW, ICE PELLETS, HAIL    4 = ICE PELLETS
                        TOTAL MONTH:   0.0 INCH    5 = HAIL
                        GRTST 24HR     0.0         6 = FREEZING RAIN OR DRIZZLE
                        GRTST DEPTH:   0           7 = DUSTSTORM OR SANDSTORM:
                                                       VSBY 1/2 MILE OR LESS
                                                   8 = SMOKE OR HAZE
[NO. OF DAYS WITH]      [WEATHER - DAYS WITH]      9 = BLOWING SNOW
                                                   X = TORNADO
MAX 32 OR BELOW:   0    0.01 INCH OR MORE:   2
MAX 90 OR ABOVE:   0    0.10 INCH OR MORE:   1
MIN 32 OR BELOW:   0    0.50 INCH OR MORE:   0
MIN  0 OR BELOW:   0    1.00 INCH OR MORE:   0

[HDD (BASE 65) ]
TOTAL THIS MO.    50    CLEAR  (SCALE 0-3)  15
DPTR FM NORMAL   -45    PTCLDY (SCALE 4-7)   4
TOTAL FM JUL 1   179    CLOUDY (SCALE 8-10)  0
DPTR FM NORMAL   -39

[CDD (BASE 65) ]
TOTAL THIS MO.    38
DPTR FM NORMAL     0    [PRESSURE DATA]
TOTAL FM JAN 1    38    HIGHEST SLP M ON M
DPTR FM NORMAL     0    LOWEST  SLP 29.81 ON 19

[REMARKS]
