000
CXUS52 KMLB 290646
CF6FPR
PRELIMINARY LOCAL CLIMATOLOGICAL DATA (WS FORM: F-6)

                                          STATION:   FORT PIERCE
                                          MONTH:     MAY
                                          YEAR:      2020
                                          LATITUDE:   27 30 N
                                          LONGITUDE:  80 22 W

  TEMPERATURE IN F:       :PCPN:    SNOW:  WIND      :SUNSHINE: SKY     :PK WND
================================================================================
1   2   3   4   5  6A  6B    7    8   9   10  11  12  13   14  15   16   17  18
                                     12Z  AVG MX 2MIN
DY MAX MIN AVG DEP HDD CDD  WTR  SNW DPTH SPD SPD DIR MIN PSBL S-S WX    SPD DR
================================================================================

 1  79  54  67  -7   0   2 0.00  0.0    0  5.0 12  90   M    M   1        18 360
 2  82  53  68  -6   0   3 0.00  0.0    0  4.8 12  60   M    M   0        18  70
 3  82  57  70  -4   0   5 0.00  0.0    0  5.2 14 120   M    M   0        21 110
 4  87  60  74   0   0   9 0.00  0.0    0  5.9 15 100   M    M   1        19 100
 5  92  65  79   5   0  14 0.00  0.0    0  7.8 18 140   M    M   0        23 130
 6  91  65  78   4   0  13 0.00  0.0    0  8.0 17 270   M    M   3        24 260
 7  77  63  70  -4   0   5 0.00  0.0    0  8.2 17 360   M    M   0        26 360
 8  82  62  72  -3   0   7 0.00  0.0    0 10.7 23 130   M    M   0        29 130
 9  86  60  73  -2   0   8 0.00  0.0    0  7.6 17 300   M    M   1        24 320
10  77  69  73  -2   0   8 0.81  0.0    0  6.4 17  90   M    M   8 1      27  70
11  82  68  75   0   0  10 0.00  0.0    0  7.5 17  10   M    M   3        27 360
12  84  60  72  -3   0   7 0.00  0.0    0  6.3 17  80   M    M   1        23  70
13  84  74  79   3   0  14 0.00  0.0    0 15.0 23  90   M    M   3        30  60
14  84  75  80   4   0  15    T  0.0    0 16.1 24 100   M    M   4        30 100
15  84  74  79   3   0  14 0.47  0.0    0 11.6 24  80   M    M   8 18     33  80
16  85  73  79   3   0  14 0.98  0.0    0  5.7 12  20   M    M   5 13     17  20
17  86  72  79   3   0  14 0.01  0.0    0  6.0 18 280   M    M   6 13     21 290
18  87  70  79   3   0  14 0.24  0.0    0  6.5 21 150   M    M   2 13     28 140
19  89  71  80   3   0  15 0.87  0.0    0  7.6 21 270   M    M   3 13     27 210
20  93  64  79   2   0  14 0.00  0.0    0  6.9 17 270   M    M   2        21 250
21  90  72  81   4   0  16 0.00  0.0    0  6.4 26 140   M    M   1 3      33 130
22  88  70  79   2   0  14 0.00  0.0    0  9.7 20  90   M    M   1        26  90
23  87  72  80   3   0  15    T  0.0    0 10.6 18 110   M    M   4        24 120
24  82  78  80   2   0  15 0.10  0.0    0 13.8 21 110   M    M   4 18     27 140
25  80  74  77  -1   0  12 3.09  0.0    0 13.7 21 100   M    M   9 13     27 100
26  89  74  82   4   0  17 0.20  0.0    0  7.3 29 120   M    M   4 13     37 120
27  93  71  82   4   0  17 1.23  0.0    0  5.8 28 230   M    M   3 138    37 220
28  87  73  80   2   0  15 0.81  0.0    0  7.4 21 300   M    M   3 13     27 290
================================================================================
SM 2389 1893         0 326  8.81  0.0    233.5          M       80
================================================================================
AV 85.3 67.6                               8.3 FASTST   M    M   3    MAX(MPH)
                                 MISC ---->    29 120               # 37 120
================================================================================
NOTES:
# LAST OF SEVERAL OCCURRENCES

COLUMN 17 PEAK WIND IN M.P.H.

PRELIMINARY LOCAL CLIMATOLOGICAL DATA (WS FORM: F-6) , PAGE 2

                                          STATION:   FORT PIERCE
                                          MONTH:     MAY
                                          YEAR:      2020
                                          LATITUDE:   27 30 N
                                          LONGITUDE:  80 22 W

[TEMPERATURE DATA]      [PRECIPITATION DATA]       SYMBOLS USED IN COLUMN 16

AVERAGE MONTHLY: 76.5   TOTAL FOR MONTH:   8.81    1 = FOG OR MIST
DPTR FM NORMAL:   0.6   DPTR FM NORMAL:    5.56    2 = FOG REDUCING VISIBILITY
HIGHEST:    93 ON 27,20  GRTST 24HR  3.13 ON 25-26      TO 1/4 MILE OR LESS
LOWEST:     53 ON  2                               3 = THUNDER
                        SNOW, ICE PELLETS, HAIL    4 = ICE PELLETS
                        TOTAL MONTH:   0.0 INCH    5 = HAIL
                        GRTST 24HR  0.0            6 = FREEZING RAIN OR DRIZZLE
                        GRTST DEPTH:  0            7 = DUSTSTORM OR SANDSTORM:
                                                       VSBY 1/2 MILE OR LESS
                                                   8 = SMOKE OR HAZE
[NO. OF DAYS WITH]      [WEATHER - DAYS WITH]      9 = BLOWING SNOW
                                                   X = TORNADO
MAX 32 OR BELOW:   0    0.01 INCH OR MORE:  11
MAX 90 OR ABOVE:   5    0.10 INCH OR MORE:  10
MIN 32 OR BELOW:   0    0.50 INCH OR MORE:   6
MIN  0 OR BELOW:   0    1.00 INCH OR MORE:   2

[HDD (BASE 65) ]
TOTAL THIS MO.     0    CLEAR  (SCALE 0-3)  18
DPTR FM NORMAL     0    PTCLDY (SCALE 4-7)   8
TOTAL FM JUL 1   248    CLOUDY (SCALE 8-10)  2
DPTR FM NORMAL  -193

[CDD (BASE 65) ]
TOTAL THIS MO.   326
DPTR FM NORMAL    24    [PRESSURE DATA]
TOTAL FM JAN 1  1126    HIGHEST SLP M ON M
DPTR FM NORMAL   381    LOWEST  SLP 29.79 ON 19

[REMARKS]
