000
CXUS56 KSGX 241245
CF6FUL
PRELIMINARY LOCAL CLIMATOLOGICAL DATA (WS FORM: F-6)

                                          STATION:   FULLERTON AIRPORT CA
                                          MONTH:     MAY
                                          YEAR:      2020
                                          LATITUDE:   33 52 N
                                          LONGITUDE: 117 58 W

  TEMPERATURE IN F:       :PCPN:    SNOW:  WIND      :SUNSHINE: SKY     :PK WND
================================================================================
1   2   3   4   5  6A  6B    7    8   9   10  11  12  13   14  15   16   17  18
                                     12Z  AVG MX 2MIN
DY MAX MIN AVG DEP HDD CDD  WTR  SNW DPTH SPD SPD DIR MIN PSBL S-S WX    SPD DR
================================================================================

 1  78  64  71   6   0   6 0.00  0.0    0  4.6 12 220   M    M   4        17 230
 2  79  60  70   5   0   5 0.00  0.0    0  4.0 14 200   M    M   1        19 200
 3  79  61  70   5   0   5 0.00  0.0    0  3.7 13 210   M    M   2        18 200
 4  84  60  72   7   0   7 0.00  0.0    0  4.1 12 190   M    M   1        16 200
 5  93  62  78  13   0  13 0.00  0.0    0  2.5 10 190   M    M   0        15 190
 6  94  62  78  12   0  13 0.00  0.0    0  2.9 10 180   M    M   0        13 190
 7  90  64  77  11   0  12 0.00  0.0    0  3.5 12 200   M    M   0        16 230
 8  82  63  73   7   0   8 0.00  0.0    0  3.2 13 200   M    M   2 18     17 180
 9  78  63  71   5   0   6 0.00  0.0    0  3.7 12 180   M    M   4 18     16 240
10  80  63  72   6   0   7    T  0.0    0  4.0 13 220   M    M   7 8      18 210
11  78  61  70   4   0   5    T  0.0    0  5.0 13 200   M    M   4        18 190
12  75  58  67   1   0   2 0.00  0.0    0  5.0 15 200   M    M   6 8      23 210
13  75  59  67   1   0   2 0.00  0.0    0  3.4 15 180   M    M   3        20 190
14  77  58  68   2   0   3 0.00  0.0    0  5.4 15 200   M    M   1        22 210
15  80  62  71   5   0   6 0.00  0.0    0  4.1 12 190   M    M   3        16 210
16  82  62  72   6   0   7 0.00  0.0    0  3.9 13 190   M    M   1        16 220
17  80  65  73   7   0   8 0.00  0.0    0  5.2 14 210   M    M   5        20 190
18  75  61  68   1   0   3 0.05  0.0    0  5.8 12 280   M    M   7 18     18 260
19  75  57  66  -1   0   1 0.00  0.0    0  4.7 13 240   M    M   2        23 220
20  78  59  69   2   0   4 0.00  0.0    0  4.2 14 210   M    M   1        21 190
21  88  59  74   7   0   9 0.00  0.0    0  3.2 13 290   M    M   0        17 290
22  79  61  70   3   0   5 0.00  0.0    0  5.9 14 220   M    M   3        19 220
23  76  63  70   3   0   5 0.00  0.0    0  5.0 13 180   M    M   5        20 200
================================================================================
SM 1855 1407         0 142  0.05     0.0  97.0          M       62
================================================================================
AV 80.7 61.2                               4.2 FASTST   M    M   3    MAX(MPH)
                                 MISC ---->  # 15 200               # 23  210
================================================================================
NOTES:
# LAST OF SEVERAL OCCURRENCES

COLUMN 17 PEAK WIND IN M.P.H.

PRELIMINARY LOCAL CLIMATOLOGICAL DATA (WS FORM: F-6) , PAGE 2

                                          STATION:  FULLERTON AIRPORT CA
                                          MONTH:    MAY
                                          YEAR:     2020
                                          LATITUDE:   33 52 N
                                          LONGITUDE: 117 58 W

[TEMPERATURE DATA]      [PRECIPITATION DATA]       SYMBOLS USED IN COLUMN 16

AVERAGE MONTHLY: 70.9   TOTAL FOR MONTH:   0.05    1 = FOG OR MIST
DPTR FM NORMAL:   4.9   DPTR FM NORMAL:   -0.18    2 = FOG REDUCING VISIBILITY
HIGHEST:    94 ON  6    GRTST 24HR  0.05 ON 18-18      TO 1/4 MILE OR LESS
LOWEST:     57 ON 19                               3 = THUNDER
                        SNOW, ICE PELLETS, HAIL    4 = ICE PELLETS
                        TOTAL MONTH:   0.0 INCH    5 = HAIL
                        GRTST 24HR     0.0         6 = FREEZING RAIN OR DRIZZLE
                        GRTST DEPTH:   0           7 = DUSTSTORM OR SANDSTORM:
                                                       VSBY 1/2 MILE OR LESS
                                                   8 = SMOKE OR HAZE
[NO. OF DAYS WITH]      [WEATHER - DAYS WITH]      9 = BLOWING SNOW
                                                   X = TORNADO
MAX 32 OR BELOW:   0    0.01 INCH OR MORE:   1
MAX 90 OR ABOVE:   3    0.10 INCH OR MORE:   0
MIN 32 OR BELOW:   0    0.50 INCH OR MORE:   0
MIN  0 OR BELOW:   0    1.00 INCH OR MORE:   0

[HDD (BASE 65) ]
TOTAL THIS MO.     0    CLEAR  (SCALE 0-3)  14
DPTR FM NORMAL   -28    PTCLDY (SCALE 4-7)   9
TOTAL FM JUL 1   862    CLOUDY (SCALE 8-10)  0
DPTR FM NORMAL  -360

[CDD (BASE 65) ]
TOTAL THIS MO.   142
DPTR FM NORMAL    95    [PRESSURE DATA]
TOTAL FM JAN 1   253    HIGHEST SLP M ON M
DPTR FM NORMAL   154    LOWEST  SLP 29.76 ON 16

[REMARKS]
