000
CXUS54 KFWD 190730
CF6FWD
PRELIMINARY LOCAL CLIMATOLOGICAL DATA (WS FORM: F-6)

                                          STATION:   FORT WORTH NWS
                                          MONTH:     AUGUST
                                          YEAR:      2018
                                          LATITUDE:   32 50 N
                                          LONGITUDE:  97 18 W

  TEMPERATURE IN F:       :PCPN:    SNOW:  WIND      :SUNSHINE: SKY     :PK WND
================================================================================
1   2   3   4   5  6A  6B    7    8   9   10  11  12  13   14  15   16   17  18
                                     12Z  AVG MX 2MIN
DY MAX MIN AVG DEP HDD CDD  WTR  SNW DPTH SPD SPD DIR MIN PSBL S-S WX    SPD DR
================================================================================

 1  92  68  80  -6   0  15 0.00  0.0    0   M   M   M   M    M   M         M  M
 2  95  72  84  -2   0  19    T  0.0    0   M   M   M   M    M   M         M  M
 3  95  74  85  -1   0  20 0.00  0.0    0   M   M   M   M    M   M         M  M
 4  95  72  84  -2   0  19 0.00  0.0    0   M   M   M   M    M   M         M  M
 5  97  75  86   0   0  21 0.00  0.0    0   M   M   M   M    M   M         M  M
 6  96  77  87   1   0  22 0.00  0.0    0   M   M   M   M    M   M         M  M
 7  99  77  88   2   0  23 0.00  0.0    0   M   M   M   M    M   M         M  M
 8  93  79  86   0   0  21 0.00  0.0    0   M   M   M   M    M   M         M  M
 9  95  76  86   0   0  21 0.00  0.0    0   M   M   M   M    M   M 3       M  M
10  82  71  77  -9   0  12 0.94  0.0    0   M   M   M   M    M   M 1       M  M
11  78  68  73 -13   0   8 1.43  0.0    0   M   M   M   M    M   M 13      M  M
12  86  71  79  -7   0  14 0.15  0.0    0   M   M   M   M    M   M 13      M  M
13  83  71  77  -9   0  12 2.00  0.0    0   M   M   M   M    M   M 13      M  M
14  87  72  80  -6   0  15 0.11  0.0    0   M   M   M   M    M   M         M  M
15  96  76  86   1   0  21 0.00  0.0    0   M   M   M   M    M   M         M  M
16  96  78  87   2   0  22 0.00  0.0    0   M   M   M   M    M   M         M  M
17  97  79  88   3   0  23 0.00  0.0    0   M   M   M   M    M   M         M  M
18  99  76  88   3   0  23 0.01  0.0    0   M   M   M   M    M   M 3       M  M
================================================================================
SM 1661 1332         0 331  4.64     0.0     M          M        M
================================================================================
AV 92.3 74.0                                 M FASTST   M    M   1    MAX(MPH)
                                 MISC ---->     M   M                  M    M
================================================================================
NOTES:
# LAST OF SEVERAL OCCURRENCES

COLUMN 17 PEAK WIND IN M.P.H.

PRELIMINARY LOCAL CLIMATOLOGICAL DATA (WS FORM: F-6) , PAGE 2

                                          STATION:  FORT WORTH NWS
                                          MONTH:    AUGUST
                                          YEAR:     2018
                                          LATITUDE:   32 50 N
                                          LONGITUDE:  97 18 W

[TEMPERATURE DATA]      [PRECIPITATION DATA]       SYMBOLS USED IN COLUMN 16

AVERAGE MONTHLY: 83.1   TOTAL FOR MONTH:   4.64    1 = FOG OR MIST
DPTR FM NORMAL:  -2.6   DPTR FM NORMAL:    3.62    2 = FOG REDUCING VISIBILITY
HIGHEST:    99 ON 18, 7 GRTST 24HR  2.00 ON 13-13      TO 1/4 MILE OR LESS
LOWEST:     68 ON 11, 1                            3 = THUNDER
                        SNOW, ICE PELLETS, HAIL    4 = ICE PELLETS
                        TOTAL MONTH:   0.0 INCH    5 = HAIL
                        GRTST 24HR     0.0         6 = FREEZING RAIN OR DRIZZLE
                        GRTST DEPTH:   0           7 = DUSTSTORM OR SANDSTORM:
                                                       VSBY 1/2 MILE OR LESS
                                                   8 = SMOKE OR HAZE
[NO. OF DAYS WITH]      [WEATHER - DAYS WITH]      9 = BLOWING SNOW
                                                   X = TORNADO
MAX 32 OR BELOW:   0    0.01 INCH OR MORE:   6
MAX 90 OR ABOVE:  13    0.10 INCH OR MORE:   5
MIN 32 OR BELOW:   0    0.50 INCH OR MORE:   3
MIN  0 OR BELOW:   0    1.00 INCH OR MORE:   2

[HDD (BASE 65) ]
TOTAL THIS MO.     0    CLEAR  (SCALE 0-3)   0
DPTR FM NORMAL     0    PTCLDY (SCALE 4-7)   0
TOTAL FM JUL 1     0    CLOUDY (SCALE 8-10)  0
DPTR FM NORMAL     0

[CDD (BASE 65) ]
TOTAL THIS MO.   331
DPTR FM NORMAL   -42    [PRESSURE DATA]
TOTAL FM JAN 1  2101    HIGHEST SLP M ON M
DPTR FM NORMAL   248    LOWEST  SLP M ON M

[REMARKS]
