000
CXUS54 KFWD 250730
CF6FWD
PRELIMINARY LOCAL CLIMATOLOGICAL DATA (WS FORM: F-6)

                                          STATION:   FORT WORTH NWS
                                          MONTH:     MAY
                                          YEAR:      2018
                                          LATITUDE:   32 50 N
                                          LONGITUDE:  97 18 W

  TEMPERATURE IN F:       :PCPN:    SNOW:  WIND      :SUNSHINE: SKY     :PK WND
================================================================================
1   2   3   4   5  6A  6B    7    8   9   10  11  12  13   14  15   16   17  18
                                     12Z  AVG MX 2MIN
DY MAX MIN AVG DEP HDD CDD  WTR  SNW DPTH SPD SPD DIR MIN PSBL S-S WX    SPD DR
================================================================================

 1  77  67  72   3   0   7    T  0.0    0   M   M   M   M    M   M         M  M
 2  84  69  77   8   0  12 0.03  0.0    0   M   M   M   M    M   M         M  M
 3  77  63  70   0   0   5 0.90  0.0    0   M   M   M   M    M   M 13      M  M
 4  72  61  67  -3   0   2 0.61  0.0    0   M   M   M   M    M   M 13      M  M
 5  79  57  68  -2   0   3 0.00  0.0    0   M   M   M   M    M   M         M  M
 6  85  59  72   2   0   7 0.00  0.0    0   M   M   M   M    M   M         M  M
 7  91  60  76   5   0  11 0.00  0.0    0   M   M   M   M    M   M         M  M
 8  88  65  77   6   0  12 0.00  0.0    0   M   M   M   M    M   M         M  M
 9  85  67  76   5   0  11 0.00  0.0    0   M   M   M   M    M   M         M  M
10  84  65  75   3   0  10 0.00  0.0    0   M   M   M   M    M   M         M  M
11  86  68  77   5   0  12 0.00  0.0    0   M   M   M   M    M   M         M  M
12  87  70  79   7   0  14 0.00  0.0    0   M   M   M   M    M   M         M  M
13  88  70  79   7   0  14 0.00  0.0    0   M   M   M   M    M   M         M  M
14  88  71  80   7   0  15 0.00  0.0    0   M   M   M   M    M   M         M  M
15  85  72  79   6   0  14    T  0.0    0   M   M   M   M    M   M         M  M
16  88  68  78   5   0  13 0.00  0.0    0   M   M   M   M    M   M         M  M
17  90  67  79   5   0  14 0.00  0.0    0   M   M   M   M    M   M         M  M
18  94  70  82   8   0  17 0.01  0.0    0   M   M   M   M    M   M 3       M  M
19  89  71  80   6   0  15 0.00  0.0    0   M   M   M   M    M   M         M  M
20  78  63  71  -4   0   6 0.47  0.0    0   M   M   M   M    M   M 13      M  M
21  85  65  75   0   0  10 0.00  0.0    M   M   M   M   M    M   M         M  M
22  86  67  77   2   0  12 0.00  0.0    M   M   M   M   M    M   M         M  M
23  89  70  80   5   0  15 0.00  0.0    M   M   M   M   M    M   M         M  M
24  87  69  78   2   0  13 0.00  0.0    M   M   M   M   M    M   M         M  M
================================================================================
SM 2042 1594         0 264  2.02     0.0     M          M        M
================================================================================
AV 85.1 66.4                                 M FASTST   M    M   4    MAX(MPH)
                                 MISC ---->     M   M                  M    M
================================================================================
NOTES:
# LAST OF SEVERAL OCCURRENCES

COLUMN 17 PEAK WIND IN M.P.H.

PRELIMINARY LOCAL CLIMATOLOGICAL DATA (WS FORM: F-6) , PAGE 2

                                          STATION:  FORT WORTH NWS
                                          MONTH:    MAY
                                          YEAR:     2018
                                          LATITUDE:   32 50 N
                                          LONGITUDE:  97 18 W

[TEMPERATURE DATA]      [PRECIPITATION DATA]       SYMBOLS USED IN COLUMN 16

AVERAGE MONTHLY: 75.8   TOTAL FOR MONTH:   2.02    1 = FOG OR MIST
DPTR FM NORMAL:   3.4   DPTR FM NORMAL:   -1.48    2 = FOG REDUCING VISIBILITY
HIGHEST:    94 ON 18    GRTST 24HR  0.90 ON  3- 3      TO 1/4 MILE OR LESS
LOWEST:     57 ON  5                               3 = THUNDER
                        SNOW, ICE PELLETS, HAIL    4 = ICE PELLETS
                        TOTAL MONTH:   0.0 INCH    5 = HAIL
                        GRTST 24HR     0.0         6 = FREEZING RAIN OR DRIZZLE
                        GRTST DEPTH:   0           7 = DUSTSTORM OR SANDSTORM:
                                                       VSBY 1/2 MILE OR LESS
                                                   8 = SMOKE OR HAZE
[NO. OF DAYS WITH]      [WEATHER - DAYS WITH]      9 = BLOWING SNOW
                                                   X = TORNADO
MAX 32 OR BELOW:   0    0.01 INCH OR MORE:   5
MAX 90 OR ABOVE:   3    0.10 INCH OR MORE:   3
MIN 32 OR BELOW:   0    0.50 INCH OR MORE:   2
MIN  0 OR BELOW:   0    1.00 INCH OR MORE:   0

[HDD (BASE 65) ]
TOTAL THIS MO.     0    CLEAR  (SCALE 0-3)   0
DPTR FM NORMAL    -8    PTCLDY (SCALE 4-7)   0
TOTAL FM JUL 1  2338    CLOUDY (SCALE 8-10)  0
DPTR FM NORMAL     3

[CDD (BASE 65) ]
TOTAL THIS MO.   264
DPTR FM NORMAL    77    [PRESSURE DATA]
TOTAL FM JAN 1   349    HIGHEST SLP M ON M
DPTR FM NORMAL    28    LOWEST  SLP M ON M

[REMARKS]
