000
CXUS54 KFWD 230730
CF6FWD
PRELIMINARY LOCAL CLIMATOLOGICAL DATA (WS FORM: F-6)

                                          STATION:   FORT WORTH NWS
                                          MONTH:     OCTOBER
                                          YEAR:      2019
                                          LATITUDE:   32 50 N
                                          LONGITUDE:  97 18 W

  TEMPERATURE IN F:       :PCPN:    SNOW:  WIND      :SUNSHINE: SKY     :PK WND
================================================================================
1   2   3   4   5  6A  6B    7    8   9   10  11  12  13   14  15   16   17  18
                                     12Z  AVG MX 2MIN
DY MAX MIN AVG DEP HDD CDD  WTR  SNW DPTH SPD SPD DIR MIN PSBL S-S WX    SPD DR
================================================================================

 1  94  75  85  13   0  20 0.00  0.0    0   M   M   M   M    M   M         M  M
 2  93  74  84  12   0  19 0.00  0.0    0   M   M   M   M    M   M         M  M
 3  94  72  83  12   0  18 0.00  0.0    0   M   M   M   M    M   M         M  M
 4  89  71  80   9   0  15 0.00  0.0    0   M   M   M   M    M   M         M  M
 5  93  70  82  11   0  17 0.00  0.0    0   M   M   M   M    M   M         M  M
 6  96  63  80  10   0  15 0.01  0.0    0   M   M   M   M    M   M 3       M  M
 7  77  56  67  -3   0   2 0.00  0.0    0   M   M   M   M    M   M         M  M
 8  78  55  67  -3   0   2 0.00  0.0    0   M   M   M   M    M   M         M  M
 9  87  62  75   6   0  10 0.00  0.0    0   M   M   M   M    M   M         M  M
10  91  56  74   5   0   9 1.27  0.0    0   M   M   M   M    M   M 13      M  M
11  62  42  52 -17  13   0 0.23  0.0    0   M   M   M   M    M   M 3       M  M
12  66  41  54 -14  11   0 0.00  0.0    0   M   M   M   M    M   M         M  M
13  78  54  66  -2   0   1 0.00  0.0    0   M   M   M   M    M   M         M  M
14  76  61  69   1   0   4 0.01  0.0    0   M   M   M   M    M   M 1       M  M
15  84  66  75   8   0  10    T  0.0    0   M   M   M   M    M   M 1       M  M
16  67  53  60  -7   5   0 0.00  0.0    0   M   M   M   M    M   M         M  M
17  72  49  61  -6   4   0 0.00  0.0    0   M   M   M   M    M   M         M  M
18  76  48  62  -4   3   0 0.00  0.0    0   M   M   M   M    M   M         M  M
19  82  59  71   5   0   6 0.06  0.0    0   M   M   M   M    M   M 3       M  M
20  86  53  70   4   0   5 0.98    M    M   M   M   M   M    M   M 3       M  M
21  71  54  63  -2   2   0 0.01    M    M   M   M   M   M    M   M         M  M
22  72  47  60  -5   5   0 0.00    M    M   M   M   M   M    M   M         M  M
================================================================================
SM 1784 1281        43 153  2.57     0.0     M          M        M
================================================================================
AV 81.1 58.2                                 M FASTST   M    M   4    MAX(MPH)
                                 MISC ---->     M   M                  M    M
================================================================================
NOTES:
# LAST OF SEVERAL OCCURRENCES

COLUMN 17 PEAK WIND IN M.P.H.

PRELIMINARY LOCAL CLIMATOLOGICAL DATA (WS FORM: F-6) , PAGE 2

                                          STATION:  FORT WORTH NWS
                                          MONTH:    OCTOBER
                                          YEAR:     2019
                                          LATITUDE:   32 50 N
                                          LONGITUDE:  97 18 W

[TEMPERATURE DATA]      [PRECIPITATION DATA]       SYMBOLS USED IN COLUMN 16

AVERAGE MONTHLY: 69.7   TOTAL FOR MONTH:   2.57    1 = FOG OR MIST
DPTR FM NORMAL:   1.2   DPTR FM NORMAL:   -0.65    2 = FOG REDUCING VISIBILITY
HIGHEST:    96 ON  6    GRTST 24HR  1.27 ON 10-10      TO 1/4 MILE OR LESS
LOWEST:     41 ON 12                               3 = THUNDER
                        SNOW, ICE PELLETS, HAIL    4 = ICE PELLETS
                        TOTAL MONTH:   0.0 INCH    5 = HAIL
                        GRTST 24HR     0.0         6 = FREEZING RAIN OR DRIZZLE
                        GRTST DEPTH:   0           7 = DUSTSTORM OR SANDSTORM:
                                                       VSBY 1/2 MILE OR LESS
                                                   8 = SMOKE OR HAZE
[NO. OF DAYS WITH]      [WEATHER - DAYS WITH]      9 = BLOWING SNOW
                                                   X = TORNADO
MAX 32 OR BELOW:   0    0.01 INCH OR MORE:   7
MAX 90 OR ABOVE:   6    0.10 INCH OR MORE:   3
MIN 32 OR BELOW:   0    0.50 INCH OR MORE:   2
MIN  0 OR BELOW:   0    1.00 INCH OR MORE:   1

[HDD (BASE 65) ]
TOTAL THIS MO.    43    CLEAR  (SCALE 0-3)   0
DPTR FM NORMAL     7    PTCLDY (SCALE 4-7)   0
TOTAL FM JUL 1    43    CLOUDY (SCALE 8-10)  0
DPTR FM NORMAL     1

[CDD (BASE 65) ]
TOTAL THIS MO.   153
DPTR FM NORMAL    41    [PRESSURE DATA]
TOTAL FM JAN 1  2688    HIGHEST SLP M ON M
DPTR FM NORMAL   106    LOWEST  SLP M ON M

[REMARKS]
