000
CXUS54 KFWD 240730
CF6FWD
PRELIMINARY LOCAL CLIMATOLOGICAL DATA (WS FORM: F-6)

                                          STATION:   FORT WORTH NWS
                                          MONTH:     FEBRUARY
                                          YEAR:      2018
                                          LATITUDE:   32 50 N
                                          LONGITUDE:  97 18 W

  TEMPERATURE IN F:       :PCPN:    SNOW:  WIND      :SUNSHINE: SKY     :PK WND
================================================================================
1   2   3   4   5  6A  6B    7    8   9   10  11  12  13   14  15   16   17  18
                                     12Z  AVG MX 2MIN
DY MAX MIN AVG DEP HDD CDD  WTR  SNW DPTH SPD SPD DIR MIN PSBL S-S WX    SPD DR
================================================================================

 1  62  42  52   4  13   0 0.00  0.0    0   M   M   M   M    M   M         M  M
 2  51  31  41  -7  24   0 0.00  0.0    0   M   M   M   M    M   M         M  M
 3  56  39  48   0  17   0 0.00  0.0    0   M   M   M   M    M   M         M  M
 4  64  31  48   0  17   0 0.00  0.0    0   M   M   M   M    M   M 12      M  M
 5  43  21  32 -16  33   0 0.00  0.0    0   M   M   M   M    M   M         M  M
 6  40  29  35 -13  30   0 0.16  0.0    0   M   M   M   M    M   M 136     M  M
 7  47  27  37 -11  28   0 0.00  0.0    0   M   M   M   M    M   M         M  M
 8  58  29  44  -4  21   0 0.00  0.0    0   M   M   M   M    M   M         M  M
 9  69  41  55   6  10   0 0.00  0.0    0   M   M   M   M    M   M         M  M
10  56  28  42  -7  23   0    T  0.0    0   M   M   M   M    M   M 6       M  M
11  40  23  32 -17  33   0    T    T    0   M   M   M   M    M   M 46      M  M
12  43  25  34 -15  31   0 0.00  0.0    0   M   M   M   M    M   M         M  M
13  47  38  43  -6  22   0 0.00  0.0    0   M   M   M   M    M   M         M  M
14  77  43  60  10   5   0    T  0.0    0   M   M   M   M    M   M         M  M
15  78  62  70  20   0   5 0.00  0.0    0   M   M   M   M    M   M         M  M
16  67  43  55   5  10   0 0.01  0.0    0   M   M   M   M    M   M         M  M
17  66  41  54   4  11   0 0.14  0.0    0   M   M   M   M    M   M         M  M
18  62  44  53   3  12   0 0.02  0.0    0   M   M   M   M    M   M 1       M  M
19  75  60  68  18   0   3    T  0.0    0   M   M   M   M    M   M         M  M
20  70  35  53   2  12   0 1.19  0.0    0   M   M   M   M    M   M 13      M  M
21  35  30  33 -18  32   0 2.05  0.0    0   M   M   M   M    M   M 136     M  M
22   M   M   M   M   M   M    M    M    M   M   M   M   M    M   M         M  M
23   M   M   M   M   M   M    M    M    M   M   M   M   M    M   M         M  M
================================================================================
SM 1206  762       384   8  3.57    T        M          M        M
================================================================================
AV 57.4 36.3                                 M FASTST   M    M   7    MAX(MPH)
                                 MISC ---->     M   M                  M    M
================================================================================
NOTES:
# LAST OF SEVERAL OCCURRENCES

COLUMN 17 PEAK WIND IN M.P.H.

PRELIMINARY LOCAL CLIMATOLOGICAL DATA (WS FORM: F-6) , PAGE 2

                                          STATION:  FORT WORTH NWS
                                          MONTH:    FEBRUARY
                                          YEAR:     2018
                                          LATITUDE:   32 50 N
                                          LONGITUDE:  97 18 W

[TEMPERATURE DATA]      [PRECIPITATION DATA]       SYMBOLS USED IN COLUMN 16

AVERAGE MONTHLY: 46.9   TOTAL FOR MONTH:   3.57    1 = FOG OR MIST
DPTR FM NORMAL:  -2.4   DPTR FM NORMAL:    1.31    2 = FOG REDUCING VISIBILITY
HIGHEST:    78 ON 15    GRTST 24HR  2.05 ON 21-21      TO 1/4 MILE OR LESS
LOWEST:     21 ON  5                               3 = THUNDER
                        SNOW, ICE PELLETS, HAIL    4 = ICE PELLETS
                        TOTAL MONTH:    T          5 = HAIL
                        GRTST 24HR    T  ON 11-11  6 = FREEZING RAIN OR DRIZZLE
                        GRTST DEPTH:   0           7 = DUSTSTORM OR SANDSTORM:
                                                       VSBY 1/2 MILE OR LESS
                                                   8 = SMOKE OR HAZE
[NO. OF DAYS WITH]      [WEATHER - DAYS WITH]      9 = BLOWING SNOW
                                                   X = TORNADO
MAX 32 OR BELOW:   0    0.01 INCH OR MORE:   6
MAX 90 OR ABOVE:   0    0.10 INCH OR MORE:   4
MIN 32 OR BELOW:  10    0.50 INCH OR MORE:   2
MIN  0 OR BELOW:   0    1.00 INCH OR MORE:   2

[HDD (BASE 65) ]
TOTAL THIS MO.   384    CLEAR  (SCALE 0-3)   0
DPTR FM NORMAL    19    PTCLDY (SCALE 4-7)   0
TOTAL FM JUL 1  1883    CLOUDY (SCALE 8-10)  0
DPTR FM NORMAL   -10

[CDD (BASE 65) ]
TOTAL THIS MO.     8
DPTR FM NORMAL     8    [PRESSURE DATA]
TOTAL FM JAN 1     8    HIGHEST SLP M ON M
DPTR FM NORMAL     6    LOWEST  SLP M ON M

[REMARKS]
