000
CXUS54 KFWD 250730
CF6FWD
PRELIMINARY LOCAL CLIMATOLOGICAL DATA (WS FORM: F-6)

                                          STATION:   FORT WORTH NWS
                                          MONTH:     MAY
                                          YEAR:      2020
                                          LATITUDE:   32 50 N
                                          LONGITUDE:  97 18 W

  TEMPERATURE IN F:       :PCPN:    SNOW:  WIND      :SUNSHINE: SKY     :PK WND
================================================================================
1   2   3   4   5  6A  6B    7    8   9   10  11  12  13   14  15   16   17  18
                                     12Z  AVG MX 2MIN
DY MAX MIN AVG DEP HDD CDD  WTR  SNW DPTH SPD SPD DIR MIN PSBL S-S WX    SPD DR
================================================================================

 1  86  59  73   4   0   8 0.00  0.0    0   M   M   M   M    M   M         M  M
 2  86  64  75   6   0  10 0.00  0.0    0   M   M   M   M    M   M 3       M  M
 3  89  68  79   9   0  14 0.00  0.0    0   M   M   M   M    M   M         M  M
 4  91  69  80  10   0  15 0.12  0.0    0   M   M   M   M    M   M 35      M  M
 5  76  62  69  -1   0   4 0.01  0.0    0   M   M   M   M    M   M 3       M  M
 6  80  56  68  -2   0   3 0.00  0.0    0   M   M   M   M    M   M         M  M
 7  82  58  70  -1   0   5 0.13  0.0    0   M   M   M   M    M   M 3       M  M
 8  72  55  64  -7   1   0 0.01  0.0    0   M   M   M   M    M   M 3       M  M
 9  71  50  61 -10   4   0 0.00  0.0    0   M   M   M   M    M   M         M  M
10  75  52  64  -8   1   0 0.00  0.0    0   M   M   M   M    M   M         M  M
11  80  58  69  -3   0   4 0.00  0.0    0   M   M   M   M    M   M         M  M
12  78  66  72   0   0   7 0.24  0.0    0   M   M   M   M    M   M 3       M  M
13  82  65  74   2   0   9 0.00  0.0    0   M   M   M   M    M   M         M  M
14  88  64  76   3   0  11    T  0.0    0   M   M   M   M    M   M         M  M
15  84  62  73   0   0   8 0.26  0.0    0   M   M   M   M    M   M 13      M  M
16  65  61  63 -10   2   0 4.39  0.0    0   M   M   M   M    M   M 13      M  M
17  82  63  73  -1   0   8 0.01  0.0    0   M   M   M   M    M   M         M  M
18  90  63  77   3   0  12 0.00  0.0    0   M   M   M   M    M   M         M  M
19  91  69  80   6   0  15 0.00  0.0    0   M   M   M   M    M   M         M  M
20  78  69  74  -1   0   9 0.00  0.0    0   M   M   M   M    M   M         M  M
21  86  67  77   2   0  12 0.04  0.0    0   M   M   M   M    M   M         M  M
22  89  69  79   4   0  14    T  0.0    0   M   M   M   M    M   M 3       M  M
23  88  64  76   1   0  11 1.23  0.0    0   M   M   M   M    M   M 13      M  M
24  86  66  76   0   0  11    T  0.0    0   M   M   M   M    M   M 3       M  M
================================================================================
SM 1975 1499         8 190  6.44     0.0     M          M        M
================================================================================
AV 82.3 62.5                                 M FASTST   M    M   3    MAX(MPH)
                                 MISC ---->     M   M                  M    M
================================================================================
NOTES:
# LAST OF SEVERAL OCCURRENCES

COLUMN 17 PEAK WIND IN M.P.H.

PRELIMINARY LOCAL CLIMATOLOGICAL DATA (WS FORM: F-6) , PAGE 2

                                          STATION:  FORT WORTH NWS
                                          MONTH:    MAY
                                          YEAR:     2020
                                          LATITUDE:   32 50 N
                                          LONGITUDE:  97 18 W

[TEMPERATURE DATA]      [PRECIPITATION DATA]       SYMBOLS USED IN COLUMN 16

AVERAGE MONTHLY: 72.4   TOTAL FOR MONTH:   6.44    1 = FOG OR MIST
DPTR FM NORMAL:   0.0   DPTR FM NORMAL:    2.94    2 = FOG REDUCING VISIBILITY
HIGHEST:    91 ON 19, 4 GRTST 24HR  4.39 ON 16-16      TO 1/4 MILE OR LESS
LOWEST:     50 ON  9                               3 = THUNDER
                        SNOW, ICE PELLETS, HAIL    4 = ICE PELLETS
                        TOTAL MONTH:   0.0 INCH    5 = HAIL
                        GRTST 24HR     0.0         6 = FREEZING RAIN OR DRIZZLE
                        GRTST DEPTH:   0           7 = DUSTSTORM OR SANDSTORM:
                                                       VSBY 1/2 MILE OR LESS
                                                   8 = SMOKE OR HAZE
[NO. OF DAYS WITH]      [WEATHER - DAYS WITH]      9 = BLOWING SNOW
                                                   X = TORNADO
MAX 32 OR BELOW:   0    0.01 INCH OR MORE:  10
MAX 90 OR ABOVE:   3    0.10 INCH OR MORE:   6
MIN 32 OR BELOW:   0    0.50 INCH OR MORE:   2
MIN  0 OR BELOW:   0    1.00 INCH OR MORE:   2

[HDD (BASE 65) ]
TOTAL THIS MO.     8    CLEAR  (SCALE 0-3)   0
DPTR FM NORMAL     0    PTCLDY (SCALE 4-7)   0
TOTAL FM JUL 1  2255    CLOUDY (SCALE 8-10)  0
DPTR FM NORMAL   -80

[CDD (BASE 65) ]
TOTAL THIS MO.   190
DPTR FM NORMAL     3    [PRESSURE DATA]
TOTAL FM JAN 1   359    HIGHEST SLP M ON M
DPTR FM NORMAL    38    LOWEST  SLP M ON M

[REMARKS]
