710
CXUS52 KMFL 271030
CF6FXE
PRELIMINARY LOCAL CLIMATOLOGICAL DATA (WS FORM: F-6)

                                          STATION:   FORT LAUDERDALE EXEC ARPT
                                          MONTH:     MAY
                                          YEAR:      2024
                                          LATITUDE:   26 12 N
                                          LONGITUDE:  80 11 W

  TEMPERATURE IN F:       :PCPN:    SNOW:  WIND      :SUNSHINE: SKY     :PK WND
================================================================================
1   2   3   4   5  6A  6B    7    8   9   10  11  12  13   14  15   16   17  18
                                     12Z  AVG MX 2MIN
DY MAX MIN AVG DEP HDD CDD  WTR  SNW DPTH SPD SPD DIR MIN PSBL S-S WX    SPD DR
================================================================================

 1  85  71  78   0   0  13 1.42  0.0    0  8.7 23  90   M    M   5 13     30 100
 2  86  74  80   2   0  15 0.00  0.0    0  9.5 20  90   M    M   3        26  90
 3  86  75  81   3   0  16    T  0.0    0 11.5 18  80   M    M   3        26  80
 4  86  76  81   3   0  16 0.01  0.0    0 12.5 18  90   M    M   3        26 100
 5  85  77  81   3   0  16 0.00  0.0    0 13.2 20 100   M    M   3        25 120
 6  86  75  81   2   0  16 0.00  0.0    0 12.1 18 110   M    M   3        25  90
 7  87  76  82   3   0  17 0.00    M    M  8.6 14 110   M    M   2        21  80
 8  90  75  83   4   0  18 0.00    M    M  8.3 16 110   M    M   1        21 100
 9  90  78  84   5   0  19 0.00    M    M  9.2 17 140   M    M   1        23 120
10  96  74  85   6   0  20 0.00    M    M  6.4 15 130   M    M   1        22 290
11  97  75  86   7   0  21 0.00    M    M 11.1 20 260   M    M   3        27 260
12  89  75  82   3   0  17 0.00    M    M  9.6 20  80   M    M   2        30  80
13  88  78  83   4   0  18 0.00  0.0    0 12.8 22  90   M    M   4        27 110
14  94  82  88   9   0  23 0.00  0.0    0 11.9 18 150   M    M   2        26 140
15  97  82  90  10   0  25    T  0.0    0  9.2 21 230   M    M   2 3      29 270
16  91  80  86   6   0  21 0.14  0.0    0  8.1 15 240   M    M   3 13     21 270
17  95  78  87   7   0  22 0.02    M    0  7.6 17 150   M    M   2        23 140
18  98  79  89   9   0  24 0.17    M    M  7.6 20 110   M    M   2 13     27 140
19  97  79  88   8   0  23 0.05    M    M  7.6 20  60   M    M   3 3      30  60
20  96  76  86   6   0  21 0.43  0.0    0  6.7 47 250   M    M   1 3      67 250
21  92  75  84   4   0  19 0.00  0.0    0  5.3 17  80   M    M   1 3      22  60
22  90  77  84   4   0  19 0.00    M    M  8.4 18  80   M    M   1        25  70
23  91  76  84   4   0  19 0.00  0.0    0  7.7 16  60   M    M   1        23  70
24  91  74  83   3   0  18 0.00  0.0    0  5.7 15  80   M    M   1        22 100
25  95  78  87   7   0  22    T  0.0    0  6.8 16 130   M    M   3 3      26 130
26  97  77  87   6   0  22 0.00  0.0    0  6.7 16 110   M    M   0 3      21 130
================================================================================
SM 2375 1992         0 500  2.24  0.0    232.8          M       56
================================================================================
AV 91.3 76.6                               9.0 FASTST   M    M   2    MAX(MPH)
                                 MISC ---->    47 250                 67 250
================================================================================
NOTES:
# LAST OF SEVERAL OCCURRENCES

COLUMN 17 PEAK WIND IN M.P.H.

PRELIMINARY LOCAL CLIMATOLOGICAL DATA (WS FORM: F-6) , PAGE 2

                                          STATION:   FORT LAUDERDALE EXEC ARPT
                                          MONTH:     MAY
                                          YEAR:      2024
                                          LATITUDE:   26 12 N
                                          LONGITUDE:  80 11 W

[TEMPERATURE DATA]      [PRECIPITATION DATA]       SYMBOLS USED IN COLUMN 16

AVERAGE MONTHLY: 84.0   TOTAL FOR MONTH:   2.24    1 = FOG OR MIST
DPTR FM NORMAL:   4.7   DPTR FM NORMAL:   -1.66    2 = FOG REDUCING VISIBILITY
HIGHEST:    98 ON 18    GRTST 24HR  1.42 ON 30- 1      TO 1/4 MILE OR LESS
LOWEST:     71 ON  1                               3 = THUNDER
                        SNOW, ICE PELLETS, HAIL    4 = ICE PELLETS
                        TOTAL MONTH:   0.0 INCH    5 = HAIL
                        GRTST 24HR  0.0            6 = FREEZING RAIN OR DRIZZLE
                        GRTST DEPTH:  0            7 = DUSTSTORM OR SANDSTORM:
                                                       VSBY 1/2 MILE OR LESS
                                                   8 = SMOKE OR HAZE
[NO. OF DAYS WITH]      [WEATHER - DAYS WITH]      9 = BLOWING SNOW
                                                   X = TORNADO
MAX 32 OR BELOW:   0    0.01 INCH OR MORE:   7
MAX 90 OR ABOVE:  17    0.10 INCH OR MORE:   4
MIN 32 OR BELOW:   0    0.50 INCH OR MORE:   1
MIN  0 OR BELOW:   0    1.00 INCH OR MORE:   1

[HDD (BASE 65) ]
TOTAL THIS MO.     0    CLEAR  (SCALE 0-3)  22
DPTR FM NORMAL     0    PTCLDY (SCALE 4-7)   4
TOTAL FM JUL 1    55    CLOUDY (SCALE 8-10)  0
DPTR FM NORMAL   -91

[CDD (BASE 65) ]
TOTAL THIS MO.   500
DPTR FM NORMAL   127    [PRESSURE DATA]
TOTAL FM JAN 1  1472    HIGHEST SLP M ON M
DPTR FM NORMAL   226    LOWEST  SLP 29.79 ON 11

[REMARKS]