000
CXUS55 KGJT 171000
CF6GJT
PRELIMINARY LOCAL CLIMATOLOGICAL DATA (WS FORM: F-6)

                                          STATION:   GRAND JUNCTION CO
                                          MONTH:     OCTOBER
                                          YEAR:      2018
                                          LATITUDE:   39  7 N
                                          LONGITUDE: 108 32 W

  TEMPERATURE IN F:       :PCPN:    SNOW:  WIND      :SUNSHINE: SKY     :PK WND
================================================================================
1   2   3   4   5  6A  6B    7    8   9   10  11  12  13   14  15   16   17  18
                                     12Z  AVG MX 2MIN
DY MAX MIN AVG DEP HDD CDD  WTR  SNW DPTH SPD SPD DIR MIN PSBL S-S WX    SPD DR
================================================================================

 1  69  59  64   5   1   0    T  0.0    0  9.2 18 120   M    M   6        24 130
 2  63  56  60   1   5   0 0.14  0.0    0  9.7 22 120   M    M   9 1      26 120
 3  79  57  68   9   0   3    T  0.0    0  4.3 12 100   M    M   3 12     14 320
 4  67  52  60   2   5   0 0.05  0.0    0  9.1 43 250   M    M   5 13     56 240
 5  66  46  56  -2   9   0 0.04  0.0    0  6.7 23 300   M    M   4        29 300
 6  54  45  50  -7  15   0 1.07  0.0    0  7.5 15 100   M    M   7 1      20  90
 7  59  45  52  -5  13   0 0.42  0.0    0  6.6 17  80   M    M   8 1      21 290
 8  52  44  48  -8  17   0 0.26  0.0    0  3.9 16 210   M    M   9 1      21 200
 9  56  44  50  -6  15   0    T  0.0    0  4.4 14 120   M    M   8        18 130
10  59  43  51  -5  14   0 0.07  0.0    0  7.3 23 270   M    M   4 18     33 270
11  50  42  46  -9  19   0 0.48  0.0    0  2.9 13 110   M    M   8 1      17 100
12  60  38  49  -6  16   0 0.00  0.0    0  3.5 10 330   M    M   2 12     13  90
13  62  37  50  -4  15   0 0.01  0.0    0  4.0 15 220   M    M   0        22 220
14  48  31  40 -14  25   0 0.00  0.0    0  7.5 16  10   M    M   5 8      22  40
15  51  27  39 -15  26   0 0.00  0.0    0  4.6 16  90   M    M   0        22  70
16  57  30  44  -9  21   0 0.00  0.0    0  7.0 17 130   M    M   0 8      21 130
================================================================================
SM  952  696       216   3  2.54     0.0  98.2          M       78
================================================================================
AV 59.5 43.5                               6.1 FASTST   M    M   5    MAX(MPH)
                                 MISC ---->  # 43 250               # 56  240
================================================================================
NOTES:
# LAST OF SEVERAL OCCURRENCES

COLUMN 17 PEAK WIND IN M.P.H.

PRELIMINARY LOCAL CLIMATOLOGICAL DATA (WS FORM: F-6) , PAGE 2

                                          STATION:  GRAND JUNCTION CO
                                          MONTH:    OCTOBER
                                          YEAR:     2018
                                          LATITUDE:   39  7 N
                                          LONGITUDE: 108 32 W

[TEMPERATURE DATA]      [PRECIPITATION DATA]       SYMBOLS USED IN COLUMN 16

AVERAGE MONTHLY: 51.5   TOTAL FOR MONTH:   2.54    1 = FOG OR MIST
DPTR FM NORMAL:  -4.8   DPTR FM NORMAL:    1.96    2 = FOG REDUCING VISIBILITY
HIGHEST:    79 ON  3    GRTST 24HR  1.07 ON  6- 6      TO 1/4 MILE OR LESS
LOWEST:     27 ON 15                               3 = THUNDER
                        SNOW, ICE PELLETS, HAIL    4 = ICE PELLETS
                        TOTAL MONTH:   0.0 INCH    5 = HAIL
                        GRTST 24HR     0.0         6 = FREEZING RAIN OR DRIZZLE
                        GRTST DEPTH:   0           7 = DUSTSTORM OR SANDSTORM:
                                                       VSBY 1/2 MILE OR LESS
                                                   8 = SMOKE OR HAZE
[NO. OF DAYS WITH]      [WEATHER - DAYS WITH]      9 = BLOWING SNOW
                                                   X = TORNADO
MAX 32 OR BELOW:   0    0.01 INCH OR MORE:   9
MAX 90 OR ABOVE:   0    0.10 INCH OR MORE:   5
MIN 32 OR BELOW:   3    0.50 INCH OR MORE:   1
MIN  0 OR BELOW:   0    1.00 INCH OR MORE:   1

[HDD (BASE 65) ]
TOTAL THIS MO.   216    CLEAR  (SCALE 0-3)   5
DPTR FM NORMAL    72    PTCLDY (SCALE 4-7)   8
TOTAL FM JUL 1   228    CLOUDY (SCALE 8-10)  3
DPTR FM NORMAL    10

[CDD (BASE 65) ]
TOTAL THIS MO.     3
DPTR FM NORMAL     2    [PRESSURE DATA]
TOTAL FM JAN 1  1616    HIGHEST SLP M ON M
DPTR FM NORMAL   493    LOWEST  SLP 29.48 ON  7

[REMARKS]
