000
CXUS55 KGJT 161000
CF6GJT
PRELIMINARY LOCAL CLIMATOLOGICAL DATA (WS FORM: F-6)

                                          STATION:   GRAND JUNCTION CO
                                          MONTH:     JANUARY
                                          YEAR:      2019
                                          LATITUDE:   39  7 N
                                          LONGITUDE: 108 32 W

  TEMPERATURE IN F:       :PCPN:    SNOW:  WIND      :SUNSHINE: SKY     :PK WND
================================================================================
1   2   3   4   5  6A  6B    7    8   9   10  11  12  13   14  15   16   17  18
                                     12Z  AVG MX 2MIN
DY MAX MIN AVG DEP HDD CDD  WTR  SNW DPTH SPD SPD DIR MIN PSBL S-S WX    SPD DR
================================================================================

 1  23   3  13 -13  52   0 0.00  0.0    3  4.8 15 110   M    M   6        17 120
 2  20  -4   8 -18  57   0 0.00  0.0    2  5.9 14 140   M    M   0        16 140
 3  26   0  13 -13  52   0 0.00  0.0    2  3.9 10 120   M    M   0        11 120
 4  30   5  18  -8  47   0 0.00  0.0    2  3.3  8  60   M    M   0        10  80
 5  27   5  16 -10  49   0 0.00  0.0    2  3.6 12 120   M    M   1 1      13 120
 6  29  23  26   0  39   0 0.11  1.0    2  4.5  9 130   M    M  10 1      11 250
 7  39  19  29   3  36   0 0.01    T    3  4.1 14 310   M    M   6 1      19 240
 8  40  12  26   0  39   0 0.00  0.0    2  4.1 13 130   M    M   0        16 130
 9  31  17  24  -2  41   0 0.00  0.0    1  2.5  8 110   M    M   0 1       9 120
10  32  11  22  -5  43   0 0.00  0.0    1  3.3 10 310   M    M   2 128    11 260
11  35  14  25  -2  40   0    T  0.2    1  3.9 12 340   M    M   8 18     16 350
12  35  18  27   0  38   0 0.02  0.6    2  3.7 10 110   M    M   7 128    12 110
13  40  12  26  -1  39   0 0.00  0.0    2  5.0 13 120   M    M   2 12     16 150
14  40  13  27   0  38   0 0.00  0.0    1  3.7 15 130   M    M   0        18 160
15  38  20  29   2  36   0    T    T    1  7.4 20 120   M    M   8        25  90
================================================================================
SM  485  168       646   0  0.14     1.8  63.7          M       50
================================================================================
AV 32.3 11.2                               4.2 FASTST   M    M   3    MAX(MPH)
                                 MISC ---->  # 20 120               # 25   90
================================================================================
NOTES:
# LAST OF SEVERAL OCCURRENCES

COLUMN 17 PEAK WIND IN M.P.H.

PRELIMINARY LOCAL CLIMATOLOGICAL DATA (WS FORM: F-6) , PAGE 2

                                          STATION:  GRAND JUNCTION CO
                                          MONTH:    JANUARY
                                          YEAR:     2019
                                          LATITUDE:   39  7 N
                                          LONGITUDE: 108 32 W

[TEMPERATURE DATA]      [PRECIPITATION DATA]       SYMBOLS USED IN COLUMN 16

AVERAGE MONTHLY: 21.8   TOTAL FOR MONTH:   0.14    1 = FOG OR MIST
DPTR FM NORMAL:  -4.6   DPTR FM NORMAL:   -0.16    2 = FOG REDUCING VISIBILITY
HIGHEST:    40 ON 14,13 GRTST 24HR  0.21 ON 31- 1      TO 1/4 MILE OR LESS
LOWEST:     -4 ON  2                               3 = THUNDER
                        SNOW, ICE PELLETS, HAIL    4 = ICE PELLETS
                        TOTAL MONTH:   1.8 INCHES  5 = HAIL
                        GRTST 24HR   1.0 ON  6- 6  6 = FREEZING RAIN OR DRIZZLE
                        GRTST DEPTH:   3 ON  7, 1  7 = DUSTSTORM OR SANDSTORM:
                                                       VSBY 1/2 MILE OR LESS
                                                   8 = SMOKE OR HAZE
[NO. OF DAYS WITH]      [WEATHER - DAYS WITH]      9 = BLOWING SNOW
                                                   X = TORNADO
MAX 32 OR BELOW:   8    0.01 INCH OR MORE:   3
MAX 90 OR ABOVE:   0    0.10 INCH OR MORE:   1
MIN 32 OR BELOW:  15    0.50 INCH OR MORE:   0
MIN  0 OR BELOW:   2    1.00 INCH OR MORE:   0

[HDD (BASE 65) ]
TOTAL THIS MO.   646    CLEAR  (SCALE 0-3)   9
DPTR FM NORMAL    72    PTCLDY (SCALE 4-7)   3
TOTAL FM JUL 1  3019    CLOUDY (SCALE 8-10)  3
DPTR FM NORMAL    86

[CDD (BASE 65) ]
TOTAL THIS MO.     0
DPTR FM NORMAL     0    [PRESSURE DATA]
TOTAL FM JAN 1     0    HIGHEST SLP M ON M
DPTR FM NORMAL     0    LOWEST  SLP 29.62 ON  6

[REMARKS]
