000
CXUS53 KGRB 220704
CF6GRB
PRELIMINARY LOCAL CLIMATOLOGICAL DATA (WS FORM: F-6)

                                          STATION:   GREEN BAY WI
                                          MONTH:     JANUARY
                                          YEAR:      2019
                                          LATITUDE:   44 28 N
                                          LONGITUDE:  88  8 W

  TEMPERATURE IN F:       :PCPN:    SNOW:  WIND      :SUNSHINE: SKY     :PK WND
================================================================================
1   2   3   4   5  6A  6B    7    8   9   10  11  12  13   14  15   16   17  18
                                     12Z  AVG MX 2MIN
DY MAX MIN AVG DEP HDD CDD  WTR  SNW DPTH SPD SPD DIR MIN PSBL S-S WX    SPD DR
================================================================================

 1  26   7  17  -1  48   0    T    T    5  6.5 23 350   M    M   7        28 350
 2  26   7  17   0  48   0 0.05  1.1    5  6.5 16 240   M    M  10 1      22 240
 3  35  19  27  10  38   0 0.00  0.0    4 10.2 17 210   M    M   5        26 220
 4  41  20  31  14  34   0 0.00  0.0    4  5.1 13 290   M    M   0 1      17 220
 5  47  19  33  16  32   0 0.00  0.0    3  7.1 16 350   M    M   1 18     23 350
 6  35  24  30  13  35   0 0.02  0.2    2  8.9 17 140   M    M   5 1      25 120
 7  42  33  38  21  27   0 0.91  0.5    3 16.1 30 140   M    M   9 16     42 130
 8  39  21  30  13  35   0    T    T    1 15.1 30 280   M    M   9        40 280
 9  23  16  20   3  45   0 0.00  0.0    T 15.2 25 300   M    M   9        34 300
10  22  16  19   2  46   0    T    T    T  5.5 13  10   M    M   6        17  30
11  29  21  25   9  40   0    T    T    T  2.9  9 190   M    M  10        14 180
12  32  26  29  13  36   0 0.01    T    T 10.3 18  30   M    M  10 16     26  30
13  28  25  27  11  38   0    T    T    T  6.6 14  30   M    M  10        18  30
14  30  22  26  10  39   0    T    T    T  8.3 15 260   M    M   9 16     22 250
15  33  29  31  15  34   0    T    T    T 10.0 22 310   M    M  10 16     30 240
16  31  14  23   7  42   0 0.00  0.0    T  7.7 22 350   M    M   2        31 320
17  29  13  21   5  44   0 0.03  0.6    1  4.4 15 350   M    M   8 1      22 350
18  22   9  16   0  49   0 0.02  0.3    1  9.9 25  40   M    M   5        34  40
19  15   6  11  -5  54   0 0.04  0.6    2 13.8 24  20   M    M   4 8      31  50
20  12   1   7  -9  58   0 0.00  0.0    1  9.9 20  20   M    M   0        25 360
21  23  -3  10  -6  55   0 0.01  0.3    1  6.4 20 160   M    M   4        25 160
================================================================================
SM  620  345       877   0  1.09     3.6 186.4          M      133
================================================================================
AV 29.5 16.4                               8.9 FASTST   M    M   6    MAX(MPH)
                                 MISC ---->  # 30 140               # 42  130
================================================================================
NOTES:
# LAST OF SEVERAL OCCURRENCES

COLUMN 17 PEAK WIND IN M.P.H.

PRELIMINARY LOCAL CLIMATOLOGICAL DATA (WS FORM: F-6) , PAGE 2

                                          STATION:  GREEN BAY WI
                                          MONTH:    JANUARY
                                          YEAR:     2019
                                          LATITUDE:   44 28 N
                                          LONGITUDE:  88  8 W

[TEMPERATURE DATA]      [PRECIPITATION DATA]       SYMBOLS USED IN COLUMN 16

AVERAGE MONTHLY: 23.0   TOTAL FOR MONTH:   1.09    1 = FOG OR MIST
DPTR FM NORMAL:   6.5   DPTR FM NORMAL:    0.30    2 = FOG REDUCING VISIBILITY
HIGHEST:    47 ON  5    GRTST 24HR  0.91 ON  7- 7      TO 1/4 MILE OR LESS
LOWEST:     -3 ON 21                               3 = THUNDER
                        SNOW, ICE PELLETS, HAIL    4 = ICE PELLETS
                        TOTAL MONTH:   3.6 INCHES  5 = HAIL
                        GRTST 24HR   1.1 ON  2- 2  6 = FREEZING RAIN OR DRIZZLE
                        GRTST DEPTH:   5 ON  2, 1  7 = DUSTSTORM OR SANDSTORM:
                                                       VSBY 1/2 MILE OR LESS
                                                   8 = SMOKE OR HAZE
[NO. OF DAYS WITH]      [WEATHER - DAYS WITH]      9 = BLOWING SNOW
                                                   X = TORNADO
MAX 32 OR BELOW:  14    0.01 INCH OR MORE:   8
MAX 90 OR ABOVE:   0    0.10 INCH OR MORE:   1
MIN 32 OR BELOW:  20    0.50 INCH OR MORE:   1
MIN  0 OR BELOW:   1    1.00 INCH OR MORE:   0

[HDD (BASE 65) ]
TOTAL THIS MO.   877    CLEAR  (SCALE 0-3)   4
DPTR FM NORMAL  -142    PTCLDY (SCALE 4-7)   8
TOTAL FM JUL 1  3699    CLOUDY (SCALE 8-10)  9
DPTR FM NORMAL  -410

[CDD (BASE 65) ]
TOTAL THIS MO.     0
DPTR FM NORMAL     0    [PRESSURE DATA]
TOTAL FM JAN 1     0    HIGHEST SLP M ON M
DPTR FM NORMAL     0    LOWEST  SLP 29.40 ON  7

[REMARKS]
