000
CXUS53 KGRB 170633
CF6GRB
PRELIMINARY LOCAL CLIMATOLOGICAL DATA (WS FORM: F-6)

                                          STATION:   GREEN BAY WI
                                          MONTH:     JULY
                                          YEAR:      2018
                                          LATITUDE:   44 28 N
                                          LONGITUDE:  88  8 W

  TEMPERATURE IN F:       :PCPN:    SNOW:  WIND      :SUNSHINE: SKY     :PK WND
================================================================================
1   2   3   4   5  6A  6B    7    8   9   10  11  12  13   14  15   16   17  18
                                     12Z  AVG MX 2MIN
DY MAX MIN AVG DEP HDD CDD  WTR  SNW DPTH SPD SPD DIR MIN PSBL S-S WX    SPD DR
================================================================================

 1  91  66  79  11   0  14 0.41  0.0    0 11.1 35 250   M    M   2 138    52 260
 2  85  60  73   4   0   8 0.00  0.0    0  7.6 14 210   M    M   0        20 220
 3  85  64  75   6   0  10 0.00  0.0    0  5.8 15 130   M    M   0        20 120
 4  93  69  81  12   0  16 0.20  0.0    0  6.3 18  10   M    M   2 13     31  20
 5  86  64  75   6   0  10 0.00  0.0    0  7.7 18 320   M    M   1 1      25 320
 6  77  57  67  -2   0   2 0.00  0.0    0  5.1 12  70   M    M   0        17  40
 7  82  51  67  -2   0   2 0.00  0.0    0  6.5 17 170   M    M   0        23 190
 8  85  56  71   2   0   6 0.00  0.0    0  7.6 15 190   M    M   0        23 230
 9  89  65  77   8   0  12 0.00  0.0    0  7.6 20  20   M    M   2        28  20
10  86  61  74   5   0   9 0.00  0.0    0  4.4 16  30   M    M   0        23  30
11  84  59  72   3   0   7 0.00  0.0    0  5.4 14 140   M    M   0 8      18 130
12  82  64  73   4   0   8 0.44  0.0    0  8.3 21 180   M    M   3 138    31 180
13  84  70  77   8   0  12 0.70  0.0    0  4.1 15 180   M    M   3 13     20 200
14  88  69  79  10   0  14 0.32  0.0    0  3.8 12 160   M    M   4 1      14 150
15  89  67  78   9   0  13    T  0.0    0  2.6 13 150   M    M   3 1      15 160
16  84  64  74   5   0   9 0.00  0.0    0  8.1 16 290   M    M   2        27 300
================================================================================
SM 1370 1006         0 152  2.07     0.0 102.0          M       22
================================================================================
AV 85.6 62.9                               6.4 FASTST   M    M   1    MAX(MPH)
                                 MISC ---->  # 35 250               # 52  260
================================================================================
NOTES:
# LAST OF SEVERAL OCCURRENCES

COLUMN 17 PEAK WIND IN M.P.H.

PRELIMINARY LOCAL CLIMATOLOGICAL DATA (WS FORM: F-6) , PAGE 2

                                          STATION:  GREEN BAY WI
                                          MONTH:    JULY
                                          YEAR:     2018
                                          LATITUDE:   44 28 N
                                          LONGITUDE:  88  8 W

[TEMPERATURE DATA]      [PRECIPITATION DATA]       SYMBOLS USED IN COLUMN 16

AVERAGE MONTHLY: 74.3   TOTAL FOR MONTH:   2.07    1 = FOG OR MIST
DPTR FM NORMAL:   5.3   DPTR FM NORMAL:    0.20    2 = FOG REDUCING VISIBILITY
HIGHEST:    93 ON  4    GRTST 24HR  0.70 ON 13-13      TO 1/4 MILE OR LESS
LOWEST:     51 ON  7                               3 = THUNDER
                        SNOW, ICE PELLETS, HAIL    4 = ICE PELLETS
                        TOTAL MONTH:   0.0 INCH    5 = HAIL
                        GRTST 24HR     0.0         6 = FREEZING RAIN OR DRIZZLE
                        GRTST DEPTH:   0           7 = DUSTSTORM OR SANDSTORM:
                                                       VSBY 1/2 MILE OR LESS
                                                   8 = SMOKE OR HAZE
[NO. OF DAYS WITH]      [WEATHER - DAYS WITH]      9 = BLOWING SNOW
                                                   X = TORNADO
MAX 32 OR BELOW:   0    0.01 INCH OR MORE:   5
MAX 90 OR ABOVE:   2    0.10 INCH OR MORE:   5
MIN 32 OR BELOW:   0    0.50 INCH OR MORE:   1
MIN  0 OR BELOW:   0    1.00 INCH OR MORE:   0

[HDD (BASE 65) ]
TOTAL THIS MO.     0    CLEAR  (SCALE 0-3)  14
DPTR FM NORMAL   -16    PTCLDY (SCALE 4-7)   2
TOTAL FM JUL 1     0    CLOUDY (SCALE 8-10)  0
DPTR FM NORMAL   -16

[CDD (BASE 65) ]
TOTAL THIS MO.   152
DPTR FM NORMAL    72    [PRESSURE DATA]
TOTAL FM JAN 1   362    HIGHEST SLP M ON M
DPTR FM NORMAL   181    LOWEST  SLP 29.63 ON  1

[REMARKS]
