000
CXUS53 KGRB 210702
CF6GRB
PRELIMINARY LOCAL CLIMATOLOGICAL DATA (WS FORM: F-6)

                                          STATION:   GREEN BAY WI
                                          MONTH:     OCTOBER
                                          YEAR:      2019
                                          LATITUDE:   44 28 N
                                          LONGITUDE:  88  8 W

  TEMPERATURE IN F:       :PCPN:    SNOW:  WIND      :SUNSHINE: SKY     :PK WND
================================================================================
1   2   3   4   5  6A  6B    7    8   9   10  11  12  13   14  15   16   17  18
                                     12Z  AVG MX 2MIN
DY MAX MIN AVG DEP HDD CDD  WTR  SNW DPTH SPD SPD DIR MIN PSBL S-S WX    SPD DR
================================================================================

 1  76  55  66  13   0   1 1.31  0.0    0 11.2 26  30   M    M   7 13     35  20
 2  57  51  54   2  11   0 0.28  0.0    0 17.6 28  40   M    M  10 1      36  40
 3  58  49  54   2  11   0 0.10  0.0    0  9.7 22 280   M    M   9 1      30 270
 4  53  43  48  -4  17   0    T  0.0    0  6.8 15  20   M    M   9 18     19 350
 5  57  49  53   2  12   0 0.32  0.0    0 11.4 21 150   M    M  10 1      30 140
 6  67  48  58   7   7   0 0.00  0.0    0 11.8 29 260   M    M   1        46 250
 7  65  44  55   5  10   0 0.00  0.0    0  7.3 21 270   M    M   1        30 290
 8  68  41  55   5  10   0 0.00  0.0    0  6.3 17 150   M    M   0        22 170
 9  70  45  58   8   7   0 0.00  0.0    0  6.9 23 150   M    M   0 1      28 150
10  66  50  58   9   7   0 0.06  0.0    0 10.3 22 130   M    M   4 8      30 130
11  64  39  52   3  13   0 0.81    T    0 14.2 25 260   M    M  10 135    35 240
12  45  36  41  -7  24   0 0.04    T    0 14.4 25 260   M    M   6        38 250
13  43  36  40  -8  25   0 0.03    T    0 10.5 22 240   M    M   7        30 250
14  50  33  42  -6  23   0 0.00  0.0    0  7.1 16 260   M    M   1        22 270
15  55  36  46  -2  19   0 0.29  0.0    0  8.8 20 290   M    M   8 13     27 320
16  53  38  46  -1  19   0 0.04  0.0    0 13.6 24 340   M    M   6 1      37 330
17  51  36  44  -3  21   0 0.00  0.0    0  4.5 14  10   M    M   4 1      18  10
18  56  33  45  -1  20   0 0.00  0.0    0  7.7 18 160   M    M   0 1      27 150
19  61  44  53   7  12   0 0.01  0.0    0  7.9 18 200   M    M   4 1      25 180
20  64  46  55   9  10   0 0.00  0.0    0  4.4 13 280   M    M   4 18     16 280
================================================================================
SM 1179  852       278   1  3.29    T    192.4          M      101
================================================================================
AV 59.0 42.6                               9.6 FASTST   M    M   5    MAX(MPH)
                                 MISC ---->  # 29 260               # 46  250
================================================================================
NOTES:
# LAST OF SEVERAL OCCURRENCES

COLUMN 17 PEAK WIND IN M.P.H.

PRELIMINARY LOCAL CLIMATOLOGICAL DATA (WS FORM: F-6) , PAGE 2

                                          STATION:  GREEN BAY WI
                                          MONTH:    OCTOBER
                                          YEAR:     2019
                                          LATITUDE:   44 28 N
                                          LONGITUDE:  88  8 W

[TEMPERATURE DATA]      [PRECIPITATION DATA]       SYMBOLS USED IN COLUMN 16

AVERAGE MONTHLY: 50.8   TOTAL FOR MONTH:   3.29    1 = FOG OR MIST
DPTR FM NORMAL:   1.6   DPTR FM NORMAL:    1.67    2 = FOG REDUCING VISIBILITY
HIGHEST:    76 ON  1    GRTST 24HR  1.31 ON  1- 1      TO 1/4 MILE OR LESS
LOWEST:     33 ON 18,14                            3 = THUNDER
                        SNOW, ICE PELLETS, HAIL    4 = ICE PELLETS
                        TOTAL MONTH:    T          5 = HAIL
                        GRTST 24HR    T  ON 13-13  6 = FREEZING RAIN OR DRIZZLE
                        GRTST DEPTH:   0           7 = DUSTSTORM OR SANDSTORM:
                                                       VSBY 1/2 MILE OR LESS
                                                   8 = SMOKE OR HAZE
[NO. OF DAYS WITH]      [WEATHER - DAYS WITH]      9 = BLOWING SNOW
                                                   X = TORNADO
MAX 32 OR BELOW:   0    0.01 INCH OR MORE:  11
MAX 90 OR ABOVE:   0    0.10 INCH OR MORE:   6
MIN 32 OR BELOW:   0    0.50 INCH OR MORE:   2
MIN  0 OR BELOW:   0    1.00 INCH OR MORE:   1

[HDD (BASE 65) ]
TOTAL THIS MO.   278    CLEAR  (SCALE 0-3)   6
DPTR FM NORMAL   -43    PTCLDY (SCALE 4-7)   9
TOTAL FM JUL 1   375    CLOUDY (SCALE 8-10)  5
DPTR FM NORMAL  -216

[CDD (BASE 65) ]
TOTAL THIS MO.     1
DPTR FM NORMAL     1    [PRESSURE DATA]
TOTAL FM JAN 1   535    HIGHEST SLP M ON M
DPTR FM NORMAL   140    LOWEST  SLP 29.66 ON 15

[REMARKS]
