204
CXUS54 KMOB 240632
CF6GZH
PRELIMINARY LOCAL CLIMATOLOGICAL DATA (WS FORM: F-6)

                                          STATION:   EVERGREEN_(ASOS)
                                          MONTH:     MAY
                                          YEAR:      2024
                                          LATITUDE:   31 25 N
                                          LONGITUDE:  87  3 W

  TEMPERATURE IN F:       :PCPN:    SNOW:  WIND      :SUNSHINE: SKY     :PK WND
================================================================================
1   2   3   4   5  6A  6B    7    8   9   10  11  12  13   14  15   16   17  18
                                     12Z  AVG MX 2MIN
DY MAX MIN AVG DEP HDD CDD  WTR  SNW DPTH SPD SPD DIR MIN PSBL S-S WX    SPD DR
================================================================================

 1  89  60  75   5   0  10 0.00  0.0    0  1.0  8 190   M    M   4 128    11 220
 2  87  62  75   5   0  10 0.00  0.0    0  3.6 14 190   M    M   3 128    19 180
 3  87  66  77   7   0  12    T  0.0    0  2.3 14 190   M    M   5 128    20 180
 4  90  64  77   6   0  12 0.00  0.0    0  1.9 12 250   M    M   4 12     16 210
 5  90  66  78   7   0  13 0.00  0.0    0  3.6 15 230   M    M   3 12     19 240
 6  88  65  77   6   0  12    T  0.0    0  5.6 18 190   M    M   4 12     24 190
 7  90  70  80   8   0  15 0.00  0.0    0  8.9 17 180   M    M   7 1      24 180
 8  91  72  82  10   0  17 0.00  0.0    0 10.2 22 180   M    M   7 1      28 180
 9  92  74  83  11   0  18 0.00  0.0    0  6.9 16 230   M    M   9 1      22 210
10  86  63  75   2   0  10 0.97  0.0    0  4.9 24 340   M    M   5 13     40 350
11  81  57  69  -4   0   4 0.00  0.0    0  3.9 13  20   M    M   0        17  20
12  82  58  70  -3   0   5 0.01  0.0    0  3.6 13 130   M    M   2        17 120
13  68  63  66  -8   0   1 2.32  0.0    0  6.2 28 100   M    M   6 13     42 340
14  84  64  74   0   0   9 0.54  0.0    0  8.1 22 130   M    M   4 13     28 120
15  86  63  75   1   0  10 0.00  0.0    0  4.3 15 250   M    M   2 1      26 260
16  89  59  74   0   0   9 0.04  0.0    0  2.3 10 220   M    M   0 1      14 350
17  72  67  70  -5   0   5 1.80  0.0    0  6.8 17 160   M    M   7 123    23 330
18  81  67  74  -1   0   9 1.54  0.0    0  7.5 21 340   M    M   5 13     32 320
19  87  66  77   2   0  12 0.04  0.0    0  4.5 12 240   M    M   2 13     20 250
20  87  63  75  -1   0  10 0.00  0.0    0  2.6 12  30   M    M   1 1      16  50
21  87  60  74  -2   0   9 0.00  0.0    0  2.8 14 120   M    M   1 1      21 130
22  88  61  75  -1   0  10 0.00  0.0    0  3.7 16 190   M    M   2 1      19 200
23  89  67  78   2   0  13 0.00  0.0    0  4.6 17 170   M    M   1 1      22 190
================================================================================
SM 1971 1477         0 235  7.26  0.0    109.8          M       84
================================================================================
AV 85.7 64.2                               4.8 FASTST   M    M   4    MAX(MPH)
                                 MISC ---->    28 100                 42 340
================================================================================
NOTES:
# LAST OF SEVERAL OCCURRENCES

COLUMN 17 PEAK WIND IN M.P.H.

PRELIMINARY LOCAL CLIMATOLOGICAL DATA (WS FORM: F-6) , PAGE 2

                                          STATION:   EVERGREEN_(ASOS)
                                          MONTH:     MAY
                                          YEAR:      2024
                                          LATITUDE:   31 25 N
                                          LONGITUDE:  87  3 W

[TEMPERATURE DATA]      [PRECIPITATION DATA]       SYMBOLS USED IN COLUMN 16

AVERAGE MONTHLY: 75.0   TOTAL FOR MONTH:   7.26    1 = FOG OR MIST
DPTR FM NORMAL:   1.8   DPTR FM NORMAL:    4.58    2 = FOG REDUCING VISIBILITY
HIGHEST:    92 ON  9    GRTST 24HR  2.86 ON 13-14      TO 1/4 MILE OR LESS
LOWEST:     57 ON 11                               3 = THUNDER
                        SNOW, ICE PELLETS, HAIL    4 = ICE PELLETS
                        TOTAL MONTH:   0.0 INCH    5 = HAIL
                        GRTST 24HR  0.0            6 = FREEZING RAIN OR DRIZZLE
                        GRTST DEPTH:  0            7 = DUSTSTORM OR SANDSTORM:
                                                       VSBY 1/2 MILE OR LESS
                                                   8 = SMOKE OR HAZE
[NO. OF DAYS WITH]      [WEATHER - DAYS WITH]      9 = BLOWING SNOW
                                                   X = TORNADO
MAX 32 OR BELOW:   0    0.01 INCH OR MORE:   8
MAX 90 OR ABOVE:   5    0.10 INCH OR MORE:   5
MIN 32 OR BELOW:   0    0.50 INCH OR MORE:   5
MIN  0 OR BELOW:   0    1.00 INCH OR MORE:   3

[HDD (BASE 65) ]
TOTAL THIS MO.     0    CLEAR  (SCALE 0-3)   9
DPTR FM NORMAL    -2    PTCLDY (SCALE 4-7)  13
TOTAL FM JUL 1  1803    CLOUDY (SCALE 8-10)  1
DPTR FM NORMAL    45

[CDD (BASE 65) ]
TOTAL THIS MO.   235
DPTR FM NORMAL    40    [PRESSURE DATA]
TOTAL FM JAN 1   368    HIGHEST SLP M ON M
DPTR FM NORMAL    -4    LOWEST  SLP 29.69 ON 14

[REMARKS]