000
CXUS54 KMOB 161533
CF6GZH
PRELIMINARY LOCAL CLIMATOLOGICAL DATA (WS FORM: F-6)

                                          STATION:   EVERGREEN_(ASOS)
                                          MONTH:     OCTOBER
                                          YEAR:      2019
                                          LATITUDE:   31 25 N
                                          LONGITUDE:  87  3 W

  TEMPERATURE IN F:       :PCPN:    SNOW:  WIND      :SUNSHINE: SKY     :PK WND
================================================================================
1   2   3   4   5  6A  6B    7    8   9   10  11  12  13   14  15   16   17  18
                                     12Z  AVG MX 2MIN
DY MAX MIN AVG DEP HDD CDD  WTR  SNW DPTH SPD SPD DIR MIN PSBL S-S WX    SPD DR
================================================================================

 1 100  69  85  14   0  20 0.00  0.0    0  2.8 13  90   M    M   1        16  80
 2  99  70  85  15   0  20 0.00  0.0    0  2.1 12  90   M    M   1 1      14  90
 3 101  70  86  16   0  21 0.00  0.0    0  2.3 14 180   M    M   1        17 180
 4 102  73  88  18   0  23 0.39  0.0    0  3.4 28 110   M    M   3 138    38 120
 5  98  72  85  16   0  20 0.00  0.0    0  3.4 14 230   M    M   3 3      18 230
 6  92  71  82  13   0  17    T  0.0    0  6.2 22 170   M    M   3 3      27 180
 7  90  70  80  12   0  15    T  0.0    0  4.6 20 340   M    M   1 8      29 330
 8  91  67  79  11   0  14 0.00  0.0    0  5.0 12  10   M    M   2        15 360
 9  94  66  80  12   0  15 0.00  0.0    0  3.0 12 210   M    M   5        15 220
10  90  63  77  10   0  12 0.07  0.0    0  3.8 14 110   M    M   4 8      17 100
11  91  59  75   8   0  10 0.00  0.0    0  2.8 14 110   M    M   2        18 100
12  79  61  70   3   0   5    T  0.0    0  5.0 13 330   M    M   9        17 330
13  80  61  71   5   0   6    T  0.0    0  3.2 10 350   M    M   6        13 360
14  79  64  72   6   0   7 0.17  0.0    0  3.1  9  80   M    M   6 1      12  30
15  77  70  74   8   0   9 2.57  0.0    0  5.7 12 110   M    M   9 1      16 320
================================================================================
SM 1363 1006         0 214  3.20     0.0  56.4          M       56
================================================================================
AV 90.9 67.1                               3.8 FASTST   M    M   4    MAX(MPH)
                                 MISC ---->  # 28 110               # 38  120
================================================================================
NOTES:
# LAST OF SEVERAL OCCURRENCES

COLUMN 17 PEAK WIND IN M.P.H.

PRELIMINARY LOCAL CLIMATOLOGICAL DATA (WS FORM: F-6) , PAGE 2

                                          STATION:  EVERGREEN_(ASOS)
                                          MONTH:    OCTOBER
                                          YEAR:     2019
                                          LATITUDE:   31 25 N
                                          LONGITUDE:  87  3 W

[TEMPERATURE DATA]      [PRECIPITATION DATA]       SYMBOLS USED IN COLUMN 16

AVERAGE MONTHLY: 79.0   TOTAL FOR MONTH:   3.20    1 = FOG OR MIST
DPTR FM NORMAL:  10.8   DPTR FM NORMAL:    1.89    2 = FOG REDUCING VISIBILITY
HIGHEST:   102 ON  4    GRTST 24HR  2.57 ON 15-15      TO 1/4 MILE OR LESS
LOWEST:     59 ON 11                               3 = THUNDER
                        SNOW, ICE PELLETS, HAIL    4 = ICE PELLETS
                        TOTAL MONTH:   0.0 INCH    5 = HAIL
                        GRTST 24HR     0.0         6 = FREEZING RAIN OR DRIZZLE
                        GRTST DEPTH:   0           7 = DUSTSTORM OR SANDSTORM:
                                                       VSBY 1/2 MILE OR LESS
                                                   8 = SMOKE OR HAZE
[NO. OF DAYS WITH]      [WEATHER - DAYS WITH]      9 = BLOWING SNOW
                                                   X = TORNADO
MAX 32 OR BELOW:   0    0.01 INCH OR MORE:   4
MAX 90 OR ABOVE:  11    0.10 INCH OR MORE:   3
MIN 32 OR BELOW:   0    0.50 INCH OR MORE:   1
MIN  0 OR BELOW:   0    1.00 INCH OR MORE:   1

[HDD (BASE 65) ]
TOTAL THIS MO.     0    CLEAR  (SCALE 0-3)   7
DPTR FM NORMAL   -21    PTCLDY (SCALE 4-7)   6
TOTAL FM JUL 1     0    CLOUDY (SCALE 8-10)  2
DPTR FM NORMAL   -26

[CDD (BASE 65) ]
TOTAL THIS MO.   214
DPTR FM NORMAL   148    [PRESSURE DATA]
TOTAL FM JAN 1  3082    HIGHEST SLP M ON M
DPTR FM NORMAL   978    LOWEST  SLP 29.84 ON 15

[REMARKS]
