000
CXUS53 KARX 190930
CF6LSE
PRELIMINARY LOCAL CLIMATOLOGICAL DATA (WS FORM: F-6)

                                          STATION:   LA CROSSE WI
                                          MONTH:     OCTOBER
                                          YEAR:      2019
                                          LATITUDE:   43 52 N
                                          LONGITUDE:  91 15 W

  TEMPERATURE IN F:       :PCPN:    SNOW:  WIND      :SUNSHINE: SKY     :PK WND
================================================================================
1   2   3   4   5  6A  6B    7    8   9   10  11  12  13   14  15   16   17  18
                                     12Z  AVG MX 2MIN
DY MAX MIN AVG DEP HDD CDD  WTR  SNW DPTH SPD SPD DIR MIN PSBL S-S WX    SPD DR
================================================================================

 1  80  58  69  13   0   4 1.59  0.0    0  9.3 21 320   M    M   8 13     30 330
 2  58  51  55  -1  10   0 0.48  0.0    0  8.3 17  70   M    M  10 18     27  50
 3  59  49  54  -1  11   0 0.01  0.0    0 12.5 25 290   M    M   9 1      34 300
 4  54  48  51  -4  14   0 0.00  0.0    0  6.3 12 100   M    M   9        17 100
 5  59  50  55   1  10   0 0.62  0.0    0 12.0 22 180   M    M   8 18     33 130
 6  70  49  60   6   5   0 0.00  0.0    0 10.5 24 270   M    M   1        34 250
 7  70  47  59   5   6   0 0.00  0.0    0  4.8 15 280   M    M   1        21 270
 8  73  47  60   7   5   0 0.00  0.0    0 10.6 23 180   M    M   0        33 170
 9  74  50  62   9   3   0 0.00  0.0    0 10.5 17 140   M    M   0        30 180
10  68  56  62  10   3   0 0.04  0.0    0  9.5 21 150   M    M   8 13     28 130
11  66  39  53   1  12   0 0.28    T    0 14.9 24 240   M    M  10 138    35 230
12  41  33  37 -15  28   0 0.08    T    0 15.1 28 210   M    M   7 1      44 200
13  46  37  42  -9  23   0    T    T    0 10.8 20 270   M    M   9        29 260
14  54  35  45  -6  20   0 0.00  0.0    0  6.3 13 170   M    M   2        16 160
15  55  41  48  -2  17   0    T  0.0    0 11.6 26 320   M    M   6        36 320
16  53  44  49  -1  16   0 0.00  0.0    0 11.6 21 320   M    M   9        27 330
17  58  37  48  -2  17   0 0.00  0.0    0  2.6 12 320   M    M   3 1      15 320
18  68  43  56   7   9   0 0.00  0.0    0 13.2 26 150   M    M   0        35 150
================================================================================
SM 1106  814       209   4  3.10    T    180.4          M      100
================================================================================
AV 61.4 45.2                              10.0 FASTST   M    M   6    MAX(MPH)
                                 MISC ---->  # 28 210               # 44  200
================================================================================
NOTES:
# LAST OF SEVERAL OCCURRENCES

COLUMN 17 PEAK WIND IN M.P.H.

PRELIMINARY LOCAL CLIMATOLOGICAL DATA (WS FORM: F-6) , PAGE 2

                                          STATION:  LA CROSSE WI
                                          MONTH:    OCTOBER
                                          YEAR:     2019
                                          LATITUDE:   43 52 N
                                          LONGITUDE:  91 15 W

[TEMPERATURE DATA]      [PRECIPITATION DATA]       SYMBOLS USED IN COLUMN 16

AVERAGE MONTHLY: 53.3   TOTAL FOR MONTH:   3.10    1 = FOG OR MIST
DPTR FM NORMAL:   0.7   DPTR FM NORMAL:    1.75    2 = FOG REDUCING VISIBILITY
HIGHEST:    80 ON  1    GRTST 24HR  1.59 ON  1- 1      TO 1/4 MILE OR LESS
LOWEST:     33 ON 12                               3 = THUNDER
                        SNOW, ICE PELLETS, HAIL    4 = ICE PELLETS
                        TOTAL MONTH:    T          5 = HAIL
                        GRTST 24HR    T  ON 13-13  6 = FREEZING RAIN OR DRIZZLE
                        GRTST DEPTH:   0           7 = DUSTSTORM OR SANDSTORM:
                                                       VSBY 1/2 MILE OR LESS
                                                   8 = SMOKE OR HAZE
[NO. OF DAYS WITH]      [WEATHER - DAYS WITH]      9 = BLOWING SNOW
                                                   X = TORNADO
MAX 32 OR BELOW:   0    0.01 INCH OR MORE:   7
MAX 90 OR ABOVE:   0    0.10 INCH OR MORE:   4
MIN 32 OR BELOW:   0    0.50 INCH OR MORE:   2
MIN  0 OR BELOW:   0    1.00 INCH OR MORE:   1

[HDD (BASE 65) ]
TOTAL THIS MO.   209    CLEAR  (SCALE 0-3)   7
DPTR FM NORMAL   -21    PTCLDY (SCALE 4-7)   2
TOTAL FM JUL 1   231    CLOUDY (SCALE 8-10)  9
DPTR FM NORMAL  -159

[CDD (BASE 65) ]
TOTAL THIS MO.     4
DPTR FM NORMAL    -3    [PRESSURE DATA]
TOTAL FM JAN 1   950    HIGHEST SLP M ON M
DPTR FM NORMAL   169    LOWEST  SLP 29.65 ON 11

[REMARKS]
