000
CXUS53 KARX 300930
CF6LSE
PRELIMINARY LOCAL CLIMATOLOGICAL DATA (WS FORM: F-6)

                                          STATION:   LA CROSSE WI
                                          MONTH:     MAY
                                          YEAR:      2020
                                          LATITUDE:   43 52 N
                                          LONGITUDE:  91 15 W

  TEMPERATURE IN F:       :PCPN:    SNOW:  WIND      :SUNSHINE: SKY     :PK WND
================================================================================
1   2   3   4   5  6A  6B    7    8   9   10  11  12  13   14  15   16   17  18
                                     12Z  AVG MX 2MIN
DY MAX MIN AVG DEP HDD CDD  WTR  SNW DPTH SPD SPD DIR MIN PSBL S-S WX    SPD DR
================================================================================

 1  74  41  58   3   7   0 0.01  0.0    0 10.1 22 190   M    M   3        30 190
 2  78  54  66  11   0   1 0.00  0.0    0 11.7 22 290   M    M   1        31 260
 3  74  44  59   3   6   0 0.00  0.0    0 10.3 24 320   M    M   0        30 330
 4  61  38  50  -6  15   0 0.00  0.0    0  7.9 16  70   M    M   0        23  80
 5  55  44  50  -6  15   0 0.03  0.0    0  5.9 15 120   M    M   6        20 120
 6  69  41  55  -2  10   0    T  0.0    0  6.0 16 310   M    M   4        22 300
 7  65  37  51  -6  14   0 0.00  0.0    0  8.5 18 310   M    M   0        24 310
 8  52  33  43 -14  22   0 0.00  0.0    0 10.5 24 340   M    M   0        33 350
 9  65  29  47 -11  18   0 0.03  0.0    0  7.9 30 280   M    M   4        40 210
10  48  39  44 -14  21   0 0.11  0.0    0 12.4 22 340   M    M  10 1      29 350
11  60  35  48 -10  17   0 0.00  0.0    0  8.0 18 310   M    M   4        28 300
12  62  30  46 -12  19   0 0.00  0.0    0  2.5 10 350   M    M   0        16 260
13  69  40  55  -4  10   0    T  0.0    0 12.0 24 190   M    M   6        33 180
14  71  54  63   4   2   0 0.10  0.0    0  6.0 14 170   M    M   7 1      19 160
15  74  46  60   1   5   0 0.00  0.0    0  6.2 18 330   M    M   1 12     24 330
16  77  52  65   5   0   0    T  0.0    0  9.5 18  80   M    M   3        28  70
17  60  51  56  -4   9   0 0.76  0.0    0 11.3 24  70   M    M  10 18     37  60
18  59  52  56  -4   9   0 0.02  0.0    0 10.8 18  60   M    M   8 1      29  40
19  66  51  59  -2   6   0 0.00  0.0    0  7.9 14  90   M    M  10        21  40
20  79  52  66   5   0   1 0.00  0.0    0  7.8 18 140   M    M   1        30 140
21  72  57  65   4   0   0 0.00  0.0    0  7.0 17 160   M    M   8        23 150
22  73  59  66   4   0   1 0.01  0.0    0  5.1 13 110   M    M  10 18     17 130
23  75  62  69   7   0   4 0.41  0.0    0  5.6 16 120   M    M  10 13     25 100
24  83  58  71   9   0   6 0.04  0.0    0  4.9 20 260   M    M   4 123    23 260
25  85  68  77  15   0  12 1.08  0.0    0  6.9 24 200   M    M   3 13     31 200
26  89  67  78  15   0  13 0.04  0.0    0  8.5 35 170   M    M   1 3      45 180
27  84  69  77  14   0  12    T  0.0    0  5.8 14 170   M    M   5 3      19 190
28  78  60  69   6   0   4 0.64  0.0    0  6.2 16 320   M    M   5 1      22 340
29  70  54  62  -2   3   0 0.00  0.0    0 11.3 20 300   M    M   4        26 330
================================================================================
SM 2027 1417       208  54  3.28     0.0 234.5          M      128
================================================================================
AV 69.9 48.9                               8.1 FASTST   M    M   4    MAX(MPH)
                                 MISC ---->  # 35 170               # 45  180
================================================================================
NOTES:
# LAST OF SEVERAL OCCURRENCES

COLUMN 17 PEAK WIND IN M.P.H.

PRELIMINARY LOCAL CLIMATOLOGICAL DATA (WS FORM: F-6) , PAGE 2

                                          STATION:  LA CROSSE WI
                                          MONTH:    MAY
                                          YEAR:     2020
                                          LATITUDE:   43 52 N
                                          LONGITUDE:  91 15 W

[TEMPERATURE DATA]      [PRECIPITATION DATA]       SYMBOLS USED IN COLUMN 16

AVERAGE MONTHLY: 59.4   TOTAL FOR MONTH:   3.28    1 = FOG OR MIST
DPTR FM NORMAL:   0.0   DPTR FM NORMAL:    0.00    2 = FOG REDUCING VISIBILITY
HIGHEST:    89 ON 26    GRTST 24HR  1.08 ON 25-25      TO 1/4 MILE OR LESS
LOWEST:     29 ON  9                               3 = THUNDER
                        SNOW, ICE PELLETS, HAIL    4 = ICE PELLETS
                        TOTAL MONTH:   0.0 INCH    5 = HAIL
                        GRTST 24HR     0.0         6 = FREEZING RAIN OR DRIZZLE
                        GRTST DEPTH:   0           7 = DUSTSTORM OR SANDSTORM:
                                                       VSBY 1/2 MILE OR LESS
                                                   8 = SMOKE OR HAZE
[NO. OF DAYS WITH]      [WEATHER - DAYS WITH]      9 = BLOWING SNOW
                                                   X = TORNADO
MAX 32 OR BELOW:   0    0.01 INCH OR MORE:  13
MAX 90 OR ABOVE:   0    0.10 INCH OR MORE:   6
MIN 32 OR BELOW:   2    0.50 INCH OR MORE:   3
MIN  0 OR BELOW:   0    1.00 INCH OR MORE:   1

[HDD (BASE 65) ]
TOTAL THIS MO.   208    CLEAR  (SCALE 0-3)  11
DPTR FM NORMAL    11    PTCLDY (SCALE 4-7)  13
TOTAL FM JUL 1  6653    CLOUDY (SCALE 8-10)  5
DPTR FM NORMAL  -496

[CDD (BASE 65) ]
TOTAL THIS MO.    54
DPTR FM NORMAL    18    [PRESSURE DATA]
TOTAL FM JAN 1    54    HIGHEST SLP M ON M
DPTR FM NORMAL    11    LOWEST  SLP 29.72 ON M

[REMARKS]
