000
CXUS55 KABQ 161000
CF6LVS
PRELIMINARY LOCAL CLIMATOLOGICAL DATA (WS FORM: F-6)

                                          STATION:   LAS VEGAS NM
                                          MONTH:     OCTOBER
                                          YEAR:      2019
                                          LATITUDE:   35 39 N
                                          LONGITUDE: 105  8 W

  TEMPERATURE IN F:       :PCPN:    SNOW:  WIND      :SUNSHINE: SKY     :PK WND
================================================================================
1   2   3   4   5  6A  6B    7    8   9   10  11  12  13   14  15   16   17  18
                                     12Z  AVG MX 2MIN
DY MAX MIN AVG DEP HDD CDD  WTR  SNW DPTH SPD SPD DIR MIN PSBL S-S WX    SPD DR
================================================================================

 1  80  59  70  15   0   5    T    M    M 15.8 28 230   M    M   6 1      37 220
 2  80  51  66  11   0   1 0.00    M    M 12.4 25 210   M    M   2        33 240
 3  64  48  56   1   9   0 0.00    M    M 10.3 21 170   M    M   5        24 160
 4  58  49  54   0  11   0 0.70    M    M 14.4 25 210   M    M   8 123    30 200
 5  76  46  61   7   4   0 0.00    M    M 10.8 24 220   M    M   0        31 220
 6  68  35  52  -2  13   0 0.00    M    M  9.6 22  80   M    M   1        29  40
 7  68  32  50  -3  15   0 0.00    M    M 16.0 26 200   M    M   0        34 190
 8  76  45  61   8   4   0 0.00    M    M 14.1 28 240   M    M   0        35 240
 9  73  45  59   6   6   0 0.00    M    M 15.0 29 230   M    M   0        38 220
10  68  19  44  -8  21   0 0.00    M    M 17.3 38 250   M    M   1        46 240
11  54  14  34 -18  31   0 0.00    M    M 11.1 22 170   M    M   0        27 160
12  71  23  47  -5  18   0 0.00    M    M 11.3 30 240   M    M   0        37 240
13  73  38  56   5   9   0 0.00    M    M  6.5 16 350   M    M   0        19 360
14  74  40  57   6   8   0 0.00    M    M 10.0 26 230   M    M   0        32 240
15  69  34  52   1  13   0 0.00    M    M  9.3 20 150   M    M   0        27 140
================================================================================
SM 1052  578       162   6  0.70    M    183.9          M       23
================================================================================
AV 70.1 38.5                              12.3 FASTST   M    M   2    MAX(MPH)
                                 MISC ---->  # 38 250               # 46  240
================================================================================
NOTES:
# LAST OF SEVERAL OCCURRENCES

COLUMN 17 PEAK WIND IN M.P.H.

PRELIMINARY LOCAL CLIMATOLOGICAL DATA (WS FORM: F-6) , PAGE 2

                                          STATION:  LAS VEGAS NM
                                          MONTH:    OCTOBER
                                          YEAR:     2019
                                          LATITUDE:   35 39 N
                                          LONGITUDE: 105  8 W

[TEMPERATURE DATA]      [PRECIPITATION DATA]       SYMBOLS USED IN COLUMN 16

AVERAGE MONTHLY: 54.3   TOTAL FOR MONTH:   0.70    1 = FOG OR MIST
DPTR FM NORMAL:   1.5   DPTR FM NORMAL:    0.00    2 = FOG REDUCING VISIBILITY
HIGHEST:    80 ON  2, 1 GRTST 24HR  0.70 ON  4- 4      TO 1/4 MILE OR LESS
LOWEST:     14 ON 11                               3 = THUNDER
                        SNOW, ICE PELLETS, HAIL    4 = ICE PELLETS
                        TOTAL MONTH:    M          5 = HAIL
                        GRTST 24HR    M  ON   M    6 = FREEZING RAIN OR DRIZZLE
                        GRTST DEPTH:  M  ON   M    7 = DUSTSTORM OR SANDSTORM:
                                                       VSBY 1/2 MILE OR LESS
                                                   8 = SMOKE OR HAZE
[NO. OF DAYS WITH]      [WEATHER - DAYS WITH]      9 = BLOWING SNOW
                                                   X = TORNADO
MAX 32 OR BELOW:   0    0.01 INCH OR MORE:   1
MAX 90 OR ABOVE:   0    0.10 INCH OR MORE:   1
MIN 32 OR BELOW:   4    0.50 INCH OR MORE:   1
MIN  0 OR BELOW:   0    1.00 INCH OR MORE:   0

[HDD (BASE 65) ]
TOTAL THIS MO.   162    CLEAR  (SCALE 0-3)  12
DPTR FM NORMAL   -20    PTCLDY (SCALE 4-7)   3
TOTAL FM JUL 1   187    CLOUDY (SCALE 8-10)  0
DPTR FM NORMAL  -203

[CDD (BASE 65) ]
TOTAL THIS MO.     6
DPTR FM NORMAL     6    [PRESSURE DATA]
TOTAL FM JAN 1   417    HIGHEST SLP M ON M
DPTR FM NORMAL   192    LOWEST  SLP 29.59 ON  9

[REMARKS]
