558
CXUS55 KABQ 261012
CF6LVS
PRELIMINARY LOCAL CLIMATOLOGICAL DATA (WS FORM: F-6)

                                          STATION:   LAS VEGAS NM
                                          MONTH:     MAY
                                          YEAR:      2024
                                          LATITUDE:   35 39 N
                                          LONGITUDE: 105  8 W

  TEMPERATURE IN F:       :PCPN:    SNOW:  WIND      :SUNSHINE: SKY     :PK WND
================================================================================
1   2   3   4   5  6A  6B    7    8   9   10  11  12  13   14  15   16   17  18
                                     12Z  AVG MX 2MIN
DY MAX MIN AVG DEP HDD CDD  WTR  SNW DPTH SPD SPD DIR MIN PSBL S-S WX    SPD DR
================================================================================

 1  75  41  58   7   7   0 0.00    M    M 13.2 32 230   M    M   0        49 200
 2  72  39  56   4   9   0 0.00    M    M 12.4 32 220   M    M   0        42 210
 3  75  39  57   5   8   0 0.00    M    M 12.2 30 230   M    M   3        41 260
 4  65  37  51  -1  14   0 0.00    M    M 13.6 22  70   M    M   3        30  70
 5  74  43  59   6   6   0    T    M    M 18.9 37 210   M    M   0 1      57 190
 6  62  43  53   0  12   0 0.00    M    M 24.0 41 260   M    M   1        55 280
 7  72  40  56   3   9   0 0.00    M    M 22.0 48 260   M    M   0        71 250
 8  67  37  52  -2  13   0 0.00    M    M 18.0 39 270   M    M   0        58 260
 9  62  39  51  -3  14   0 0.09    M    M 12.1 28 160   M    M   9        41 150
10  55  39  47  -7  18   0 0.09    M    M  8.5 15  10   M    M   9        17  10
11  45  44  45 -10  20   0 0.02    M    M  5.5 12 120   M    M  10         M   M
12   M   M   M   M   M   M 0.00    M    M    M  M   M   M    M   M         M   M
13   M   M   M   M   M   M 0.00    M    M    M  M   M   M    M   M         M   M
14  73  43  58   2   7   0    T    M    M  7.0 20 320   M    M   2 3      31 280
15  75  44  60   4   5   0 0.46    M    M  8.9 33 210   M    M   4 13     46 210
16  58  41  50  -6  15   0 0.79    M    M  9.1 31 350   M    M   6 13     40 350
17  73  41  57   0   8   0 0.00    M    M  6.0 17  10   M    M   0        24  20
18  79  46  63   6   2   0 0.00    M    M  9.6 23 220   M    M   0        34 180
19  76  52  64   6   1   0 0.00    M    M 14.2 35 240   M    M   0        45 240
20  78  43  61   3   4   0 0.00    M    M 15.8 37 250   M    M   1        50 240
21  72  48  60   2   5   0 0.00    M    M 18.7 37 260   M    M   0        50 260
22  73  36  55  -4  10   0 0.00    M    M 11.2 33 240   M    M   2        49 210
23  75  44  60   1   5   0 0.00    M    M 15.4 33 240   M    M   0        46 240
24  75  50  63   4   2   0 0.00    M    M 13.7 30 170   M    M   0        46 170
25  75  49  62   2   3   0 0.00    M    M 20.4 41 260   M    M   0        55 270
================================================================================
SM 1606  978       197   0  1.45    M    310.4          M       50
================================================================================
AV 69.8 42.5                              13.5 FASTST   M    M   2    MAX(MPH)
                                 MISC ---->    48 260                 71 250
================================================================================
NOTES:
# LAST OF SEVERAL OCCURRENCES

COLUMN 17 PEAK WIND IN M.P.H.

PRELIMINARY LOCAL CLIMATOLOGICAL DATA (WS FORM: F-6) , PAGE 2

                                          STATION:   LAS VEGAS NM
                                          MONTH:     MAY
                                          YEAR:      2024
                                          LATITUDE:   35 39 N
                                          LONGITUDE: 105  8 W

[TEMPERATURE DATA]      [PRECIPITATION DATA]       SYMBOLS USED IN COLUMN 16

AVERAGE MONTHLY: 56.2   TOTAL FOR MONTH:   1.45    1 = FOG OR MIST
DPTR FM NORMAL:   0.7   DPTR FM NORMAL:    0.42    2 = FOG REDUCING VISIBILITY
HIGHEST:    79 ON 18    GRTST 24HR  1.25 ON 15-16      TO 1/4 MILE OR LESS
LOWEST:     36 ON 22                               3 = THUNDER
                        SNOW, ICE PELLETS, HAIL    4 = ICE PELLETS
                        TOTAL MONTH:  M            5 = HAIL
                        GRTST 24HR    M  ON   M    6 = FREEZING RAIN OR DRIZZLE
                        GRTST DEPTH:  M  ON   M    7 = DUSTSTORM OR SANDSTORM:
                                                       VSBY 1/2 MILE OR LESS
                                                   8 = SMOKE OR HAZE
[NO. OF DAYS WITH]      [WEATHER - DAYS WITH]      9 = BLOWING SNOW
                                                   X = TORNADO
MAX 32 OR BELOW:   0    0.01 INCH OR MORE:   5
MAX 90 OR ABOVE:   0    0.10 INCH OR MORE:   2
MIN 32 OR BELOW:   0    0.50 INCH OR MORE:   1
MIN  0 OR BELOW:   0    1.00 INCH OR MORE:   0

[HDD (BASE 65) ]
TOTAL THIS MO.   197    CLEAR  (SCALE 0-3)  18
DPTR FM NORMAL   -45    PTCLDY (SCALE 4-7)   2
TOTAL FM JUL 1  5215    CLOUDY (SCALE 8-10)  5
DPTR FM NORMAL  -421

[CDD (BASE 65) ]
TOTAL THIS MO.     0
DPTR FM NORMAL    -1    [PRESSURE DATA]
TOTAL FM JAN 1     0    HIGHEST SLP M ON M
DPTR FM NORMAL    -1    LOWEST  SLP 29.42 ON  7

[REMARKS]