000
CXUS55 KPUB 181159
CF6LXV
PRELIMINARY LOCAL CLIMATOLOGICAL DATA (WS FORM: F-6)

                                          STATION:   LEADVILLE CO
                                          MONTH:     JANUARY
                                          YEAR:      2019
                                          LATITUDE:   39 15 N
                                          LONGITUDE: 106 18 W

  TEMPERATURE IN F:       :PCPN:    SNOW:  WIND      :SUNSHINE: SKY     :PK WND
================================================================================
1   2   3   4   5  6A  6B    7    8   9   10  11  12  13   14  15   16   17  18
                                     12Z  AVG MX 2MIN
DY MAX MIN AVG DEP HDD CDD  WTR  SNW DPTH SPD SPD DIR MIN PSBL S-S WX    SPD DR
================================================================================

 1  16  -6   5 -11  60   0 0.03    M    M  4.0 15 200   M    M   6 18     19 210
 2  33 -12  11  -6  54   0 0.00  0.0    M  5.9 18 360   M    M   0        25  10
 3  36   1  19   2  46   0 0.00  0.0    M 10.8 24  10   M    M   0        33 350
 4  43  10  27  10  38   0 0.00  0.0    M  6.4 15 310   M    M   0        23 290
 5  39   9  24   7  41   0 0.00  0.0    M  4.1 12 180   M    M   1        16 240
 6  33  17  25   8  40   0 0.08    M    M  5.9 26 290   M    M   9 128    40 290
 7  24   6  15  -2  50   0 0.02    M    M 10.9 31 300   M    M   8 89     47 290
 8  39  10  25   8  40   0    T    M    M  5.6 14 290   M    M   3 1      22 290
 9  46   8  27  10  38   0 0.00  0.0    M  3.5 13 300   M    M   0        17 310
10  40  12  26   9  39   0 0.17    M    M  4.0 14 360   M    M   4 1      22 340
11  28  12  20   3  45   0 0.06    M    M  8.9 16  10   M    M  10 18     23  20
12  20   2  11  -6  54   0 0.02    M    M  3.5 13 180   M    M   6 1      16 170
13  22  -3  10  -7  55   0 0.00  0.0    M  3.6 15 180   M    M   4        19 170
14  32  -4  14  -3  51   0 0.00  0.0    M  4.0 13  60   M    M   0        16  60
15  38  -1  19   2  46   0    T    M    M  4.8 17 360   M    M   3 1      23 330
16  33  13  23   6  42   0 0.05    M    0  8.3 26 300   M    M   9 18     43 300
17  37  21  29  12  36   0    T    M    M 10.4 23 190   M    M   7 1      39 150
================================================================================
SM  559   95       775   0  0.43     0.0 104.6          M       70
================================================================================
AV 32.9  5.6                               6.2 FASTST   M    M   4    MAX(MPH)
                                 MISC ---->  # 31 300               # 47  290
================================================================================
NOTES:
# LAST OF SEVERAL OCCURRENCES

COLUMN 17 PEAK WIND IN M.P.H.

PRELIMINARY LOCAL CLIMATOLOGICAL DATA (WS FORM: F-6) , PAGE 2

                                          STATION:  LEADVILLE CO
                                          MONTH:    JANUARY
                                          YEAR:     2019
                                          LATITUDE:   39 15 N
                                          LONGITUDE: 106 18 W

[TEMPERATURE DATA]      [PRECIPITATION DATA]       SYMBOLS USED IN COLUMN 16

AVERAGE MONTHLY: 19.2   TOTAL FOR MONTH:   0.43    1 = FOG OR MIST
DPTR FM NORMAL:   2.3   DPTR FM NORMAL:    0.08    2 = FOG REDUCING VISIBILITY
HIGHEST:    46 ON  9    GRTST 24HR  0.17 ON 10-10      TO 1/4 MILE OR LESS
LOWEST:    -12 ON  2                               3 = THUNDER
                        SNOW, ICE PELLETS, HAIL    4 = ICE PELLETS
                        TOTAL MONTH:   0.0 INCH    5 = HAIL
                        GRTST 24HR     0.0         6 = FREEZING RAIN OR DRIZZLE
                        GRTST DEPTH:   0           7 = DUSTSTORM OR SANDSTORM:
                                                       VSBY 1/2 MILE OR LESS
                                                   8 = SMOKE OR HAZE
[NO. OF DAYS WITH]      [WEATHER - DAYS WITH]      9 = BLOWING SNOW
                                                   X = TORNADO
MAX 32 OR BELOW:   6    0.01 INCH OR MORE:   7
MAX 90 OR ABOVE:   0    0.10 INCH OR MORE:   1
MIN 32 OR BELOW:  17    0.50 INCH OR MORE:   0
MIN  0 OR BELOW:   5    1.00 INCH OR MORE:   0

[HDD (BASE 65) ]
TOTAL THIS MO.   775    CLEAR  (SCALE 0-3)   8
DPTR FM NORMAL   -41    PTCLDY (SCALE 4-7)   5
TOTAL FM JUL 1  5592    CLOUDY (SCALE 8-10)  4
DPTR FM NORMAL  -125

[CDD (BASE 65) ]
TOTAL THIS MO.     0
DPTR FM NORMAL     0    [PRESSURE DATA]
TOTAL FM JAN 1     0    HIGHEST SLP M ON M
DPTR FM NORMAL     0    LOWEST  SLP 29.82 ON  6

[REMARKS]
