923
CXUS55 KPUB 261210
CF6LXV
PRELIMINARY LOCAL CLIMATOLOGICAL DATA (WS FORM: F-6)

                                          STATION:   LEADVILLE CO
                                          MONTH:     MAY
                                          YEAR:      2024
                                          LATITUDE:   39 15 N
                                          LONGITUDE: 106 18 W

  TEMPERATURE IN F:       :PCPN:    SNOW:  WIND      :SUNSHINE: SKY     :PK WND
================================================================================
1   2   3   4   5  6A  6B    7    8   9   10  11  12  13   14  15   16   17  18
                                     12Z  AVG MX 2MIN
DY MAX MIN AVG DEP HDD CDD  WTR  SNW DPTH SPD SPD DIR MIN PSBL S-S WX    SPD DR
================================================================================

 1  51  29  40   5  25   0 0.02    M    M  9.2 26 210   M    M   7 1      42 250
 2  45  22  34  -2  31   0 0.00    M    M  7.9 22 290   M    M   1        32 310
 3  52  25  39   3  26   0 0.00    M    M  9.7 25 270   M    M   4        46 250
 4  56  22  39   3  26   0    T    M    M  5.7 32 190   M    M   5 1      43 190
 5  58  33  46   9  19   0    T    M    M 13.4 30 200   M    M   7        43 180
 6  42  22  32  -5  33   0 0.07    M    M 13.2 35 280   M    M  10 12     53 200
 7  31  20  26 -12  39   0 0.64    M    M 12.7 26 310   M    M  10 128    41 310
 8  31  11  21 -17  44   0    T    M    M  7.8 18 280   M    M   8 1      27 320
 9  35  13  24 -14  41   0 0.19    M    M  6.4 16 180   M    M  10 1      22 190
10  38  27  33  -6  32   0 0.05    M    M  9.6 20 190   M    M  10 12     27 170
11  43  27  35  -4  30   0 0.96    M    M  3.1 12 260   M    M  10 12     17 270
12  53  27  40   1  25   0    M    M    M  7.3 28  10   M    M   4 123    41  20
13  54  24  39  -1  26   0    T    M    M  6.5 23  20   M    M   4        35 290
14  53  29  41   1  24   0 0.02    M    M  6.2 28 300   M    M   5 13     38 330
15  56  30  43   2  22   0 0.00    M    M  6.3 15  10   M    M   4        23 330
16  59  34  47   6  18   0 0.00    M    M  4.2 16 350   M    M   5 1      24 310
17  61  28  45   4  20   0 0.00    M    M  7.3 22 270   M    M   3        36 330
18  59  33  46   4  19   0 0.04    M    M  5.5 24 290   M    M   5 3      34 310
19  60  31  46   4  19   0 0.00    M    M  7.1 21 210   M    M   3        32 210
20  62  29  46   4  19   0 0.00    M    M 10.1 28 200   M    M   3        40 170
21  45  22  34  -9  31   0 0.14    M    M  7.5 24 310   M    M   8 12     36 310
22  52  16  34  -9  31   0 0.00    M    M  7.1 22 210   M    M   2        33 220
23  58  30  44   0  21   0 0.04    M    M  9.3 25 210   M    M   3 1      41 210
24  52  24  38  -6  27   0 0.00    M    M  8.8 24 300   M    M   2        36 300
25  53  32  43  -1  22   0 0.07    M    M 10.2 32 270   M    M   5 1      51 280
================================================================================
SM 1259  640       670   0  2.24    M    202.1          M      138
================================================================================
AV 50.4 25.6                               8.1 FASTST   M    M   6    MAX(MPH)
                                 MISC ---->    35 280                 53 200
================================================================================
NOTES:
# LAST OF SEVERAL OCCURRENCES

COLUMN 17 PEAK WIND IN M.P.H.

PRELIMINARY LOCAL CLIMATOLOGICAL DATA (WS FORM: F-6) , PAGE 2

                                          STATION:   LEADVILLE CO
                                          MONTH:     MAY
                                          YEAR:      2024
                                          LATITUDE:   39 15 N
                                          LONGITUDE: 106 18 W

[TEMPERATURE DATA]      [PRECIPITATION DATA]       SYMBOLS USED IN COLUMN 16

AVERAGE MONTHLY: 38.0   TOTAL FOR MONTH:   2.24    1 = FOG OR MIST
DPTR FM NORMAL:  -1.8   DPTR FM NORMAL:    1.34    2 = FOG REDUCING VISIBILITY
HIGHEST:    62 ON 20    GRTST 24HR  0.96 ON 11-11      TO 1/4 MILE OR LESS
LOWEST:     11 ON  8                               3 = THUNDER
                        SNOW, ICE PELLETS, HAIL    4 = ICE PELLETS
                        TOTAL MONTH:  M            5 = HAIL
                        GRTST 24HR    M  ON   M    6 = FREEZING RAIN OR DRIZZLE
                        GRTST DEPTH:  M  ON   M    7 = DUSTSTORM OR SANDSTORM:
                                                       VSBY 1/2 MILE OR LESS
                                                   8 = SMOKE OR HAZE
[NO. OF DAYS WITH]      [WEATHER - DAYS WITH]      9 = BLOWING SNOW
                                                   X = TORNADO
MAX 32 OR BELOW:   2    0.01 INCH OR MORE:  11
MAX 90 OR ABOVE:   0    0.10 INCH OR MORE:   4
MIN 32 OR BELOW:  22    0.50 INCH OR MORE:   2
MIN  0 OR BELOW:   0    1.00 INCH OR MORE:   0

[HDD (BASE 65) ]
TOTAL THIS MO.   670    CLEAR  (SCALE 0-3)   4
DPTR FM NORMAL    38    PTCLDY (SCALE 4-7)  16
TOTAL FM JUL 1  9672    CLOUDY (SCALE 8-10)  5
DPTR FM NORMAL  -825

[CDD (BASE 65) ]
TOTAL THIS MO.     0
DPTR FM NORMAL     0    [PRESSURE DATA]
TOTAL FM JAN 1     0    HIGHEST SLP M ON M
DPTR FM NORMAL     0    LOWEST  SLP 29.15 ON  6

[REMARKS]