000
CXUS54 KFWD 200730
CF6MKN
PRELIMINARY LOCAL CLIMATOLOGICAL DATA (WS FORM: F-6)

                                          STATION:   COMANCHE
                                          MONTH:     SEPTEMBER
                                          YEAR:      2018
                                          LATITUDE:   31 55 N
                                          LONGITUDE:  98 36 W

  TEMPERATURE IN F:       :PCPN:    SNOW:  WIND      :SUNSHINE: SKY     :PK WND
================================================================================
1   2   3   4   5  6A  6B    7    8   9   10  11  12  13   14  15   16   17  18
                                     12Z  AVG MX 2MIN
DY MAX MIN AVG DEP HDD CDD  WTR  SNW DPTH SPD SPD DIR MIN PSBL S-S WX    SPD DR
================================================================================

 1  96  72  84   M   0  19 0.00  0.0    0 10.1 15 120   M    M   1        25 130
 2  97  72  85   M   0  20 0.00  0.0    0  7.7 16 110   M    M   3 3      28 110
 3  88  71  80   M   0  15 0.00  0.0    0  5.8 12  70   M    M   4 3       M  M
 4  85  71  78   M   0  13    T  0.0    0  6.9  8  80   M    M   8 3       M  M
 5  89  73  81   M   0  16    T  0.0    0  5.0 12 340   M    M   8 3      17 340
 6  88  70  79   M   0  14 0.00  0.0    0  5.2  9  50   M    M   6 3      17 340
 7  88  72  80   M   0  15 0.00  0.0    0  5.9  7 120   M    M   7 1       M  M
 8  74  71  73   M   0   8 0.00  0.0    0   M   M   M   M    M  10         M  M
 9  77  67  72   M   0   7 0.00  0.0    0   M   M   M   M    M   9 1       M  M
10  79  63  71   M   0   6 0.00  0.0    0   M   M   M   M    M   6         M  M
11  80  62  71   M   0   6 0.00  0.0    0   M   M   M   M    M   8 12      M  M
12  86  70  78   M   0  13 0.00  0.0    0   M   M   M   M    M   7 1       M  M
13  87  70  79   M   0  14 0.00  0.0    0   M   M   M   M    M   7 1       M  M
14  86  67  77   M   0  12 0.00  0.0    0   M   M   M   M    M   6 1       M  M
15  87  71  79   M   0  14 0.00  0.0    0   M   M   M   M    M   7 13      M  M
16  88  70  79   M   0  14 0.00  0.0    0   M   M   M   M    M   5 12      M  M
17  90  69  80   M   0  15 0.00  0.0    0   M   M   M   M    M   1         M  M
18  91  71  81   M   0  16 0.00  0.0    0   M   M   M   M    M   1         M  M
19  91  70  81   M   0  16 0.00  0.0    0   M   M   M   M    M   0         M  M
================================================================================
SM 1647 1322         0 253    T      0.0  46.6          M      104
================================================================================
AV 86.7 69.6                               6.7 FASTST   M    M   5    MAX(MPH)
                                 MISC ---->  # 16 110               # 28  110
================================================================================
NOTES:
# LAST OF SEVERAL OCCURRENCES

COLUMN 17 PEAK WIND IN M.P.H.

PRELIMINARY LOCAL CLIMATOLOGICAL DATA (WS FORM: F-6) , PAGE 2

                                          STATION:  COMANCHE
                                          MONTH:    SEPTEMBER
                                          YEAR:     2018
                                          LATITUDE:   31 55 N
                                          LONGITUDE:  98 36 W

[TEMPERATURE DATA]      [PRECIPITATION DATA]       SYMBOLS USED IN COLUMN 16

AVERAGE MONTHLY: 78.1   TOTAL FOR MONTH:      T    1 = FOG OR MIST
DPTR FM NORMAL:     M   DPTR FM NORMAL:   -1.99    2 = FOG REDUCING VISIBILITY
HIGHEST:    97 ON  2    GRTST 24HR    T  ON  5- 5      TO 1/4 MILE OR LESS
LOWEST:     62 ON 11                               3 = THUNDER
                        SNOW, ICE PELLETS, HAIL    4 = ICE PELLETS
                        TOTAL MONTH:   0.0 INCH    5 = HAIL
                        GRTST 24HR     0.0         6 = FREEZING RAIN OR DRIZZLE
                        GRTST DEPTH:   0           7 = DUSTSTORM OR SANDSTORM:
                                                       VSBY 1/2 MILE OR LESS
                                                   8 = SMOKE OR HAZE
[NO. OF DAYS WITH]      [WEATHER - DAYS WITH]      9 = BLOWING SNOW
                                                   X = TORNADO
MAX 32 OR BELOW:   0    0.01 INCH OR MORE:   0
MAX 90 OR ABOVE:   5    0.10 INCH OR MORE:   0
MIN 32 OR BELOW:   0    0.50 INCH OR MORE:   0
MIN  0 OR BELOW:   0    1.00 INCH OR MORE:   0

[HDD (BASE 65) ]
TOTAL THIS MO.     0    CLEAR  (SCALE 0-3)   5
DPTR FM NORMAL     M    PTCLDY (SCALE 4-7)  12
TOTAL FM JUL 1     0    CLOUDY (SCALE 8-10)  2
DPTR FM NORMAL     M

[CDD (BASE 65) ]
TOTAL THIS MO.   253
DPTR FM NORMAL     M    [PRESSURE DATA]
TOTAL FM JAN 1  2752    HIGHEST SLP M ON M
DPTR FM NORMAL     M    LOWEST  SLP M ON M

[REMARKS]
