000
CXUS55 KBOU 210734
CF6MNH
PRELIMINARY LOCAL CLIMATOLOGICAL DATA (WS FORM: F-6)

                                          STATION:   ELBERT 6W CO
                                          MONTH:     OCTOBER
                                          YEAR:      2019
                                          LATITUDE:   39 13 N
                                          LONGITUDE: 104 38 W

  TEMPERATURE IN F:       :PCPN:    SNOW:  WIND      :SUNSHINE: SKY     :PK WND
================================================================================
1   2   3   4   5  6A  6B    7    8   9   10  11  12  13   14  15   16   17  18
                                     12Z  AVG MX 2MIN
DY MAX MIN AVG DEP HDD CDD  WTR  SNW DPTH SPD SPD DIR MIN PSBL S-S WX    SPD DR
================================================================================

 1  64  37  51   M  14   0    M    M    M  6.4 15 140   M    M   8 12     23 140
 2  70  37  54   M  11   0    M    M    M  5.4 17 200   M    M   5 1      25 200
 3  55  39  47   M  18   0    M    M    M 16.2 30 180   M    M   4 1      36 180
 4  70  37  54   M  11   0    M    M    M 17.0 24 170   M    M   0        36 170
 5  59  34  47   M  18   0    M    M    M 10.5 20 150   M    M   0        24 140
 6  55  32  44   M  21   0    M    M    M 10.1 16 340   M    M   2        22 340
 7  70  32  51   M  14   0    M    M    M  9.2 17 180   M    M   0        17 150
 8  72  37  55   M  10   0    M    M    M  8.2 16 260   M    M   0        22 310
 9  72  27  50   M  15   0    M    M    M 12.7 31 300   M    M   2 1      39 300
10  27   5  16   M  49   0    M    M    M   M   M   M   M    M   8 1       M  M
11  45   7  26   M  39   0    M    M    M  7.6 15 170   M    M   0        20 170
12  63  23  43   M  22   0    M    M    M  6.6 13 190   M    M   0        18 190
13  64  28  46   M  19   0    M    M    M  7.3 13 160   M    M   0         M  M
14  70  36  53   M  12   0    M    M    M  8.6 17 220   M    M   0        21 240
15  59  25  42   M  23   0    M    M    M  6.7 12 190   M    M   0         M  M
16  72  36  54   M  11   0    M    M    M  9.2 15 170   M    M   0        16  40
17  73  39  56   M   9   0    M    M    M 10.5 16 160   M    M   0        23 170
18  63  28  46   M  19   0    M    M    M  9.6 20 290   M    M   3        28  30
19  57  27  42   M  23   0    M    M    M  9.1 16 180   M    M   0        27 200
20  46  23  35   M  30   0 0.00  0.0    0 15.4 31 280   M    M   2        45 260
================================================================================
SM 1226  589       388   0  0.00     0.0 186.3          M       34
================================================================================
AV 61.3 29.5                               9.8 FASTST   M    M   2    MAX(MPH)
                                 MISC ---->  # 31 300               # 45  260
================================================================================
NOTES:
# LAST OF SEVERAL OCCURRENCES

COLUMN 17 PEAK WIND IN M.P.H.

PRELIMINARY LOCAL CLIMATOLOGICAL DATA (WS FORM: F-6) , PAGE 2

                                          STATION:  ELBERT 6W CO
                                          MONTH:    OCTOBER
                                          YEAR:     2019
                                          LATITUDE:   39 13 N
                                          LONGITUDE: 104 38 W

[TEMPERATURE DATA]      [PRECIPITATION DATA]       SYMBOLS USED IN COLUMN 16

AVERAGE MONTHLY: 45.4   TOTAL FOR MONTH:   0.00    1 = FOG OR MIST
DPTR FM NORMAL:     M   DPTR FM NORMAL:       M    2 = FOG REDUCING VISIBILITY
HIGHEST:    73 ON 17    GRTST 24HR  0.00 ON 20-20      TO 1/4 MILE OR LESS
LOWEST:      5 ON 10                               3 = THUNDER
                        SNOW, ICE PELLETS, HAIL    4 = ICE PELLETS
                        TOTAL MONTH:   0.0 INCH    5 = HAIL
                        GRTST 24HR     0.0         6 = FREEZING RAIN OR DRIZZLE
                        GRTST DEPTH:   0           7 = DUSTSTORM OR SANDSTORM:
                                                       VSBY 1/2 MILE OR LESS
                                                   8 = SMOKE OR HAZE
[NO. OF DAYS WITH]      [WEATHER - DAYS WITH]      9 = BLOWING SNOW
                                                   X = TORNADO
MAX 32 OR BELOW:   1    0.01 INCH OR MORE:   0
MAX 90 OR ABOVE:   0    0.10 INCH OR MORE:   0
MIN 32 OR BELOW:  11    0.50 INCH OR MORE:   0
MIN  0 OR BELOW:   0    1.00 INCH OR MORE:   0

[HDD (BASE 65) ]
TOTAL THIS MO.   388    CLEAR  (SCALE 0-3)  16
DPTR FM NORMAL     M    PTCLDY (SCALE 4-7)   3
TOTAL FM JUL 1   540    CLOUDY (SCALE 8-10)  1
DPTR FM NORMAL     M

[CDD (BASE 65) ]
TOTAL THIS MO.     0
DPTR FM NORMAL     M    [PRESSURE DATA]
TOTAL FM JAN 1   194    HIGHEST SLP M ON M
DPTR FM NORMAL     M    LOWEST  SLP M ON M

[REMARKS]
