000
CXUS55 KBOU 190734
CF6MNH
PRELIMINARY LOCAL CLIMATOLOGICAL DATA (WS FORM: F-6)

                                          STATION:   ELBERT 6W CO
                                          MONTH:     SEPTEMBER
                                          YEAR:      2018
                                          LATITUDE:   39 13 N
                                          LONGITUDE: 104 38 W

  TEMPERATURE IN F:       :PCPN:    SNOW:  WIND      :SUNSHINE: SKY     :PK WND
================================================================================
1   2   3   4   5  6A  6B    7    8   9   10  11  12  13   14  15   16   17  18
                                     12Z  AVG MX 2MIN
DY MAX MIN AVG DEP HDD CDD  WTR  SNW DPTH SPD SPD DIR MIN PSBL S-S WX    SPD DR
================================================================================

 1  77  48  63   M   2   0    M    M    M  7.1 13 150   M    M   3 3       M  M
 2  73  52  63   M   2   0    M    M    M  6.7 14 210   M    M   3 3       M  M
 3  68  52  60   M   5   0    M    M    M  6.5 12 190   M    M   4        17 190
 4  73  46  60   M   5   0    M    M    M  7.5 12 350   M    M   0        18 330
 5  68  46  57   M   8   0    M    M    M  5.7 16 110   M    M   6 13     22 110
 6  66  46  56   M   9   0    M    M    M  7.6 17 190   M    M   4 3      24 190
 7  66  45  56   M   9   0    M    M    M  5.8  9 300   M    M   3         M  M
 8  73  48  61   M   4   0    M    M    M  9.8 16 150   M    M   2 1      22 150
 9  77  50  64   M   1   0    M    M    M  8.3 13 170   M    M   0        20  10
10  79  50  65   M   0   0    M    M    M  9.6 17 150   M    M   1        23 140
11   M   M   M   M   M   M    M    M    M   M   M   M   M    M   M         M  M
12  82  59  71   M   0   6    M    M    M  8.8 14 220   M    M   0        22 220
13  82  52  67   M   0   2    M    M    M 12.5 18 160   M    M   0        28 140
14  81  46  64   M   1   0    M    M    M  8.6 15 120   M    M   0        24 100
15  81  46  64   M   1   0    M    M    M 10.5 23 150   M    M   0        31 150
16  82  54  68   M   0   3    M    M    M  8.4 17 130   M    M   1        23 130
17  82  54  68   M   0   3    M    M    M  7.9 14 110   M    M   1        21 130
18  86  52  69   M   0   4 0.00  0.0    0 10.8 17 170   M    M   1        24 160
================================================================================
SM 1296  846        47  18  0.00     0.0 142.1          M       29
================================================================================
AV 76.2 49.8                               8.4 FASTST   M    M   2    MAX(MPH)
                                 MISC ---->  # 23 150               # 31  150
================================================================================
NOTES:
# LAST OF SEVERAL OCCURRENCES

COLUMN 17 PEAK WIND IN M.P.H.

PRELIMINARY LOCAL CLIMATOLOGICAL DATA (WS FORM: F-6) , PAGE 2

                                          STATION:  ELBERT 6W CO
                                          MONTH:    SEPTEMBER
                                          YEAR:     2018
                                          LATITUDE:   39 13 N
                                          LONGITUDE: 104 38 W

[TEMPERATURE DATA]      [PRECIPITATION DATA]       SYMBOLS USED IN COLUMN 16

AVERAGE MONTHLY: 63.0   TOTAL FOR MONTH:   0.00    1 = FOG OR MIST
DPTR FM NORMAL:     M   DPTR FM NORMAL:       M    2 = FOG REDUCING VISIBILITY
HIGHEST:    86 ON 18    GRTST 24HR  0.00 ON 18-18      TO 1/4 MILE OR LESS
LOWEST:     45 ON  7                               3 = THUNDER
                        SNOW, ICE PELLETS, HAIL    4 = ICE PELLETS
                        TOTAL MONTH:   0.0 INCH    5 = HAIL
                        GRTST 24HR     0.0         6 = FREEZING RAIN OR DRIZZLE
                        GRTST DEPTH:   0           7 = DUSTSTORM OR SANDSTORM:
                                                       VSBY 1/2 MILE OR LESS
                                                   8 = SMOKE OR HAZE
[NO. OF DAYS WITH]      [WEATHER - DAYS WITH]      9 = BLOWING SNOW
                                                   X = TORNADO
MAX 32 OR BELOW:   0    0.01 INCH OR MORE:   0
MAX 90 OR ABOVE:   0    0.10 INCH OR MORE:   0
MIN 32 OR BELOW:   0    0.50 INCH OR MORE:   0
MIN  0 OR BELOW:   0    1.00 INCH OR MORE:   0

[HDD (BASE 65) ]
TOTAL THIS MO.    47    CLEAR  (SCALE 0-3)  13
DPTR FM NORMAL     M    PTCLDY (SCALE 4-7)   4
TOTAL FM JUL 1   131    CLOUDY (SCALE 8-10)  0
DPTR FM NORMAL     M

[CDD (BASE 65) ]
TOTAL THIS MO.    18
DPTR FM NORMAL     M    [PRESSURE DATA]
TOTAL FM JAN 1   204    HIGHEST SLP M ON M
DPTR FM NORMAL     M    LOWEST  SLP M ON M

[REMARKS]
