000
CXUS54 KMAF 291110
CF6MRF
PRELIMINARY LOCAL CLIMATOLOGICAL DATA (WS FORM: F-6)

                                          STATION:   MARFA
                                          MONTH:     MAY
                                          YEAR:      2020
                                          LATITUDE:   30 22 N
                                          LONGITUDE: 104  1 W

  TEMPERATURE IN F:       :PCPN:    SNOW:  WIND      :SUNSHINE: SKY     :PK WND
================================================================================
1   2   3   4   5  6A  6B    7    8   9   10  11  12  13   14  15   16   17  18
                                     12Z  AVG MX 2MIN
DY MAX MIN AVG DEP HDD CDD  WTR  SNW DPTH SPD SPD DIR MIN PSBL S-S WX    SPD DR
================================================================================

 1  92  53  73   M   0   8    M    M    M  7.4 17 120   M    M   0        22 170
 2  93  53  73   M   0   8    T    M    M  9.3 22 180   M    M   1        36 160
 3  93  52  73   M   0   8    M    M    M  7.9 18 300   M    M   0        24 300
 4  93  53  73   M   0   8    M    M    M 10.3 22 310   M    M   0        32 280
 5  78  53  66   M   0   1    M    M    M 16.6 33  10   M    M   0        44  20
 6  88  43  66   M   0   1    M    M    M  6.8 16 120   M    M   1        25 100
 7  94  50  72   M   0   7    T    M    M  9.5 21 210   M    M   1 3      31 180
 8  73  44  59   M   6   0    M    M    M 17.6 35  10   M    M   1 8      47  10
 9  84  38  61   M   4   0    T    M    M  6.8 14  70   M    M   1         M   M
10  83  46  65   M   0   0 0.13    M    M  8.5 25  10   M    M   3        35 360
11  81  52  67   M   0   2 0.02    M    M  9.3 25  10   M    M   3        31 150
12  86  47  67   M   0   2    M    M    M  6.5 14 100   M    M   0        20 190
13  87  51  69   M   0   4    M    M    M  7.8 22 220   M    M   0        32 240
14  89  46  68   M   0   3    M    M    M  7.4 16 190   M    M   0        25 190
15  88  48  68   M   0   3    M    M    M  7.2 20 270   M    M   1 8      32 240
16  89  43  66   M   0   1    M    M    M  8.1 20 290   M    M   0        24 290
17  91  49  70   M   0   5    M    M    M  6.0 15 150   M    M   0        18 150
18  95  52  74   M   0   9    M    M    M  7.8 17 200   M    M   0        29 200
19  96  58  77   M   0  12    T    M    M  9.3 28  20   M    M   1        38 360
20  92  55  74   M   0   9    T    M    M  9.4 16 270   M    M   0        24 300
21  89  51  70   M   0   5    M    M    M  9.4 17 250   M    M   0        30 250
22  91  48  70   M   0   5    M    M    M  7.8 14 240   M    M   0        30 230
23  92  54  73   M   0   8    M    M    M  7.1 20 250   M    M   0        33 250
24  87  52  70   M   0   5    M    M    M  9.8 22 250   M    M   0        32 260
25  83  51  67   M   0   2    M    M    M 14.1 24  20   M    M   1        33  20
26  83  53  68   M   0   3    M    M    M  6.5 16  20   M    M   4        17 110
27  94  47  71   M   0   6    M    M    M  8.9 17 290   M    M   0        30 270
28  90  53  72   M   0   7    T    M    M 10.1 22  50   M    M   1 38     31  40
================================================================================
SM 2474 1395        10 132  0.15    M    253.1          M       19
================================================================================
AV 88.4 49.8                               9.0 FASTST   M    M   1    MAX(MPH)
                                 MISC ---->    35  10                 47  10
================================================================================
NOTES:
# LAST OF SEVERAL OCCURRENCES

COLUMN 17 PEAK WIND IN M.P.H.

PRELIMINARY LOCAL CLIMATOLOGICAL DATA (WS FORM: F-6) , PAGE 2

                                          STATION:   MARFA
                                          MONTH:     MAY
                                          YEAR:      2020
                                          LATITUDE:   30 22 N
                                          LONGITUDE: 104  1 W

[TEMPERATURE DATA]      [PRECIPITATION DATA]       SYMBOLS USED IN COLUMN 16

AVERAGE MONTHLY: 69.1   TOTAL FOR MONTH:   0.15    1 = FOG OR MIST
DPTR FM NORMAL:   0.0   DPTR FM NORMAL:    0.15    2 = FOG REDUCING VISIBILITY
HIGHEST:    96 ON 19    GRTST 24HR  0.13 ON 10-10      TO 1/4 MILE OR LESS
LOWEST:     38 ON  9                               3 = THUNDER
                        SNOW, ICE PELLETS, HAIL    4 = ICE PELLETS
                        TOTAL MONTH:  M            5 = HAIL
                        GRTST 24HR    M  ON   M    6 = FREEZING RAIN OR DRIZZLE
                        GRTST DEPTH:  M  ON   M    7 = DUSTSTORM OR SANDSTORM:
                                                       VSBY 1/2 MILE OR LESS
                                                   8 = SMOKE OR HAZE
[NO. OF DAYS WITH]      [WEATHER - DAYS WITH]      9 = BLOWING SNOW
                                                   X = TORNADO
MAX 32 OR BELOW:   0    0.01 INCH OR MORE:   2
MAX 90 OR ABOVE:  13    0.10 INCH OR MORE:   1
MIN 32 OR BELOW:   0    0.50 INCH OR MORE:   0
MIN  0 OR BELOW:   0    1.00 INCH OR MORE:   0

[HDD (BASE 65) ]
TOTAL THIS MO.    10    CLEAR  (SCALE 0-3)  27
DPTR FM NORMAL     M    PTCLDY (SCALE 4-7)   1
TOTAL FM JUL 1  2825    CLOUDY (SCALE 8-10)  0
DPTR FM NORMAL     M

[CDD (BASE 65) ]
TOTAL THIS MO.   132
DPTR FM NORMAL     M    [PRESSURE DATA]
TOTAL FM JAN 1   142    HIGHEST SLP M ON M
DPTR FM NORMAL     M    LOWEST  SLP M ON M

[REMARKS]
