000
CXUS54 KMAF 231110
CF6MRF
PRELIMINARY LOCAL CLIMATOLOGICAL DATA (WS FORM: F-6)

                                          STATION:   MARFA
                                          MONTH:     OCTOBER
                                          YEAR:      2019
                                          LATITUDE:   30 22 N
                                          LONGITUDE: 104  1 W

  TEMPERATURE IN F:       :PCPN:    SNOW:  WIND      :SUNSHINE: SKY     :PK WND
================================================================================
1   2   3   4   5  6A  6B    7    8   9   10  11  12  13   14  15   16   17  18
                                     12Z  AVG MX 2MIN
DY MAX MIN AVG DEP HDD CDD  WTR  SNW DPTH SPD SPD DIR MIN PSBL S-S WX    SPD DR
================================================================================

 1  85  65  75   M   0  10 0.01    M    M 12.2 22 140   M    M   5        30 170
 2  83  58  71   M   0   6 2.85    M    M  6.3 23 320   M    M   4 13     31 150
 3  81  62  72   M   0   7    M    M    M  6.5 14  80   M    M   5         M   M
 4  80  58  69   M   0   4    M    M    M  7.0 12 100   M    M   2        17 180
 5  85  59  72   M   0   7    M    M    M  4.7 13 330   M    M   2        17 280
 6  85  58  72   M   0   7    M    M    M  7.3 24  10   M    M   2        32  10
 7  71  49  60   M   5   0    M    M    M 14.0 25  10   M    M   3        35  10
 8  80  46  63   M   2   0    M    M    M  6.9 16 180   M    M   1        21 170
 9  85  52  69   M   0   4    M    M    M  6.6 17 220   M    M   1        24 220
10  83  49  66   M   0   1    M    M    M  6.9 14 270   M    M   0        30 260
11  63  36  50   M  15   0    M    M    M 19.0 30  20   M    M   2        40  30
12  67  42  55   M  10   0    T    M    M  6.7 15 190   M    M   5        18 170
13  71  42  57   M   8   0    T    M    M  5.6 18 170   M    M   4        22 170
14  69  55  62   M   3   0 0.28    M    M  3.8  9 170   M    M   9 1       M   M
15  76  58  67   M   0   2 0.12    M    M  5.0 14 260   M    M   7 1       M   M
16  66  46  56   M   9   0    M    M    M 12.3 24  20   M    M   4        37  20
17   M   M   M   M   M   M    M    M    M    M  M   M   M    M   M         M   M
18   M   M   M   M   M   M    M    M    M    M  M   M   M    M   M         M   M
19   M   M   M   M   M   M    M    M    M    M  M   M   M    M   M         M   M
20   M   M   M   M   M   M    M    M    M    M  M   M   M    M   M         M   M
21   M   M   M   M   M   M    M    M    M    M  M   M   M    M   M         M   M
22  75  39  57   M   8   0    M    M    M  4.9  8 190   M    M   0         M   M
================================================================================
SM 1305  874        60  48  3.26    M    135.6          M       56
================================================================================
AV 76.8 51.4                               8.0 FASTST   M    M   3    MAX(MPH)
                                 MISC ---->    30  20                 40  30
================================================================================
NOTES:
# LAST OF SEVERAL OCCURRENCES

COLUMN 17 PEAK WIND IN M.P.H.

PRELIMINARY LOCAL CLIMATOLOGICAL DATA (WS FORM: F-6) , PAGE 2

                                          STATION:   MARFA
                                          MONTH:     OCTOBER
                                          YEAR:      2019
                                          LATITUDE:   30 22 N
                                          LONGITUDE: 104  1 W

[TEMPERATURE DATA]      [PRECIPITATION DATA]       SYMBOLS USED IN COLUMN 16

AVERAGE MONTHLY: 64.1   TOTAL FOR MONTH:   3.26    1 = FOG OR MIST
DPTR FM NORMAL:   0.0   DPTR FM NORMAL:    3.26    2 = FOG REDUCING VISIBILITY
HIGHEST:    85 ON  9, 6  GRTST 24HR  2.85 ON  2- 2      TO 1/4 MILE OR LESS
LOWEST:     36 ON 11                               3 = THUNDER
                        SNOW, ICE PELLETS, HAIL    4 = ICE PELLETS
                        TOTAL MONTH:  M            5 = HAIL
                        GRTST 24HR    M  ON   M    6 = FREEZING RAIN OR DRIZZLE
                        GRTST DEPTH:  M  ON   M    7 = DUSTSTORM OR SANDSTORM:
                                                       VSBY 1/2 MILE OR LESS
                                                   8 = SMOKE OR HAZE
[NO. OF DAYS WITH]      [WEATHER - DAYS WITH]      9 = BLOWING SNOW
                                                   X = TORNADO
MAX 32 OR BELOW:   0    0.01 INCH OR MORE:   4
MAX 90 OR ABOVE:   0    0.10 INCH OR MORE:   3
MIN 32 OR BELOW:   0    0.50 INCH OR MORE:   1
MIN  0 OR BELOW:   0    1.00 INCH OR MORE:   1

[HDD (BASE 65) ]
TOTAL THIS MO.    60    CLEAR  (SCALE 0-3)   9
DPTR FM NORMAL     M    PTCLDY (SCALE 4-7)   7
TOTAL FM JUL 1    60    CLOUDY (SCALE 8-10)  6
DPTR FM NORMAL     M

[CDD (BASE 65) ]
TOTAL THIS MO.    48
DPTR FM NORMAL     M    [PRESSURE DATA]
TOTAL FM JAN 1  1263    HIGHEST SLP M ON M
DPTR FM NORMAL     M    LOWEST  SLP M ON M

[REMARKS]
