000
CXUS55 KLIX 211000
CF6MSY
PRELIMINARY LOCAL CLIMATOLOGICAL DATA (WS FORM: F-6)

                                          STATION:   NEW ORLEANS
                                          MONTH:     SEPTEMBER
                                          YEAR:      2018
                                          LATITUDE:   29 58 N
                                          LONGITUDE:  90 15 W

  TEMPERATURE IN F:       :PCPN:    SNOW:  WIND      :SUNSHINE: SKY     :PK WND
================================================================================
1   2   3   4   5  6A  6B    7    8   9   10  11  12  13   14  15   16   17  18
                                     12Z  AVG MX 2MIN
DY MAX MIN AVG DEP HDD CDD  WTR  SNW DPTH SPD SPD DIR MIN PSBL S-S WX    SPD DR
================================================================================

 1  85  78  82   0   0  17 0.57  0.0    0  8.5 17 140   M    M   8 13     23  20
 2  85  78  82   0   0  17 0.04  0.0    0 10.0 18 150   M    M   8 13     25 150
 3  90  78  84   2   0  19 0.03  0.0    0  9.2 23 110   M    M   8 13     29  90
 4  88  79  84   2   0  19 0.06  0.0    0 11.1 22  60   M    M   7 1      31  60
 5  91  73  82   0   0  17 0.03  0.0    0  5.6 13 190   M    M   6        16 230
 6  87  78  83   1   0  18 0.18  0.0    0  5.3 14 160   M    M   6 13     18 230
 7  86  76  81  -1   0  16    T  0.0    0  3.5 17 130   M    M   6 3      21 120
 8  90  74  82   0   0  17    T  0.0    0  3.8 14 140   M    M   6 3      17  80
 9  92  76  84   3   0  19    T  0.0    0  3.5 14 180   M    M   6 3      17 180
10  91  76  84   3   0  19 0.11  0.0    0  3.2 14 150   M    M   8 13     18 140
11  89  77  83   2   0  18 0.10  0.0    0  4.1 21 320   M    M   7 13     28 320
12  91  77  84   3   0  19 0.00  0.0    0  7.5 15  80   M    M   5        21  70
13  93  77  85   4   0  20 0.02  0.0    0  4.1 16 180   M    M   6 3      22 190
14  95  75  85   5   0  20 0.00  0.0    0  3.6 10  40   M    M   4 3      14  50
15  96  76  86   6   0  21 0.01  0.0    0  4.4 12 270   M    M   4 3      14 270
16  98  77  88   8   0  23 0.00  0.0    0  4.7 12 340   M    M   2        15 320
17  98  77  88   8   0  23 0.00  0.0    0  3.5 10 200   M    M   3 3      13 170
18  97  76  87   8   0  22 0.00  0.0    0  1.8 15 160   M    M   3 3      18 160
19  97  77  87   8   0  22 0.11  0.0    0  3.9 15 140   M    M   4 18     19 140
20  92  75  84   5   0  19 1.07  0.0    0  4.4 25 100   M    M   4 13     30 100
================================================================================
SM 1831 1530         0 385  2.33     0.0 105.7          M      111
================================================================================
AV 91.6 76.5                               5.3 FASTST   M    M   6    MAX(MPH)
                                 MISC ---->  # 25 100               # 31   60
================================================================================
NOTES:
# LAST OF SEVERAL OCCURRENCES

COLUMN 17 PEAK WIND IN M.P.H.

PRELIMINARY LOCAL CLIMATOLOGICAL DATA (WS FORM: F-6) , PAGE 2

                                          STATION:  NEW ORLEANS
                                          MONTH:    SEPTEMBER
                                          YEAR:     2018
                                          LATITUDE:   29 58 N
                                          LONGITUDE:  90 15 W

[TEMPERATURE DATA]      [PRECIPITATION DATA]       SYMBOLS USED IN COLUMN 16

AVERAGE MONTHLY: 84.0   TOTAL FOR MONTH:   2.33    1 = FOG OR MIST
DPTR FM NORMAL:   3.1   DPTR FM NORMAL:   -1.26    2 = FOG REDUCING VISIBILITY
HIGHEST:    98 ON 17,16 GRTST 24HR  1.07 ON 20-20      TO 1/4 MILE OR LESS
LOWEST:     73 ON  5                               3 = THUNDER
                        SNOW, ICE PELLETS, HAIL    4 = ICE PELLETS
                        TOTAL MONTH:   0.0 INCH    5 = HAIL
                        GRTST 24HR     0.0         6 = FREEZING RAIN OR DRIZZLE
                        GRTST DEPTH:   0           7 = DUSTSTORM OR SANDSTORM:
                                                       VSBY 1/2 MILE OR LESS
                                                   8 = SMOKE OR HAZE
[NO. OF DAYS WITH]      [WEATHER - DAYS WITH]      9 = BLOWING SNOW
                                                   X = TORNADO
MAX 32 OR BELOW:   0    0.01 INCH OR MORE:  12
MAX 90 OR ABOVE:  14    0.10 INCH OR MORE:   6
MIN 32 OR BELOW:   0    0.50 INCH OR MORE:   2
MIN  0 OR BELOW:   0    1.00 INCH OR MORE:   1

[HDD (BASE 65) ]
TOTAL THIS MO.     0    CLEAR  (SCALE 0-3)   2
DPTR FM NORMAL     0    PTCLDY (SCALE 4-7)  17
TOTAL FM JUL 1     0    CLOUDY (SCALE 8-10)  1
DPTR FM NORMAL     0

[CDD (BASE 65) ]
TOTAL THIS MO.   385
DPTR FM NORMAL    67    [PRESSURE DATA]
TOTAL FM JAN 1  3002    HIGHEST SLP M ON M
DPTR FM NORMAL   438    LOWEST  SLP 29.80 ON  9

[REMARKS]
