000
CXUS54 KLIX 241000
CF6MSY
PRELIMINARY LOCAL CLIMATOLOGICAL DATA (WS FORM: F-6)

                                          STATION:   NEW ORLEANS
                                          MONTH:     JANUARY
                                          YEAR:      2020
                                          LATITUDE:   29 58 N
                                          LONGITUDE:  90 15 W

  TEMPERATURE IN F:       :PCPN:    SNOW:  WIND      :SUNSHINE: SKY     :PK WND
================================================================================
1   2   3   4   5  6A  6B    7    8   9   10  11  12  13   14  15   16   17  18
                                     12Z  AVG MX 2MIN
DY MAX MIN AVG DEP HDD CDD  WTR  SNW DPTH SPD SPD DIR MIN PSBL S-S WX    SPD DR
================================================================================

 1  63  49  56   2   9   0 0.02    M    0  5.8 13 140   M    M   9 8      18 140
 2  78  60  69  15   0   4 0.35  0.0    0 12.3 23 180   M    M   9 123    32 200
 3  72  58  65  12   0   0 1.85  0.0    0  6.9 18 350   M    M  10 128    25 360
 4  65  47  56   3   9   0 0.00  0.0    0  9.2 17 320   M    M   5 1      24 310
 5  67  42  55   2  10   0 0.00  0.0    0  5.1 10 150   M    M   0        14 310
 6  72  50  61   8   4   0 0.00  0.0    0  6.1 14 150   M    M   2        18 150
 7  65  52  59   6   6   0    T  0.0    0  8.7 17 350   M    M   5        23 360
 8  66  42  54   1  11   0 0.00  0.0    0  6.9 16 140   M    M   2        19 140
 9  74  52  63  10   2   0    T  0.0    0 12.3 22 120   M    M   7        28 120
10  78  68  73  20   0   8 0.17  0.0    0 14.9 31 150   M    M   8 1      39 140
11  76  56  66  13   0   1 0.60  0.0    0 11.5 35 250   M    M   8 138    45 250
12  61  52  57   4   8   0 0.05  0.0    0  5.8 13  10   M    M   9 13     16 360
13  70  61  66  13   0   1 0.24  0.0    0  3.5 12 300   M    M  10 12     16 300
14  82  68  75  22   0  10    T  0.0    0  5.8 14 190   M    M   9 128    17 190
15  81  69  75  22   0  10    T  0.0    0  4.6 10 210   M    M   8 12     14 210
16  77  64  71  18   0   6    T  0.0    0  5.8 17  50   M    M   9 128    24  50
17  73  62  68  15   0   3    T  0.0    0 11.3 17 130   M    M   9        23 120
18  80  66  73  20   0   8 0.06  0.0    0  8.4 18 340   M    M   9 8      24 350
19  65  48  57   4   8   0    T  0.0    0 16.5 23 360   M    M   5        34 350
20  53  43  48  -5  17   0 0.00  0.0    0 12.9 21 360   M    M   1        27  20
21  51  39  45  -8  20   0 0.00  0.0    0 10.4 17  10   M    M   1        24  10
22  54  40  47  -6  18   0    T  0.0    0  8.8 15 100   M    M   9        19  80
23  66  51  59   6   6   0 0.34  0.0    0  8.2 20 100   M    M   8 1      23 140
================================================================================
SM 1589 1239       128  51  3.68     0.0 201.7          M      152
================================================================================
AV 69.1 53.9                               8.8 FASTST   M    M   7    MAX(MPH)
                                 MISC ---->  # 35 250               # 45  250
================================================================================
NOTES:
# LAST OF SEVERAL OCCURRENCES

COLUMN 17 PEAK WIND IN M.P.H.

PRELIMINARY LOCAL CLIMATOLOGICAL DATA (WS FORM: F-6) , PAGE 2

                                          STATION:  NEW ORLEANS
                                          MONTH:    JANUARY
                                          YEAR:     2020
                                          LATITUDE:   29 58 N
                                          LONGITUDE:  90 15 W

[TEMPERATURE DATA]      [PRECIPITATION DATA]       SYMBOLS USED IN COLUMN 16

AVERAGE MONTHLY: 61.5   TOTAL FOR MONTH:   3.68    1 = FOG OR MIST
DPTR FM NORMAL:   8.4   DPTR FM NORMAL:   -0.11    2 = FOG REDUCING VISIBILITY
HIGHEST:    82 ON 14    GRTST 24HR  1.85 ON  3- 3      TO 1/4 MILE OR LESS
LOWEST:     39 ON 21                               3 = THUNDER
                        SNOW, ICE PELLETS, HAIL    4 = ICE PELLETS
                        TOTAL MONTH:   0.0 INCH    5 = HAIL
                        GRTST 24HR     0.0         6 = FREEZING RAIN OR DRIZZLE
                        GRTST DEPTH:   0           7 = DUSTSTORM OR SANDSTORM:
                                                       VSBY 1/2 MILE OR LESS
                                                   8 = SMOKE OR HAZE
[NO. OF DAYS WITH]      [WEATHER - DAYS WITH]      9 = BLOWING SNOW
                                                   X = TORNADO
MAX 32 OR BELOW:   0    0.01 INCH OR MORE:   9
MAX 90 OR ABOVE:   0    0.10 INCH OR MORE:   6
MIN 32 OR BELOW:   0    0.50 INCH OR MORE:   2
MIN  0 OR BELOW:   0    1.00 INCH OR MORE:   1

[HDD (BASE 65) ]
TOTAL THIS MO.   128    CLEAR  (SCALE 0-3)   5
DPTR FM NORMAL  -148    PTCLDY (SCALE 4-7)   6
TOTAL FM JUL 1   499    CLOUDY (SCALE 8-10) 12
DPTR FM NORMAL  -258

[CDD (BASE 65) ]
TOTAL THIS MO.    51
DPTR FM NORMAL    39    [PRESSURE DATA]
TOTAL FM JAN 1    51    HIGHEST SLP M ON M
DPTR FM NORMAL    39    LOWEST  SLP 29.65 ON  2

[REMARKS]
