000
CXUS56 KMTR 231750
CF6OAK
PRELIMINARY LOCAL CLIMATOLOGICAL DATA (WS FORM: F-6)

                                          STATION:   OAKLAND AIRPORT
                                          MONTH:     SEPTEMBER
                                          YEAR:      2018
                                          LATITUDE:   37 43 N
                                          LONGITUDE: 122 13 W

  TEMPERATURE IN F:       :PCPN:    SNOW:  WIND      :SUNSHINE: SKY     :PK WND
================================================================================
1   2   3   4   5  6A  6B    7    8   9   10  11  12  13   14  15   16   17  18
                                     12Z  AVG MX 2MIN
DY MAX MIN AVG DEP HDD CDD  WTR  SNW DPTH SPD SPD DIR MIN PSBL S-S WX    SPD DR
================================================================================

 1  68  54  61  -4   4   0 0.00  0.0    0  8.7 20 280   M    M   6        22 280
 2  70  54  62  -3   3   0 0.00  0.0    0  8.7 22 300   M    M   4 18     26 300
 3  69  58  64  -1   1   0 0.00  0.0    0  8.2 21 290   M    M   6 18     24 290
 4  70  58  64  -1   1   0 0.00  0.0    0  8.5 20 300   M    M   6 18     23 310
 5  67  58  63  -2   2   0 0.00  0.0    0 10.2 20 280   M    M   7 18     28 280
 6  66  52  59  -6   6   0 0.00  0.0    0  8.7 17 290   M    M   6 18     21 290
 7  73  52  63  -2   2   0 0.00  0.0    0  6.7 20 280   M    M   4 18     22 280
 8  73  51  62  -3   3   0 0.00  0.0    0  8.0 17 260   M    M   2        22 250
 9  74  51  63  -2   2   0 0.00  0.0    0  6.4 17 280   M    M   3 1      20 280
10  76  53  65   0   0   0 0.00  0.0    0  6.4 18 270   M    M   2 1      22 240
11  71  53  62  -3   3   0 0.00  0.0    0  7.8 21 250   M    M   1 18     25 240
12  68  50  59  -6   6   0 0.00  0.0    0 10.4 25 270   M    M   5 1      28 270
13  68  57  63  -2   2   0 0.00  0.0    0 12.1 24 280   M    M   6        27 280
14  71  56  64  -1   1   0 0.00  0.0    0  8.4 18 280   M    M   8        24 270
15  67  52  60  -5   5   0 0.00  0.0    0 13.4 26 270   M    M   5        34 270
16  71  50  61  -4   4   0 0.00  0.0    0  8.2 23 270   M    M   3 18     28 300
17  66  57  62  -3   3   0 0.00  0.0    0 11.2 18 260   M    M   7        23 270
18  67  52  60  -4   5   0 0.00  0.0    0  9.3 17 290   M    M   6 8      20 280
19  74  53  64   0   1   0 0.00  0.0    0  7.4 18 290   M    M   2 1      20 290
20  86  51  69   5   0   4 0.00  0.0    0  5.1 14 300   M    M   0 8      17 300
21  73  52  63  -1   2   0 0.00  0.0    0  7.7 21 300   M    M   1 18     24 310
22  67  52  60  -4   5   0 0.00  0.0    0  6.5 17 290   M    M   5 1      20 280
================================================================================
SM 1555 1176        61   4  0.00     0.0 188.0          M       95
================================================================================
AV 70.7 53.5                               8.5 FASTST   M    M   4    MAX(MPH)
                                 MISC ---->  # 26 270               # 34  270
================================================================================
NOTES:
# LAST OF SEVERAL OCCURRENCES

COLUMN 17 PEAK WIND IN M.P.H.

PRELIMINARY LOCAL CLIMATOLOGICAL DATA (WS FORM: F-6) , PAGE 2

                                          STATION:  OAKLAND AIRPORT
                                          MONTH:    SEPTEMBER
                                          YEAR:     2018
                                          LATITUDE:   37 43 N
                                          LONGITUDE: 122 13 W

[TEMPERATURE DATA]      [PRECIPITATION DATA]       SYMBOLS USED IN COLUMN 16

AVERAGE MONTHLY: 62.1   TOTAL FOR MONTH:   0.00    1 = FOG OR MIST
DPTR FM NORMAL:  -2.7   DPTR FM NORMAL:   -0.11    2 = FOG REDUCING VISIBILITY
HIGHEST:    86 ON 20    GRTST 24HR  0.00 ON 22-22      TO 1/4 MILE OR LESS
LOWEST:     50 ON 16,12                            3 = THUNDER
                        SNOW, ICE PELLETS, HAIL    4 = ICE PELLETS
                        TOTAL MONTH:   0.0 INCH    5 = HAIL
                        GRTST 24HR     0.0         6 = FREEZING RAIN OR DRIZZLE
                        GRTST DEPTH:   0           7 = DUSTSTORM OR SANDSTORM:
                                                       VSBY 1/2 MILE OR LESS
                                                   8 = SMOKE OR HAZE
[NO. OF DAYS WITH]      [WEATHER - DAYS WITH]      9 = BLOWING SNOW
                                                   X = TORNADO
MAX 32 OR BELOW:   0    0.01 INCH OR MORE:   0
MAX 90 OR ABOVE:   0    0.10 INCH OR MORE:   0
MIN 32 OR BELOW:   0    0.50 INCH OR MORE:   0
MIN  0 OR BELOW:   0    1.00 INCH OR MORE:   0

[HDD (BASE 65) ]
TOTAL THIS MO.    61    CLEAR  (SCALE 0-3)   8
DPTR FM NORMAL    19    PTCLDY (SCALE 4-7)  14
TOTAL FM JUL 1   168    CLOUDY (SCALE 8-10)  0
DPTR FM NORMAL   -14

[CDD (BASE 65) ]
TOTAL THIS MO.     4
DPTR FM NORMAL   -35    [PRESSURE DATA]
TOTAL FM JAN 1    41    HIGHEST SLP M ON M
DPTR FM NORMAL   -78    LOWEST  SLP 29.80 ON  2

[REMARKS]
