468
CXUS51 KAKQ 190833
CF6OFP
PRELIMINARY LOCAL CLIMATOLOGICAL DATA (WS FORM: F-6)

                                          STATION:   RICHMOND/HANOVER
                                          MONTH:     JANUARY
                                          YEAR:      2019
                                          LATITUDE:   37 42 N
                                          LONGITUDE:  77 26 W

  TEMPERATURE IN F:       :PCPN:    SNOW:  WIND      :SUNSHINE: SKY     :PK WND
================================================================================
1   2   3   4   5  6A  6B    7    8   9   10  11  12  13   14  15   16   17  18
                                     12Z  AVG MX 2MIN
DY MAX MIN AVG DEP HDD CDD  WTR  SNW DPTH SPD SPD DIR MIN PSBL S-S WX    SPD DR
================================================================================

 1  69  42  56  18   9   0 0.00    M    M  8.9 21 200   M    M   0        30 220
 2  49  36  43   5  22   0 0.01    M    M  1.7  8 160   M    M   6        12 160
 3  52  35  44   6  21   0 0.12    M    M  3.3  8 230   M    M   6 1      13 230
 4  49  38  44   6  21   0 0.12    M    M  2.8 21 260   M    M   8 18     25 270
 5  59  38  49  11  16   0 0.04    M    M  5.7 22 280   M    M   6 12     31 270
 6  64  36  50  12  15   0 0.00    M    M  4.7 14 300   M    M   0        19 290
 7  44  34  39   1  26   0 0.00    M    M  3.7 12 170   M    M   1        16 170
 8  62  42  52  14  13   0 0.02    M    M  7.9 22 240   M    M   7        40 240
 9  57  34  46   8  19   0 0.00    M    M 12.0 23 300   M    M   5        29 310
10  40  24  32  -6  33   0 0.00    M    M  9.8 21 290   M    M   2        27 300
11  41  20  31  -7  34   0 0.00    M    M  2.7 12 300   M    M   0        15 360
12  38  26  32  -6  33   0 0.06    M    M  0.6  7  90   M    M   8 1       9  80
13  33  30  32  -6  33   0 1.26    M    M  5.9 12  20   M    M  10 16     18 360
14  35  27  31  -7  34   0 0.00    M    M  3.1 10 350   M    M   8 18     21 300
15  42  25  34  -4  31   0 0.00  0.0    0  0.5  6 250   M    M   4 18      9 230
16  46  23  35  -3  30   0 0.00  0.0    0  1.2 10 300   M    M   1 12     14 290
17  41  32  37  -1  28   0 0.00  0.0    0  1.2  8  60   M    M  10 1      11  70
18  50  31  41   3  24   0 0.00  0.0    0  1.7  8 310   M    M   6 18     11 300
================================================================================
SM  871  573       442   0  1.63     0.0  77.4          M       88
================================================================================
AV 48.4 31.8                               4.3 FASTST   M    M   5    MAX(MPH)
                                 MISC ---->  # 23 300               # 40  240
================================================================================
NOTES:
# LAST OF SEVERAL OCCURRENCES

COLUMN 17 PEAK WIND IN M.P.H.

PRELIMINARY LOCAL CLIMATOLOGICAL DATA (WS FORM: F-6) , PAGE 2

                                          STATION:  RICHMOND/HANOVER
                                          MONTH:    JANUARY
                                          YEAR:     2019
                                          LATITUDE:   37 42 N
                                          LONGITUDE:  77 26 W

[TEMPERATURE DATA]      [PRECIPITATION DATA]       SYMBOLS USED IN COLUMN 16

AVERAGE MONTHLY: 40.1   TOTAL FOR MONTH:   1.63    1 = FOG OR MIST
DPTR FM NORMAL:   2.1   DPTR FM NORMAL:   -0.24    2 = FOG REDUCING VISIBILITY
HIGHEST:    69 ON  1    GRTST 24HR  1.26 ON 13-13      TO 1/4 MILE OR LESS
LOWEST:     20 ON 11                               3 = THUNDER
                        SNOW, ICE PELLETS, HAIL    4 = ICE PELLETS
                        TOTAL MONTH:   0.0 INCH    5 = HAIL
                        GRTST 24HR     0.0         6 = FREEZING RAIN OR DRIZZLE
                        GRTST DEPTH:   0           7 = DUSTSTORM OR SANDSTORM:
                                                       VSBY 1/2 MILE OR LESS
                                                   8 = SMOKE OR HAZE
[NO. OF DAYS WITH]      [WEATHER - DAYS WITH]      9 = BLOWING SNOW
                                                   X = TORNADO
MAX 32 OR BELOW:   0    0.01 INCH OR MORE:   7
MAX 90 OR ABOVE:   0    0.10 INCH OR MORE:   3
MIN 32 OR BELOW:   9    0.50 INCH OR MORE:   1
MIN  0 OR BELOW:   0    1.00 INCH OR MORE:   1

[HDD (BASE 65) ]
TOTAL THIS MO.   442    CLEAR  (SCALE 0-3)   6
DPTR FM NORMAL   -44    PTCLDY (SCALE 4-7)   8
TOTAL FM JUL 1  1938    CLOUDY (SCALE 8-10)  4
DPTR FM NORMAL     9

[CDD (BASE 65) ]
TOTAL THIS MO.     0
DPTR FM NORMAL     0    [PRESSURE DATA]
TOTAL FM JAN 1     0    HIGHEST SLP M ON M
DPTR FM NORMAL     0    LOWEST  SLP 29.47 ON  5

[REMARKS]
