000
CXUS51 KAKQ 230633
CF6OFP
PRELIMINARY LOCAL CLIMATOLOGICAL DATA (WS FORM: F-6)

                                          STATION:   RICHMOND/HANOVER
                                          MONTH:     MAY
                                          YEAR:      2018
                                          LATITUDE:   37 42 N
                                          LONGITUDE:  77 26 W

  TEMPERATURE IN F:       :PCPN:    SNOW:  WIND      :SUNSHINE: SKY     :PK WND
================================================================================
1   2   3   4   5  6A  6B    7    8   9   10  11  12  13   14  15   16   17  18
                                     12Z  AVG MX 2MIN
DY MAX MIN AVG DEP HDD CDD  WTR  SNW DPTH SPD SPD DIR MIN PSBL S-S WX    SPD DR
================================================================================

 1  83  41  62   0   3   0 0.00  0.0    0  1.9 14 250   M    M   0        17 260
 2  90  51  71   8   0   6 0.00  0.0    0  7.1 18 240   M    M   0        24 230
 3  91  66  79  16   0  14 0.00  0.0    0 10.6 20 200   M    M   0        27 190
 4  89  68  79  16   0  14 0.00  0.0    0 10.4 20 190   M    M   1 8      28 170
 5  75  58  67   3   0   2    T  0.0    0  3.2  9  90   M    M   3        15 100
 6  75  55  65   1   0   0    T  0.0    0  3.4 12 290   M    M   3        16 350
 7  75  53  64   0   1   0 0.00  0.0    0  4.2 12  50   M    M   5 1      17  30
 8  77  49  63  -1   2   0 0.00  0.0    0  3.2  9  10   M    M   0 1       M  M
 9  79  47  63  -2   2   0 0.00  0.0    0  2.8  8  50   M    M   1 1       M  M
10  87  58  73   8   0   8 0.80  0.0    0  7.7 25 280   M    M   1 138    48 270
11  87  56  72   7   0   7 0.05  0.0    0  2.3 10 280   M    M   3 128    14 280
12  92  67  80  15   0  15 0.00  0.0    0  6.8 14 190   M    M   0 18     19 180
13  87  64  76  10   0  11 0.00  0.0    0  4.4 10 100   M    M   2 18     18 100
14  92  62  77  11   0  12 0.35  0.0    0  2.2 22 330   M    M   4 138    35 340
15  89  65  77  11   0  12 0.01  0.0    0  9.4 17 220   M    M   0        26 200
16  78  68  73   7   0   8 0.28  0.0    0  2.3 20 260   M    M   8 13     22 260
17  81  68  75   8   0  10 1.22  0.0    0  2.8 13 160   M    M   8 1      20 140
18  78  62  70   3   0   5 4.94  0.0    0  5.6 13  70   M    M  10 13     21  80
19  74  62  68   1   0   3 0.64  0.0    0  5.4 14 180   M    M  10 1      20 170
20  87  71  79  12   0  14 0.00  0.0    0  7.8 15 220   M    M   4        20 200
21  81  66  74   6   0   9 0.00  0.0    0  3.8 10  60   M    M   3 1      15  90
22  86  65  76   8   0  11 0.33  0.0    0  5.5 29 270   M    M   7 138    40 300
================================================================================
SM 1833 1322         8 161  8.62     0.0 112.8          M       73
================================================================================
AV 83.3 60.1                               5.1 FASTST   M    M   3    MAX(MPH)
                                 MISC ---->  # 29 270               # 48  270
================================================================================
NOTES:
# LAST OF SEVERAL OCCURRENCES

COLUMN 17 PEAK WIND IN M.P.H.

PRELIMINARY LOCAL CLIMATOLOGICAL DATA (WS FORM: F-6) , PAGE 2

                                          STATION:  RICHMOND/HANOVER
                                          MONTH:    MAY
                                          YEAR:     2018
                                          LATITUDE:   37 42 N
                                          LONGITUDE:  77 26 W

[TEMPERATURE DATA]      [PRECIPITATION DATA]       SYMBOLS USED IN COLUMN 16

AVERAGE MONTHLY: 71.7   TOTAL FOR MONTH:   8.62    1 = FOG OR MIST
DPTR FM NORMAL:   6.5   DPTR FM NORMAL:    5.90    2 = FOG REDUCING VISIBILITY
HIGHEST:    92 ON 14,12 GRTST 24HR  4.94 ON 18-18      TO 1/4 MILE OR LESS
LOWEST:     41 ON  1                               3 = THUNDER
                        SNOW, ICE PELLETS, HAIL    4 = ICE PELLETS
                        TOTAL MONTH:   0.0 INCH    5 = HAIL
                        GRTST 24HR     0.0         6 = FREEZING RAIN OR DRIZZLE
                        GRTST DEPTH:   0           7 = DUSTSTORM OR SANDSTORM:
                                                       VSBY 1/2 MILE OR LESS
                                                   8 = SMOKE OR HAZE
[NO. OF DAYS WITH]      [WEATHER - DAYS WITH]      9 = BLOWING SNOW
                                                   X = TORNADO
MAX 32 OR BELOW:   0    0.01 INCH OR MORE:   9
MAX 90 OR ABOVE:   4    0.10 INCH OR MORE:   7
MIN 32 OR BELOW:   0    0.50 INCH OR MORE:   4
MIN  0 OR BELOW:   0    1.00 INCH OR MORE:   2

[HDD (BASE 65) ]
TOTAL THIS MO.     8    CLEAR  (SCALE 0-3)  12
DPTR FM NORMAL   -58    PTCLDY (SCALE 4-7)   7
TOTAL FM JUL 1  3931    CLOUDY (SCALE 8-10)  3
DPTR FM NORMAL   142

[CDD (BASE 65) ]
TOTAL THIS MO.   161
DPTR FM NORMAL    93    [PRESSURE DATA]
TOTAL FM JAN 1   186    HIGHEST SLP M ON M
DPTR FM NORMAL    76    LOWEST  SLP 29.81 ON  6

[REMARKS]
