000
CXUS51 KAKQ 231010
CF6OFP
PRELIMINARY LOCAL CLIMATOLOGICAL DATA (WS FORM: F-6)

                                          STATION:   RICHMOND/HANOVER
                                          MONTH:     FEBRUARY
                                          YEAR:      2018
                                          LATITUDE:   37 42 N
                                          LONGITUDE:  77 26 W

  TEMPERATURE IN F:       :PCPN:    SNOW:  WIND      :SUNSHINE: SKY     :PK WND
================================================================================
1   2   3   4   5  6A  6B    7    8   9   10  11  12  13   14  15   16   17  18
                                     12Z  AVG MX 2MIN
DY MAX MIN AVG DEP HDD CDD  WTR  SNW DPTH SPD SPD DIR MIN PSBL S-S WX    SPD DR
================================================================================

 1  60  36  48   9  17   0    T    M    M 10.0 18 200   M    M   1        23 180
 2  53  18  36  -3  29   0 0.09    M    M  8.6 25 300   M    M   4 1      35 290
 3  37  12  25 -14  40   0 0.00    M    M  4.9 15 180   M    M   0        18 200
 4  35  31  33  -6  32   0 0.78    M    M  4.3 18 300   M    M   9 1      23 310
 5  42  25  34  -5  31   0 0.00    M    M  5.0 16 300   M    M   3 1      24 330
 6  54  25  40   1  25   0 0.00    M    M  5.2 12 290   M    M   5        17 270
 7  48  34  41   2  24   0 0.16    M    M  3.2 15 300   M    M  10 1      19 300
 8  41  25  33  -7  32   0 0.00    M    M  4.5 13  20   M    M   2        22  10
 9  52  24  38  -2  27   0 0.00    M    M  3.5 15 200   M    M   0 1      20 190
10  53  32  43   3  22   0 1.06    M    M  0.7 14 300   M    M   8 12     17 300
11  70  51  61  21   4   0 0.46  0.0    0  8.3 22 200   M    M   8 1      29 200
12  67  34  51  11  14   0 0.18    M    0  5.1 16  10   M    M   7 1      27  20
13  40  33  37  -3  28   0    T    M    0  2.8  7  50   M    M   7        12 350
14  61  37  49   8  16   0 0.00  0.0    0  7.4 15 180   M    M   3        21 160
15  74  53  64  23   1   0 0.01  0.0    0 10.5 18 200   M    M   3        24 210
16  68  42  55  14  10   0 0.06    M    0  7.1 20 210   M    M   5        25 200
17  44  31  38  -3  27   0 0.31    M    0  4.0 12  80   M    M   6 18     16  90
18  55  31  43   2  22   0 0.00  0.0    0  3.2  9 350   M    M   3 12     15  60
19  51  35  43   1  22   0 0.21    M    0  3.2  9 180   M    M   8 1      14 170
20  77  51  64  22   1   0 0.00  0.0    0  9.2 22 220   M    M   6 1      32 220
21  81  61  71  29   0   6 0.00  0.0    0 10.4 23 210   M    M   4        37 190
22  67  46  57  15   8   0 0.00  0.0    0  5.2 13 180   M    M   7 12     19  40
================================================================================
SM 1230  767       432   6  3.32     0.0 126.3          M      109
================================================================================
AV 55.9 34.9                               5.7 FASTST   M    M   5    MAX(MPH)
                                 MISC ---->  # 25 300               # 37  190
================================================================================
NOTES:
# LAST OF SEVERAL OCCURRENCES

COLUMN 17 PEAK WIND IN M.P.H.

PRELIMINARY LOCAL CLIMATOLOGICAL DATA (WS FORM: F-6) , PAGE 2

                                          STATION:  RICHMOND/HANOVER
                                          MONTH:    FEBRUARY
                                          YEAR:     2018
                                          LATITUDE:   37 42 N
                                          LONGITUDE:  77 26 W

[TEMPERATURE DATA]      [PRECIPITATION DATA]       SYMBOLS USED IN COLUMN 16

AVERAGE MONTHLY: 45.4   TOTAL FOR MONTH:   3.32    1 = FOG OR MIST
DPTR FM NORMAL:   5.1   DPTR FM NORMAL:    0.96    2 = FOG REDUCING VISIBILITY
HIGHEST:    81 ON 21    GRTST 24HR  1.06 ON 10-10      TO 1/4 MILE OR LESS
LOWEST:     12 ON  3                               3 = THUNDER
                        SNOW, ICE PELLETS, HAIL    4 = ICE PELLETS
                        TOTAL MONTH:   0.0 INCH    5 = HAIL
                        GRTST 24HR     0.0         6 = FREEZING RAIN OR DRIZZLE
                        GRTST DEPTH:   0           7 = DUSTSTORM OR SANDSTORM:
                                                       VSBY 1/2 MILE OR LESS
                                                   8 = SMOKE OR HAZE
[NO. OF DAYS WITH]      [WEATHER - DAYS WITH]      9 = BLOWING SNOW
                                                   X = TORNADO
MAX 32 OR BELOW:   0    0.01 INCH OR MORE:  10
MAX 90 OR ABOVE:   0    0.10 INCH OR MORE:   7
MIN 32 OR BELOW:  10    0.50 INCH OR MORE:   2
MIN  0 OR BELOW:   0    1.00 INCH OR MORE:   1

[HDD (BASE 65) ]
TOTAL THIS MO.   432    CLEAR  (SCALE 0-3)   6
DPTR FM NORMAL  -112    PTCLDY (SCALE 4-7)  13
TOTAL FM JUL 1  2837    CLOUDY (SCALE 8-10)  3
DPTR FM NORMAL    13

[CDD (BASE 65) ]
TOTAL THIS MO.     6
DPTR FM NORMAL     6    [PRESSURE DATA]
TOTAL FM JAN 1     6    HIGHEST SLP M ON M
DPTR FM NORMAL     6    LOWEST  SLP 29.72 ON M

[REMARKS]
