000
CXUS51 KAKQ 210833
CF6OFP
PRELIMINARY LOCAL CLIMATOLOGICAL DATA (WS FORM: F-6)

                                          STATION:   RICHMOND/HANOVER
                                          MONTH:     OCTOBER
                                          YEAR:      2019
                                          LATITUDE:   37 42 N
                                          LONGITUDE:  77 26 W

  TEMPERATURE IN F:       :PCPN:    SNOW:  WIND      :SUNSHINE: SKY     :PK WND
================================================================================
1   2   3   4   5  6A  6B    7    8   9   10  11  12  13   14  15   16   17  18
                                     12Z  AVG MX 2MIN
DY MAX MIN AVG DEP HDD CDD  WTR  SNW DPTH SPD SPD DIR MIN PSBL S-S WX    SPD DR
================================================================================

 1  89  67  78  13   0  13 0.00  0.0    0  3.9 12 180   M    M   4        14 190
 2  97  72  85  21   0  20 0.00  0.0    0  5.1 15 270   M    M   1        20 260
 3  97  68  83  19   0  18 0.00  0.0    0  2.7 12  60   M    M   1 1      17  60
 4  83  58  71   8   0   6 0.00  0.0    0  4.6 13  10   M    M   3 1      20 340
 5  70  49  60  -3   5   0 0.00  0.0    0  4.3 10 100   M    M   6        17 350
 6  75  60  68   5   0   3 0.00  0.0    0  2.9 12 160   M    M   9        17 140
 7  84  60  72  10   0   7    T  0.0    0  3.8 16 170   M    M   4        21 160
 8  65  58  62   0   3   0 0.12  0.0    0  5.3 12 360   M    M  10 1      17  10
 9  69  55  62   0   3   0 0.00  0.0    0  4.3  9  20   M    M   8        15  10
10  76  55  66   5   0   1 0.00  0.0    0  3.1 13 350   M    M   4        21 360
11  77  50  64   3   1   0 0.00  0.0    0  3.3 14 310   M    M   0        18 290
12  79  46  63   2   2   0 0.00  0.0    0  1.4  9 210   M    M   4        11 210
13  70  54  62   2   3   0 0.24  0.0    0  1.6  8 180   M    M   8 1      13  60
14  74  50  62   2   3   0 0.00  0.0    0  1.5  9 160   M    M   5 1      12 160
15  75  44  60   0   5   0 0.00  0.0    0  2.1  8 100   M    M   0        13 120
16  63  49  56  -3   9   0 1.66  0.0    0  6.6 25 300   M    M   5 1      34 300
17  64  42  53  -6  12   0 0.00  0.0    0  7.2 18 240   M    M   0        25 240
18  66  37  52  -7  13   0 0.00  0.0    0  2.9 18 310   M    M   0        24 310
19  67  36  52  -6  13   0 0.00  0.0    0  2.2 10 200   M    M   0 1      15 180
20  60  54  57  -1   8   0 1.86  0.0    0  6.0 15 350   M    M  10 1      26 350
================================================================================
SM 1500 1064        80  68  3.88     0.0  74.8          M       82
================================================================================
AV 75.0 53.2                               3.7 FASTST   M    M   4    MAX(MPH)
                                 MISC ---->  # 25 300               # 34  300
================================================================================
NOTES:
# LAST OF SEVERAL OCCURRENCES

COLUMN 17 PEAK WIND IN M.P.H.

PRELIMINARY LOCAL CLIMATOLOGICAL DATA (WS FORM: F-6) , PAGE 2

                                          STATION:  RICHMOND/HANOVER
                                          MONTH:    OCTOBER
                                          YEAR:     2019
                                          LATITUDE:   37 42 N
                                          LONGITUDE:  77 26 W

[TEMPERATURE DATA]      [PRECIPITATION DATA]       SYMBOLS USED IN COLUMN 16

AVERAGE MONTHLY: 64.1   TOTAL FOR MONTH:   3.88    1 = FOG OR MIST
DPTR FM NORMAL:   2.9   DPTR FM NORMAL:    1.80    2 = FOG REDUCING VISIBILITY
HIGHEST:    97 ON  3, 2 GRTST 24HR  1.86 ON 20-20      TO 1/4 MILE OR LESS
LOWEST:     36 ON 19                               3 = THUNDER
                        SNOW, ICE PELLETS, HAIL    4 = ICE PELLETS
                        TOTAL MONTH:   0.0 INCH    5 = HAIL
                        GRTST 24HR     0.0         6 = FREEZING RAIN OR DRIZZLE
                        GRTST DEPTH:   0           7 = DUSTSTORM OR SANDSTORM:
                                                       VSBY 1/2 MILE OR LESS
                                                   8 = SMOKE OR HAZE
[NO. OF DAYS WITH]      [WEATHER - DAYS WITH]      9 = BLOWING SNOW
                                                   X = TORNADO
MAX 32 OR BELOW:   0    0.01 INCH OR MORE:   4
MAX 90 OR ABOVE:   2    0.10 INCH OR MORE:   4
MIN 32 OR BELOW:   0    0.50 INCH OR MORE:   2
MIN  0 OR BELOW:   0    1.00 INCH OR MORE:   2

[HDD (BASE 65) ]
TOTAL THIS MO.    80    CLEAR  (SCALE 0-3)   8
DPTR FM NORMAL   -26    PTCLDY (SCALE 4-7)   8
TOTAL FM JUL 1    83    CLOUDY (SCALE 8-10)  4
DPTR FM NORMAL   -50

[CDD (BASE 65) ]
TOTAL THIS MO.    68
DPTR FM NORMAL    36    [PRESSURE DATA]
TOTAL FM JAN 1  1892    HIGHEST SLP M ON M
DPTR FM NORMAL   393    LOWEST  SLP 29.45 ON 16

[REMARKS]
