000
CXHW52 PHFO 221250
CF6OGG
PRELIMINARY LOCAL CLIMATOLOGICAL DATA (WS FORM: F-6)

                                          STATION:   KAHULUI HI
                                          MONTH:     JANUARY
                                          YEAR:      2019
                                          LATITUDE:   20 53 N
                                          LONGITUDE: 156 26 W

  TEMPERATURE IN F:       :PCPN:    SNOW:  WIND      :SUNSHINE: SKY     :PK WND
================================================================================
1   2   3   4   5  6A  6B    7    8   9   10  11  12  13   14  15   16   17  18
                                     12Z  AVG MX 2MIN
DY MAX MIN AVG DEP HDD CDD  WTR  SNW DPTH SPD SPD DIR MIN PSBL S-S WX    SPD DR
================================================================================

 1  85  65  75   3   0  10 0.00  0.0    M 15.1 26  80   M    M   M        36  70
 2  85  67  76   4   0  11 0.00  0.0    M 15.9 26  70   M    M   M        33  60
 3  83  70  77   5   0  12 0.01  0.0    M 15.9 26  40   M    M   M 1      33  60
 4  83  72  78   6   0  13 0.00  0.0    M 18.0 31  50   M    M   M        39  50
 5  84  62  73   1   0   8 0.00  0.0    M 12.3 25  70   M    M   M        34  70
 6  85  59  72   0   0   7 0.00  0.0    M  7.9 16 330   M    M   M        20 350
 7  83  62  73   1   0   8    T  0.0    M  9.0 21  40   M    M   M        24  40
 8  86  58  72   0   0   7 0.00  0.0    M  8.6 24  40   M    M   M        28  30
 9  80  61  71  -1   0   6 0.06  0.0    M  6.8 18  40   M    M   M 18     23  50
10  85  64  75   3   0  10 0.02  0.0    M  5.9 15 300   M    M   M 1      19 300
11  85  63  74   2   0   9 0.00  0.0    M  4.6 13  30   M    M   M        16  10
12  85  67  76   4   0  11 0.00  0.0    M  6.6 18  80   M    M   M        23  70
13  85  66  76   4   0  11 0.00  0.0    M  4.8 14  20   M    M   M        17  30
14  84  58  71  -1   0   6 0.00  0.0    M  5.8 16  40   M    M   M        21  60
15  84  57  71  -1   0   6 0.00  0.0    M  5.5 13 350   M    M   M        18  10
16  82  54  68  -4   0   3 0.00  0.0    M  9.4 21 180   M    M   M        25 210
17  84  72  78   6   0  13 0.00  0.0    M 13.4 28 200   M    M   M        36 200
18  81  63  72   0   0   7 0.01  0.0    M  8.9 21  40   M    M   M 18     25  60
19  83  64  74   2   0   9 0.02  0.0    M 12.4 26  70   M    M   M 1      34  60
20  88  60  74   2   0   9 0.00  0.0    M  6.1 16  40   M    M   M        25  30
21  84  60  72   0   0   7 0.00  0.0    M  8.5 18  40   M    M   M        23  50
================================================================================
SM 1764 1324         0 183  0.12     0.0 201.4          M        M
================================================================================
AV 84.0 63.1                               9.6 FASTST   M    M   0    MAX(MPH)
                                 MISC ---->  # 31  50               # 39   50
================================================================================
NOTES:
# LAST OF SEVERAL OCCURRENCES

COLUMN 17 PEAK WIND IN M.P.H.

PRELIMINARY LOCAL CLIMATOLOGICAL DATA (WS FORM: F-6) , PAGE 2

                                          STATION:  KAHULUI HI
                                          MONTH:    JANUARY
                                          YEAR:     2019
                                          LATITUDE:   20 53 N
                                          LONGITUDE: 156 26 W

[TEMPERATURE DATA]      [PRECIPITATION DATA]       SYMBOLS USED IN COLUMN 16

AVERAGE MONTHLY: 73.5   TOTAL FOR MONTH:   0.12    1 = FOG OR MIST
DPTR FM NORMAL:   1.5   DPTR FM NORMAL:   -1.88    2 = FOG REDUCING VISIBILITY
HIGHEST:    88 ON 20    GRTST 24HR  0.06 ON  9- 9      TO 1/4 MILE OR LESS
LOWEST:     54 ON 16                               3 = THUNDER
                        SNOW, ICE PELLETS, HAIL    4 = ICE PELLETS
                        TOTAL MONTH:   0.0 INCH    5 = HAIL
                        GRTST 24HR     0.0         6 = FREEZING RAIN OR DRIZZLE
                        GRTST DEPTH:  M  ON   M    7 = DUSTSTORM OR SANDSTORM:
                                                       VSBY 1/2 MILE OR LESS
                                                   8 = SMOKE OR HAZE
[NO. OF DAYS WITH]      [WEATHER - DAYS WITH]      9 = BLOWING SNOW
                                                   X = TORNADO
MAX 32 OR BELOW:   0    0.01 INCH OR MORE:   5
MAX 90 OR ABOVE:   0    0.10 INCH OR MORE:   0
MIN 32 OR BELOW:   0    0.50 INCH OR MORE:   0
MIN  0 OR BELOW:   0    1.00 INCH OR MORE:   0

[HDD (BASE 65) ]
TOTAL THIS MO.     0    CLEAR  (SCALE 0-3)   0
DPTR FM NORMAL     0    PTCLDY (SCALE 4-7)   0
TOTAL FM JUL 1     0    CLOUDY (SCALE 8-10)  0
DPTR FM NORMAL     0

[CDD (BASE 65) ]
TOTAL THIS MO.   183
DPTR FM NORMAL    36    [PRESSURE DATA]
TOTAL FM JAN 1   183    HIGHEST SLP M ON M
DPTR FM NORMAL    36    LOWEST  SLP 29.91 ON 16

[REMARKS]
