000
CXUS56 KBOI 261002
CF6ONO
PRELIMINARY LOCAL CLIMATOLOGICAL DATA (WS FORM: F-6)

                                          STATION:   ONTARIO OR
                                          MONTH:     OCTOBER
                                          YEAR:      2020
                                          LATITUDE:   44  1 N
                                          LONGITUDE: 117  1 W

  TEMPERATURE IN F:       :PCPN:    SNOW:  WIND      :SUNSHINE: SKY     :PK WND
================================================================================
1   2   3   4   5  6A  6B    7    8   9   10  11  12  13   14  15   16   17  18
                                     12Z  AVG MX 2MIN
DY MAX MIN AVG DEP HDD CDD  WTR  SNW DPTH SPD SPD DIR MIN PSBL S-S WX    SPD DR
================================================================================

 1  84  40  62   5   3   0 0.00    M    M  1.8  9 260   M    M   0        10  50
 2  87  43  65   9   0   0 0.00    M    M  1.5  8 270   M    M   0 8       8 270
 3  84  43  64   8   1   0 0.00    M    M  2.0  7 280   M    M   0 8       9 160
 4  82  42  62   6   3   0 0.00    M    M  2.9  9 250   M    M   0 8      12 250
 5  85  40  63   8   2   0 0.00    M    M  2.4 12 270   M    M   0        13 270
 6  83  40  62   7   3   0 0.00    M    M  1.4  8 250   M    M   0 8       9 250
 7  79  39  59   5   6   0 0.00    M    M  2.4  9 270   M    M   0 8      10 260
 8  77  37  57   3   8   0 0.00    M    M  1.1  7 260   M    M   2 8       9 260
 9  78  37  58   5   7   0 0.00    M    M  2.3  8 260   M    M   0 8       9 230
10  55  39  47  -6  18   0 0.38    M    M  2.9 18 310   M    M   6 18     23 310
11  64  41  53   1  12   0    T    M    M  8.6 17 250   M    M   4        21 250
12  74  45  60   8   5   0 0.00    M    M  4.9 14 260   M    M   4 8      19 280
13  63  44  54   2  11   0    T    M    M  2.5 14  10   M    M   5        18 350
14  65  43  54   3  11   0 0.00    M    M  6.4 20 300   M    M   1 8      27 320
15  64  40  52   1  13   0 0.00    M    M  4.4 20 310   M    M   0        24 310
16  68  32  50   0  15   0 0.00    M    M  2.6  8 260   M    M   0         9 260
17  78  42  60  10   5   0 0.00    M    M  6.7 20 320   M    M   1        23 320
18  76  46  61  12   4   0 0.00    M    M  3.7 10 260   M    M   4 8      13 260
19  75  48  62  13   3   0 0.00    M    M  5.2 13 250   M    M   0        17 250
20  67  49  58  10   7   0 0.00    M    M  7.8 24 340   M    M   4        31 360
21  68  43  56   8   9   0 0.00    M    M 10.9 28 340   M    M   6        36 350
22  57  35  46  -2  19   0 0.00    M    M  7.7 17 320   M    M   0        21 290
23  57  26  42  -5  23   0 0.00    M    M  4.3 13 160   M    M   3        17 160
24  55  33  44  -3  21   0 0.02    M    M 16.0 35 330   M    M   6        43 340
25  49  30  40  -6  25   0 0.00    M    M 18.0 31 330   M    M   0        38 330
================================================================================
SM 1774  997       234   0  0.40    M    130.4          M       46
================================================================================
AV 71.0 39.9                               5.2 FASTST   M    M   2    MAX(MPH)
                                 MISC ---->    35 330                 43 340
================================================================================
NOTES:
# LAST OF SEVERAL OCCURRENCES

COLUMN 17 PEAK WIND IN M.P.H.

PRELIMINARY LOCAL CLIMATOLOGICAL DATA (WS FORM: F-6) , PAGE 2

                                          STATION:   ONTARIO OR
                                          MONTH:     OCTOBER
                                          YEAR:      2020
                                          LATITUDE:   44  1 N
                                          LONGITUDE: 117  1 W

[TEMPERATURE DATA]      [PRECIPITATION DATA]       SYMBOLS USED IN COLUMN 16

AVERAGE MONTHLY: 55.4   TOTAL FOR MONTH:   0.40    1 = FOG OR MIST
DPTR FM NORMAL:   3.9   DPTR FM NORMAL:   -0.06    2 = FOG REDUCING VISIBILITY
HIGHEST:    87 ON  2    GRTST 24HR  0.38 ON 10-10      TO 1/4 MILE OR LESS
LOWEST:     26 ON 23                               3 = THUNDER
                        SNOW, ICE PELLETS, HAIL    4 = ICE PELLETS
                        TOTAL MONTH:  M            5 = HAIL
                        GRTST 24HR    M  ON   M    6 = FREEZING RAIN OR DRIZZLE
                        GRTST DEPTH:  M  ON   M    7 = DUSTSTORM OR SANDSTORM:
                                                       VSBY 1/2 MILE OR LESS
                                                   8 = SMOKE OR HAZE
[NO. OF DAYS WITH]      [WEATHER - DAYS WITH]      9 = BLOWING SNOW
                                                   X = TORNADO
MAX 32 OR BELOW:   0    0.01 INCH OR MORE:   2
MAX 90 OR ABOVE:   0    0.10 INCH OR MORE:   1
MIN 32 OR BELOW:   3    0.50 INCH OR MORE:   0
MIN  0 OR BELOW:   0    1.00 INCH OR MORE:   0

[HDD (BASE 65) ]
TOTAL THIS MO.   234    CLEAR  (SCALE 0-3)  17
DPTR FM NORMAL  -103    PTCLDY (SCALE 4-7)   8
TOTAL FM JUL 1   295    CLOUDY (SCALE 8-10)  0
DPTR FM NORMAL  -176

[CDD (BASE 65) ]
TOTAL THIS MO.     0
DPTR FM NORMAL     0    [PRESSURE DATA]
TOTAL FM JAN 1  1070    HIGHEST SLP M ON M
DPTR FM NORMAL   219    LOWEST  SLP 29.78 ON 10

[REMARKS]
