000
CXUS56 KBOI 221002
CF6ONO
PRELIMINARY LOCAL CLIMATOLOGICAL DATA (WS FORM: F-6)

                                          STATION:   ONTARIO OR
                                          MONTH:     JANUARY
                                          YEAR:      2019
                                          LATITUDE:   44  1 N
                                          LONGITUDE: 117  1 W

  TEMPERATURE IN F:       :PCPN:    SNOW:  WIND      :SUNSHINE: SKY     :PK WND
================================================================================
1   2   3   4   5  6A  6B    7    8   9   10  11  12  13   14  15   16   17  18
                                     12Z  AVG MX 2MIN
DY MAX MIN AVG DEP HDD CDD  WTR  SNW DPTH SPD SPD DIR MIN PSBL S-S WX    SPD DR
================================================================================

 1  33  32  33   7  32   0 0.00    M    M  1.9  7 280   M    M   3         M  M
 2  34  22  28   2  37   0 0.00    M    M  4.0  6 220   M    M   5         M  M
 3  33  17  25  -1  40   0 0.00    M    M  3.5 12 120   M    M   3        14 140
 4  36  22  29   3  36   0 0.00    M    M  3.7  8 350   M    M   0         9 250
 5  37  21  29   3  36   0 0.00    M    M  4.4 10 250   M    M   2        12 240
 6  52  27  40  13  25   0    T    M    M  6.3 17 170   M    M   8        24 220
 7  44  24  34   7  31   0    T    M    M  5.2 25 290   M    M   1        30 290
 8  40  23  32   5  33   0 0.00    M    M  5.1 10  20   M    M   4        14  20
 9  45  32  39  12  26   0    T    M    M  4.7  9 240   M    M   8        13  30
10  52  28  40  13  25   0    T    M    M  3.1  8 250   M    M   6 1      10 360
11  47  21  34   7  31   0 0.00    M    M  2.7  8 240   M    M   2 128     9 240
12  41  21  31   4  34   0 0.00    M    M  4.3 10  20   M    M   5        12  20
13  33  19  26  -1  39   0 0.00    M    M  2.1  8 250   M    M   7 18      9 250
14  39  22  31   4  34   0 0.00    M    M  3.2 12 130   M    M   5        14 130
15  33  20  27   0  38   0 0.02    M    M  3.8  9  20   M    M   6 18     12  30
16  38  20  29   2  36   0 0.25    M    M  1.9 10  20   M    M   9 128    14  30
17  50  36  43  16  22   0 0.17    M    M  4.6 17 160   M    M   8 1      22 160
18  48  35  42  14  23   0 0.16    M    M  5.7 18 250   M    M   3 1      22 250
19  41  37  39  11  26   0 0.56    M    M  4.5 14 130   M    M  10 1      18 140
20  47  38  43  15  22   0 0.08    M    M  4.0 18 320   M    M   9 12     23 320
21  45  34  40  12  25   0 0.00    M    M 16.8 30 320   M    M   0        38 310
================================================================================
SM  868  551       651   0  1.24    M     95.5          M      104
================================================================================
AV 41.3 26.2                               4.5 FASTST   M    M   5    MAX(MPH)
                                 MISC ---->  # 30 320               # 38  310
================================================================================
NOTES:
# LAST OF SEVERAL OCCURRENCES

COLUMN 17 PEAK WIND IN M.P.H.

PRELIMINARY LOCAL CLIMATOLOGICAL DATA (WS FORM: F-6) , PAGE 2

                                          STATION:  ONTARIO OR
                                          MONTH:    JANUARY
                                          YEAR:     2019
                                          LATITUDE:   44  1 N
                                          LONGITUDE: 117  1 W

[TEMPERATURE DATA]      [PRECIPITATION DATA]       SYMBOLS USED IN COLUMN 16

AVERAGE MONTHLY: 33.8   TOTAL FOR MONTH:   1.24    1 = FOG OR MIST
DPTR FM NORMAL:   6.8   DPTR FM NORMAL:    0.36    2 = FOG REDUCING VISIBILITY
HIGHEST:    52 ON 10, 6 GRTST 24HR  0.56 ON 19-19      TO 1/4 MILE OR LESS
LOWEST:     17 ON  3                               3 = THUNDER
                        SNOW, ICE PELLETS, HAIL    4 = ICE PELLETS
                        TOTAL MONTH:    M          5 = HAIL
                        GRTST 24HR    M  ON   M    6 = FREEZING RAIN OR DRIZZLE
                        GRTST DEPTH:  M  ON   M    7 = DUSTSTORM OR SANDSTORM:
                                                       VSBY 1/2 MILE OR LESS
                                                   8 = SMOKE OR HAZE
[NO. OF DAYS WITH]      [WEATHER - DAYS WITH]      9 = BLOWING SNOW
                                                   X = TORNADO
MAX 32 OR BELOW:   0    0.01 INCH OR MORE:   6
MAX 90 OR ABOVE:   0    0.10 INCH OR MORE:   4
MIN 32 OR BELOW:  16    0.50 INCH OR MORE:   1
MIN  0 OR BELOW:   0    1.00 INCH OR MORE:   0

[HDD (BASE 65) ]
TOTAL THIS MO.   651    CLEAR  (SCALE 0-3)   7
DPTR FM NORMAL  -147    PTCLDY (SCALE 4-7)   9
TOTAL FM JUL 1  2826    CLOUDY (SCALE 8-10)  5
DPTR FM NORMAL  -553

[CDD (BASE 65) ]
TOTAL THIS MO.     0
DPTR FM NORMAL     0    [PRESSURE DATA]
TOTAL FM JAN 1     0    HIGHEST SLP M ON M
DPTR FM NORMAL     0    LOWEST  SLP 29.60 ON M

[REMARKS]
