000
CXUS56 KBOI 181002
CF6ONO
PRELIMINARY LOCAL CLIMATOLOGICAL DATA (WS FORM: F-6)

                                          STATION:   ONTARIO OR
                                          MONTH:     OCTOBER
                                          YEAR:      2018
                                          LATITUDE:   44  1 N
                                          LONGITUDE: 117  1 W

  TEMPERATURE IN F:       :PCPN:    SNOW:  WIND      :SUNSHINE: SKY     :PK WND
================================================================================
1   2   3   4   5  6A  6B    7    8   9   10  11  12  13   14  15   16   17  18
                                     12Z  AVG MX 2MIN
DY MAX MIN AVG DEP HDD CDD  WTR  SNW DPTH SPD SPD DIR MIN PSBL S-S WX    SPD DR
================================================================================

 1  68  39  54  -3  11   0    T    M    M  2.9  8 230   M    M   2 8      10 230
 2  73  51  62   6   3   0    T    M    M  3.2 10  10   M    M   5 8      15  90
 3  72  46  59   3   6   0 0.00    M    M  5.0 17 310   M    M   1 8      21 340
 4  58  42  50  -6  15   0 0.27    M    M  5.1 16 320   M    M   7 18     19 310
 5  59  38  49  -6  16   0 0.02    M    M  1.9 13 240   M    M   7 128    17 250
 6  63  46  55   0  10   0 0.02    M    M  9.0 25 310   M    M   9        30 310
 7  65  46  56   2   9   0 0.00    M    M 14.4 28 320   M    M   0        35 310
 8  65  39  52  -2  13   0    T    M    M  4.1 15 310   M    M   4 8      20 300
 9  57  48  53   0  12   0 0.59    M    M 11.3 30 310   M    M   9 1      41 320
10  58  46  52  -1  13   0 0.00    M    M  6.0 24 300   M    M   7        31 310
11   M   M   M   M   M   M 0.00    M    M   M   M   M   M    M   0         M  M
12   M   M   M   M   M   M 0.00    M    M   M   M   M   M    M   0 8       M  M
13  63  37  50  -2  15   0 0.00    M    M 14.5 32 320   M    M   0 8      40 320
14  60  29  45  -6  20   0 0.00    M    M  4.1 14 350   M    M   0        17 310
15  62  38  50  -1  15   0 0.00    M    M  1.0  5 280   M    M   0         M  M
16  64  30  47  -3  18   0 0.00    M    M  2.0  9 240   M    M   0        10 240
17  68  32  50   0  15   0 0.00    M    M  1.6  6 230   M    M   0         8 340
================================================================================
SM  955  607       191   0  0.90    M     86.1          M       51
================================================================================
AV 63.7 40.5                               5.7 FASTST   M    M   3    MAX(MPH)
                                 MISC ---->  # 32 320               # 41  320
================================================================================
NOTES:
# LAST OF SEVERAL OCCURRENCES

COLUMN 17 PEAK WIND IN M.P.H.

PRELIMINARY LOCAL CLIMATOLOGICAL DATA (WS FORM: F-6) , PAGE 2

                                          STATION:  ONTARIO OR
                                          MONTH:    OCTOBER
                                          YEAR:     2018
                                          LATITUDE:   44  1 N
                                          LONGITUDE: 117  1 W

[TEMPERATURE DATA]      [PRECIPITATION DATA]       SYMBOLS USED IN COLUMN 16

AVERAGE MONTHLY: 52.1   TOTAL FOR MONTH:   0.90    1 = FOG OR MIST
DPTR FM NORMAL:  -1.3   DPTR FM NORMAL:    0.63    2 = FOG REDUCING VISIBILITY
HIGHEST:    73 ON  2    GRTST 24HR  0.59 ON  9- 9      TO 1/4 MILE OR LESS
LOWEST:     29 ON 14                               3 = THUNDER
                        SNOW, ICE PELLETS, HAIL    4 = ICE PELLETS
                        TOTAL MONTH:    M          5 = HAIL
                        GRTST 24HR    M  ON   M    6 = FREEZING RAIN OR DRIZZLE
                        GRTST DEPTH:  M  ON   M    7 = DUSTSTORM OR SANDSTORM:
                                                       VSBY 1/2 MILE OR LESS
                                                   8 = SMOKE OR HAZE
[NO. OF DAYS WITH]      [WEATHER - DAYS WITH]      9 = BLOWING SNOW
                                                   X = TORNADO
MAX 32 OR BELOW:   0    0.01 INCH OR MORE:   4
MAX 90 OR ABOVE:   0    0.10 INCH OR MORE:   2
MIN 32 OR BELOW:   3    0.50 INCH OR MORE:   1
MIN  0 OR BELOW:   0    1.00 INCH OR MORE:   0

[HDD (BASE 65) ]
TOTAL THIS MO.   191    CLEAR  (SCALE 0-3)  10
DPTR FM NORMAL    -8    PTCLDY (SCALE 4-7)   5
TOTAL FM JUL 1   263    CLOUDY (SCALE 8-10)  2
DPTR FM NORMAL   -70

[CDD (BASE 65) ]
TOTAL THIS MO.     0
DPTR FM NORMAL     0    [PRESSURE DATA]
TOTAL FM JAN 1  1088    HIGHEST SLP M ON M
DPTR FM NORMAL   237    LOWEST  SLP 29.67 ON  9

[REMARKS]
