000
CXUS51 KILN 251247
CF6OSU
PRELIMINARY LOCAL CLIMATOLOGICAL DATA (WS FORM: F-6)

                                          STATION:   OHIO STATE UNIV.
                                          MONTH:     FEBRUARY
                                          YEAR:      2020
                                          LATITUDE:   40  4 N
                                          LONGITUDE:  83  4 W

  TEMPERATURE IN F:       :PCPN:    SNOW:  WIND      :SUNSHINE: SKY     :PK WND
================================================================================
1   2   3   4   5  6A  6B    7    8   9   10  11  12  13   14  15   16   17  18
                                     12Z  AVG MX 2MIN
DY MAX MIN AVG DEP HDD CDD  WTR  SNW DPTH SPD SPD DIR MIN PSBL S-S WX    SPD DR
================================================================================

 1  38  29  34   5  31   0 0.02    M    M  5.9 22 290   M    M  10 18     29 280
 2  61  34  48  19  17   0 0.00    M    M 14.9 29 240   M    M   4        40 280
 3  62  32  47  18  18   0    T    M    M  8.1 22 200   M    M   1        30 190
 4  58  33  46  17  19   0 0.29    M    M 11.4 18  30   M    M  10 18     27  40
 5  37  31  34   4  31   0 0.35    M    M 10.9 17  50   M    M  10 1      22  40
 6  33  28  31   1  34   0 0.05    M    M  8.9 15 330   M    M  10 16     20 360
 7  33  26  30   0  35   0 0.03    M    M 11.7 20 290   M    M   8 18     26 280
 8  33  26  30   0  35   0    T    M    M  6.9 12 230   M    M   9 18     17 230
 9  41  27  34   4  31   0 0.05    M    M  9.8 18 130   M    M   8 18     24 140
10  47  37  42  12  23   0 0.05    M    M  8.8 16 200   M    M  10 1      23 200
11  39  31  35   5  30   0    T    M    M  8.3 15 280   M    M   8 18     21 280
12  37  25  31   0  34   0 0.40    M    M  5.3 14  70   M    M   4 1248   18  80
13  34  22  28  -3  37   0 0.03    M    M 13.1 22 290   M    M  10 168    30 270
14  22  15  19 -12  46   0    T    M    M  8.5 20 280   M    M   5 8      24 280
15  37  11  24  -7  41   0 0.00    M    M  9.0 20 190   M    M   2        25 180
16  44  28  36   5  29   0 0.00    M    M  5.8 12 300   M    M   7        15 300
17  47  23  35   3  30   0    T    M    M  6.8 16 110   M    M   4 18     19 120
18  51  31  41   9  24   0    T    M    M 11.1 21 300   M    M   8 1      26 300
19  38  24  31  -1  34   0 0.00    M    M  6.9 14 360   M    M   0        19 360
20  29  18  24  -8  41   0 0.00    M    M  9.6 17  10   M    M   2        24 360
21  35  12  24  -9  41   0 0.00    M    M  6.3 14 240   M    M   0        17 230
22  47  20  34   1  31   0 0.00    M    M  8.4 20 210   M    M   0        28 190
23  51  24  38   5  27   0 0.00    M    M  8.9 21 210   M    M   3        25 190
24  47  32  40   7  25   0 0.17    M    M  6.2 16 200   M    M   6 18     20 200
================================================================================
SM 1001  619       744   0  1.44    M    211.5          M      139
================================================================================
AV 41.7 25.8                               8.8 FASTST   M    M   6    MAX(MPH)
                                 MISC ---->  # 29 240               # 40  280
================================================================================
NOTES:
# LAST OF SEVERAL OCCURRENCES

COLUMN 17 PEAK WIND IN M.P.H.

PRELIMINARY LOCAL CLIMATOLOGICAL DATA (WS FORM: F-6) , PAGE 2

                                          STATION:  OHIO STATE UNIV.
                                          MONTH:    FEBRUARY
                                          YEAR:     2020
                                          LATITUDE:   40  4 N
                                          LONGITUDE:  83  4 W

[TEMPERATURE DATA]      [PRECIPITATION DATA]       SYMBOLS USED IN COLUMN 16

AVERAGE MONTHLY: 33.8   TOTAL FOR MONTH:   1.44    1 = FOG OR MIST
DPTR FM NORMAL:   2.9   DPTR FM NORMAL:   -0.30    2 = FOG REDUCING VISIBILITY
HIGHEST:    62 ON  3    GRTST 24HR  0.40 ON 12-12      TO 1/4 MILE OR LESS
LOWEST:     11 ON 15                               3 = THUNDER
                        SNOW, ICE PELLETS, HAIL    4 = ICE PELLETS
                        TOTAL MONTH:    M          5 = HAIL
                        GRTST 24HR    M  ON   M    6 = FREEZING RAIN OR DRIZZLE
                        GRTST DEPTH:  M  ON   M    7 = DUSTSTORM OR SANDSTORM:
                                                       VSBY 1/2 MILE OR LESS
                                                   8 = SMOKE OR HAZE
[NO. OF DAYS WITH]      [WEATHER - DAYS WITH]      9 = BLOWING SNOW
                                                   X = TORNADO
MAX 32 OR BELOW:   2    0.01 INCH OR MORE:  10
MAX 90 OR ABOVE:   0    0.10 INCH OR MORE:   4
MIN 32 OR BELOW:  21    0.50 INCH OR MORE:   0
MIN  0 OR BELOW:   0    1.00 INCH OR MORE:   0

[HDD (BASE 65) ]
TOTAL THIS MO.   744    CLEAR  (SCALE 0-3)   6
DPTR FM NORMAL   -75    PTCLDY (SCALE 4-7)  10
TOTAL FM JUL 1  3594    CLOUDY (SCALE 8-10)  8
DPTR FM NORMAL  -428

[CDD (BASE 65) ]
TOTAL THIS MO.     0
DPTR FM NORMAL     0    [PRESSURE DATA]
TOTAL FM JAN 1     0    HIGHEST SLP M ON M
DPTR FM NORMAL     0    LOWEST  SLP 29.33 ON  7

[REMARKS]
