898
CXUS55 KLOX 191655
CF6OXR
PRELIMINARY LOCAL CLIMATOLOGICAL DATA (WS FORM: F-6)

                                          STATION:   OXNARD AIRPORT CA
                                          MONTH:     JUNE
                                          YEAR:      2018
                                          LATITUDE:   34 12 N
                                          LONGITUDE: 119 12 W

  TEMPERATURE IN F:       :PCPN:    SNOW:  WIND      :SUNSHINE: SKY     :PK WND
================================================================================
1   2   3   4   5  6A  6B    7    8   9   10  11  12  13   14  15   16   17  18
                                     12Z  AVG MX 2MIN
DY MAX MIN AVG DEP HDD CDD  WTR  SNW DPTH SPD SPD DIR MIN PSBL S-S WX    SPD DR
================================================================================

 1  69  52  61   0   4   0 0.00  0.0    0  5.6 14 260   M    M   0        20 230
 2  71  55  63   1   2   0 0.00  0.0    0  5.0 12 230   M    M   0        15 200
 3  70  58  64   2   1   0 0.00  0.0    0  6.2 17 270   M    M   4 18     20 280
 4  68  58  63   1   2   0 0.00  0.0    0  5.2  M   M   M    M   9 18      M  M
 5  64  55  60  -2   5   0 0.00  0.0    0  6.8 16 270   M    M   9 1      19 270
 6  65  55  60  -2   5   0 0.00  0.0    0  9.0 22 260   M    M   5 1      25 260
 7  68  51  60  -2   5   0 0.00  0.0    0  6.0 16 270   M    M   1 8      19 270
 8  71  53  62   0   3   0 0.00  0.0    0  4.4 14 260   M    M   0 1      20 260
 9  67  55  61  -1   4   0 0.00  0.0    0  6.9 18 250   M    M   0 18     22 240
10  74  55  65   3   0   0 0.00  0.0    0  4.7 13 230   M    M   0        22 140
11  74  57  66   4   0   1 0.00  0.0    0  5.6 13 260   M    M   0         M  M
12  72  57  65   3   0   0 0.00  0.0    0  5.6 14 260   M    M   2 1      17 270
13  70  56  63   1   2   0 0.00  0.0    0  5.5 13 260   M    M   6 1      25 310
14  69  59  64   1   1   0 0.00  0.0    0  6.5 18 270   M    M   6 1      23 280
15  68  60  64   1   1   0 0.00  0.0    0  6.9 16 260   M    M   5 18     27  30
16  69  61  65   2   0   0 0.00  0.0    0  5.0 14 230   M    M   9        21 260
17  69  60  65   2   0   0 0.00  0.0    0  8.6 14 300   M    M   9        28 300
18  69  59  64   1   1   0 0.00  0.0    0  8.5 18 260   M    M   4        21 270
================================================================================
SM 1247 1016        36   1  0.00     0.0 112.0          M       69
================================================================================
AV 69.3 56.4                               6.2 FASTST   M    M   4    MAX(MPH)
                                 MISC ---->  # 22 260               # 28  300
================================================================================
NOTES:
# LAST OF SEVERAL OCCURRENCES

COLUMN 17 PEAK WIND IN M.P.H.

PRELIMINARY LOCAL CLIMATOLOGICAL DATA (WS FORM: F-6) , PAGE 2

                                          STATION:  OXNARD AIRPORT CA
                                          MONTH:    JUNE
                                          YEAR:     2018
                                          LATITUDE:   34 12 N
                                          LONGITUDE: 119 12 W

[TEMPERATURE DATA]      [PRECIPITATION DATA]       SYMBOLS USED IN COLUMN 16

AVERAGE MONTHLY: 62.9   TOTAL FOR MONTH:   0.00    1 = FOG OR MIST
DPTR FM NORMAL:   0.6   DPTR FM NORMAL:   -0.04    2 = FOG REDUCING VISIBILITY
HIGHEST:    74 ON 11,10 GRTST 24HR  0.00 ON 18-18      TO 1/4 MILE OR LESS
LOWEST:     51 ON  7                               3 = THUNDER
                        SNOW, ICE PELLETS, HAIL    4 = ICE PELLETS
                        TOTAL MONTH:   0.0 INCH    5 = HAIL
                        GRTST 24HR     0.0         6 = FREEZING RAIN OR DRIZZLE
                        GRTST DEPTH:   0           7 = DUSTSTORM OR SANDSTORM:
                                                       VSBY 1/2 MILE OR LESS
                                                   8 = SMOKE OR HAZE
[NO. OF DAYS WITH]      [WEATHER - DAYS WITH]      9 = BLOWING SNOW
                                                   X = TORNADO
MAX 32 OR BELOW:   0    0.01 INCH OR MORE:   0
MAX 90 OR ABOVE:   0    0.10 INCH OR MORE:   0
MIN 32 OR BELOW:   0    0.50 INCH OR MORE:   0
MIN  0 OR BELOW:   0    1.00 INCH OR MORE:   0

[HDD (BASE 65) ]
TOTAL THIS MO.    36    CLEAR  (SCALE 0-3)   8
DPTR FM NORMAL   -16    PTCLDY (SCALE 4-7)   6
TOTAL FM JUL 1  1348    CLOUDY (SCALE 8-10)  4
DPTR FM NORMAL  -667

[CDD (BASE 65) ]
TOTAL THIS MO.     1
DPTR FM NORMAL     1    [PRESSURE DATA]
TOTAL FM JAN 1    47    HIGHEST SLP M ON M
DPTR FM NORMAL    33    LOWEST  SLP 29.67 ON M

[REMARKS]
