000
CXUS56 KPQR 201200
CF6PDX
PRELIMINARY LOCAL CLIMATOLOGICAL DATA (WS FORM: F-6)

                                          STATION:   PORTLAND OR
                                          MONTH:     JANUARY
                                          YEAR:      2019
                                          LATITUDE:   45 35 N
                                          LONGITUDE: 122 36 W

  TEMPERATURE IN F:       :PCPN:    SNOW:  WIND      :SUNSHINE: SKY     :PK WND
================================================================================
1   2   3   4   5  6A  6B    7    8   9   10  11  12  13   14  15   16   17  18
                                     12Z  AVG MX 2MIN
DY MAX MIN AVG DEP HDD CDD  WTR  SNW DPTH SPD SPD DIR MIN PSBL S-S WX    SPD DR
================================================================================

 1  42  29  36  -4  29   0 0.00  0.0    0  2.9  8 280   M    M   7 12     10 310
 2  45  30  38  -2  27   0 0.00  0.0    0  5.0 12 110   M    M   9 12     14 110
 3  55  43  49   9  16   0 0.06  0.0    0 12.1 28 190   M    M  10 1      34 170
 4  53  42  48   8  17   0 0.03  0.0    0  8.0 23 200   M    M   9 1      33 200
 5  52  36  44   4  21   0 0.05  0.0    0  6.0 40 210   M    M   9 12     54 190
 6  48  39  44   4  21   0 0.25  0.0    0 10.1 26 210   M    M   8 1      32 220
 7  48  37  43   3  22   0    T  0.0    0  4.0 13 220   M    M   8        15 210
 8  48  40  44   3  21   0 0.20  0.0    0 15.0 25 100   M    M  10        31 110
 9  45  42  44   3  21   0 0.19  0.0    0 15.3 23 110   M    M  10 1      27 120
10  50  40  45   4  20   0    T  0.0    0  8.1 18 110   M    M   8 1      21 110
11  50  38  44   3  21   0 0.00  0.0    0 10.4 22 100   M    M   9 1      31 100
12  54  32  43   2  22   0 0.00  0.0    0 10.3 22 100   M    M   3        25 100
13  52  33  43   2  22   0 0.00  0.0    0 14.3 30 100   M    M   1        36 100
14  47  37  42   1  23   0 0.00  0.0    0 17.1 32 100   M    M   1        39 100
15  44  37  41   0  24   0 0.00  0.0    0 15.5 24 100   M    M   5        29 100
16  46  34  40  -2  25   0 0.15  0.0    0 14.4 26 100   M    M   9        34 100
17  54  40  47   5  18   0 0.01  0.0    0 16.2 30 200   M    M   9        41 200
18  47  42  45   3  20   0 1.11  0.0    0 13.0 25 120   M    M  10 1      31 110
19  51  41  46   4  19   0 0.02  0.0    0  4.9 21 110   M    M   9 12     26 120
================================================================================
SM  931  712       409   0  2.07     0.0 202.6          M      144
================================================================================
AV 49.0 37.5                              10.7 FASTST   M    M   8    MAX(MPH)
                                 MISC ---->  # 40 210               # 54  190
================================================================================
NOTES:
# LAST OF SEVERAL OCCURRENCES

COLUMN 17 PEAK WIND IN M.P.H.

PRELIMINARY LOCAL CLIMATOLOGICAL DATA (WS FORM: F-6) , PAGE 2

                                          STATION:  PORTLAND OR
                                          MONTH:    JANUARY
                                          YEAR:     2019
                                          LATITUDE:   45 35 N
                                          LONGITUDE: 122 36 W

[TEMPERATURE DATA]      [PRECIPITATION DATA]       SYMBOLS USED IN COLUMN 16

AVERAGE MONTHLY: 43.2   TOTAL FOR MONTH:   2.07    1 = FOG OR MIST
DPTR FM NORMAL:   2.4   DPTR FM NORMAL:   -1.07    2 = FOG REDUCING VISIBILITY
HIGHEST:    55 ON  3    GRTST 24HR  1.11 ON 18-18      TO 1/4 MILE OR LESS
LOWEST:     29 ON  1                               3 = THUNDER
                        SNOW, ICE PELLETS, HAIL    4 = ICE PELLETS
                        TOTAL MONTH:   0.0 INCH    5 = HAIL
                        GRTST 24HR     0.0         6 = FREEZING RAIN OR DRIZZLE
                        GRTST DEPTH:   0           7 = DUSTSTORM OR SANDSTORM:
                                                       VSBY 1/2 MILE OR LESS
                                                   8 = SMOKE OR HAZE
[NO. OF DAYS WITH]      [WEATHER - DAYS WITH]      9 = BLOWING SNOW
                                                   X = TORNADO
MAX 32 OR BELOW:   0    0.01 INCH OR MORE:  10
MAX 90 OR ABOVE:   0    0.10 INCH OR MORE:   5
MIN 32 OR BELOW:   3    0.50 INCH OR MORE:   1
MIN  0 OR BELOW:   0    1.00 INCH OR MORE:   1

[HDD (BASE 65) ]
TOTAL THIS MO.   409    CLEAR  (SCALE 0-3)   3
DPTR FM NORMAL   -50    PTCLDY (SCALE 4-7)   4
TOTAL FM JUL 1  1874    CLOUDY (SCALE 8-10) 12
DPTR FM NORMAL  -317

[CDD (BASE 65) ]
TOTAL THIS MO.     0
DPTR FM NORMAL     0    [PRESSURE DATA]
TOTAL FM JAN 1     0    HIGHEST SLP M ON M
DPTR FM NORMAL     0    LOWEST  SLP 29.18 ON  5

[REMARKS]
