000
CXUS56 KPQR 231200
CF6PDX
PRELIMINARY LOCAL CLIMATOLOGICAL DATA (WS FORM: F-6)

                                          STATION:   PORTLAND OR
                                          MONTH:     MAY
                                          YEAR:      2018
                                          LATITUDE:   45 35 N
                                          LONGITUDE: 122 36 W

  TEMPERATURE IN F:       :PCPN:    SNOW:  WIND      :SUNSHINE: SKY     :PK WND
================================================================================
1   2   3   4   5  6A  6B    7    8   9   10  11  12  13   14  15   16   17  18
                                     12Z  AVG MX 2MIN
DY MAX MIN AVG DEP HDD CDD  WTR  SNW DPTH SPD SPD DIR MIN PSBL S-S WX    SPD DR
================================================================================

 1  59  51  55   0  10   0 0.00  0.0    0  6.4 13 310   M    M   9        16 310
 2  74  43  59   4   6   0 0.00  0.0    0  4.6 10 320   M    M   2        14 340
 3  80  49  65   9   0   0 0.00  0.0    0  5.5 15 280   M    M   6        20 260
 4  70  52  61   5   4   0 0.00  0.0    0  5.4 12 320   M    M   8        14 310
 5  75  53  64   8   1   0    T  0.0    0  5.8 13 280   M    M   9        15 270
 6  73  53  63   7   2   0 0.01  0.0    0  6.2 14 260   M    M   7 3      17 270
 7  77  56  67  11   0   2 0.00  0.0    0  5.0 12 280   M    M   6        14 300
 8  82  53  68  11   0   3 0.08  0.0    0  5.5 23 210   M    M   5 1      30 200
 9  70  54  62   5   3   0 0.01  0.0    0  8.1 17 290   M    M   7        21 250
10  65  52  59   2   6   0 0.05  0.0    0  7.6 21 310   M    M   8 1      26 310
11  69  47  58   1   7   0 0.00  0.0    0  7.7 20 320   M    M   6        25 310
12  80  52  66   8   0   1 0.00  0.0    0  5.9 15 320   M    M   4 8      20 320
13  90  52  71  13   0   6 0.00  0.0    0  4.0 13 320   M    M   1        16 330
14  89  56  73  15   0   8 0.00  0.0    0  5.1 13 320   M    M   1        16 320
15  71  56  64   6   1   0 0.00  0.0    0  4.0 12 290   M    M   7        13 350
16  65  55  60   2   5   0 0.00  0.0    0  4.9 13  80   M    M  10        15  80
17  68  55  62   3   3   0    T  0.0    0  4.4 10 320   M    M   9        13 320
18  69  55  62   3   3   0 0.00  0.0    0  6.1 12 310   M    M   7        14 320
19  71  53  62   3   3   0 0.00  0.0    0  3.0 13 320   M    M   9        16 320
20  72  54  63   4   2   0 0.00  0.0    0  6.2 14 320   M    M   6        17 310
21  73  50  62   3   3   0 0.00  0.0    0  5.5 17 320   M    M   3        22 320
22  86  54  70  10   0   5 0.00  0.0    0  6.0 14 320   M    M   1        20 340
================================================================================
SM 1628 1155        59  25  0.15     0.0 122.9          M      131
================================================================================
AV 74.0 52.5                               5.6 FASTST   M    M   6    MAX(MPH)
                                 MISC ---->  # 23 210               # 30  200
================================================================================
NOTES:
# LAST OF SEVERAL OCCURRENCES

COLUMN 17 PEAK WIND IN M.P.H.

PRELIMINARY LOCAL CLIMATOLOGICAL DATA (WS FORM: F-6) , PAGE 2

                                          STATION:  PORTLAND OR
                                          MONTH:    MAY
                                          YEAR:     2018
                                          LATITUDE:   45 35 N
                                          LONGITUDE: 122 36 W

[TEMPERATURE DATA]      [PRECIPITATION DATA]       SYMBOLS USED IN COLUMN 16

AVERAGE MONTHLY: 63.3   TOTAL FOR MONTH:   0.15    1 = FOG OR MIST
DPTR FM NORMAL:   5.8   DPTR FM NORMAL:   -1.56    2 = FOG REDUCING VISIBILITY
HIGHEST:    90 ON 13    GRTST 24HR  0.08 ON  8- 8      TO 1/4 MILE OR LESS
LOWEST:     43 ON  2                               3 = THUNDER
                        SNOW, ICE PELLETS, HAIL    4 = ICE PELLETS
                        TOTAL MONTH:   0.0 INCH    5 = HAIL
                        GRTST 24HR     0.0         6 = FREEZING RAIN OR DRIZZLE
                        GRTST DEPTH:   0           7 = DUSTSTORM OR SANDSTORM:
                                                       VSBY 1/2 MILE OR LESS
                                                   8 = SMOKE OR HAZE
[NO. OF DAYS WITH]      [WEATHER - DAYS WITH]      9 = BLOWING SNOW
                                                   X = TORNADO
MAX 32 OR BELOW:   0    0.01 INCH OR MORE:   4
MAX 90 OR ABOVE:   1    0.10 INCH OR MORE:   0
MIN 32 OR BELOW:   0    0.50 INCH OR MORE:   0
MIN  0 OR BELOW:   0    1.00 INCH OR MORE:   0

[HDD (BASE 65) ]
TOTAL THIS MO.    59    CLEAR  (SCALE 0-3)   4
DPTR FM NORMAL  -116    PTCLDY (SCALE 4-7)  13
TOTAL FM JUL 1  3864    CLOUDY (SCALE 8-10)  5
DPTR FM NORMAL  -274

[CDD (BASE 65) ]
TOTAL THIS MO.    25
DPTR FM NORMAL    22    [PRESSURE DATA]
TOTAL FM JAN 1    34    HIGHEST SLP M ON M
DPTR FM NORMAL    30    LOWEST  SLP 29.73 ON 22

[REMARKS]
