000
CXUS51 KAKQ 250833
CF6PHF
PRELIMINARY LOCAL CLIMATOLOGICAL DATA (WS FORM: F-6)

                                          STATION:   NEWPORT NEWS
                                          MONTH:     MAY
                                          YEAR:      2020
                                          LATITUDE:   37  7 N
                                          LONGITUDE:  76 30 W

  TEMPERATURE IN F:       :PCPN:    SNOW:  WIND      :SUNSHINE: SKY     :PK WND
================================================================================
1   2   3   4   5  6A  6B    7    8   9   10  11  12  13   14  15   16   17  18
                                     12Z  AVG MX 2MIN
DY MAX MIN AVG DEP HDD CDD  WTR  SNW DPTH SPD SPD DIR MIN PSBL S-S WX    SPD DR
================================================================================

 1  71  55  63  -1   2   0 0.03  0.0    0  7.5 21 290   M    M   8 18     27 300
 2  72  51  62  -2   3   0 0.00  0.0    0  7.0 16 320   M    M   0        22 340
 3  88  60  74  10   0   9 0.00  0.0    0 10.5 17 210   M    M   1        22 210
 4  81  53  67   2   0   2 0.00  0.0    0 10.4 25 330   M    M   2        37 330
 5  63  50  57  -8   8   0 0.06  0.0    0  6.6 15  80   M    M   6        18  70
 6  69  48  59  -6   6   0 0.55    M    0  7.2 20 300   M    M   8 138    27 300
 7  68  47  58  -7   7   0 0.00  0.0    0  9.9 22 280   M    M   3        35 260
 8  74  49  62  -4   3   0 0.11  0.0    0 14.0 35 230   M    M   4        44 220
 9  60  41  51 -15  14   0 0.02  0.0    0 11.7 29 330   M    M   1        37 340
10  69  34  52 -14  13   0 0.00  0.0    0  7.3 20 210   M    M   0        26 220
11  71  49  60  -6   5   0    T  0.0    0 13.4 23 320   M    M   5        30 320
12  65  40  53 -14  12   0 0.00  0.0    0  6.6 18 310   M    M   2        25 330
13  71  43  57 -10   8   0 0.00  0.0    0  4.6 15 120   M    M   1        18 130
14  81  47  64  -3   1   0    T  0.0    0  7.7 21 210   M    M   4        24 210
15  87  65  76   9   0  11 0.00  0.0    0 14.2 22 220   M    M   0        34 160
16  87  66  77   9   0  12 0.00  0.0    0 10.5 20  70   M    M   1        32 220
17  74  62  68   0   0   3 0.00  0.0    0 10.4 17  70   M    M   8 18     21  80
18  66  62  64  -4   1   0 0.51  0.0    0 11.3 18  30   M    M  10 18     28  40
19  63  56  60  -9   5   0 0.06  0.0    0 16.8 29  60   M    M  10        40  70
20  60  55  58 -11   7   0 0.08  0.0    0 17.1 29  70   M    M  10 8      37  60
21  72  59  66  -3   0   1 0.33  0.0    0 12.9 20  60   M    M  10 1      32 120
22  86  66  76   7   0  11 0.13  0.0    0  8.3 17 230   M    M   2 8      23 230
23  83  65  74   4   0   9 0.03  0.0    0  6.6 16 280   M    M   4        21 280
24  67  62  65  -5   0   0 0.00  0.0    0  7.5 16  70   M    M   9 18     18  70
================================================================================
SM 1748 1285        95  58  1.91     0.0 240.0          M      109
================================================================================
AV 72.8 53.5                              10.0 FASTST   M    M   5    MAX(MPH)
                                 MISC ---->  # 35 230               # 44  220
================================================================================
NOTES:
# LAST OF SEVERAL OCCURRENCES

COLUMN 17 PEAK WIND IN M.P.H.

PRELIMINARY LOCAL CLIMATOLOGICAL DATA (WS FORM: F-6) , PAGE 2

                                          STATION:  NEWPORT NEWS
                                          MONTH:    MAY
                                          YEAR:     2020
                                          LATITUDE:   37  7 N
                                          LONGITUDE:  76 30 W

[TEMPERATURE DATA]      [PRECIPITATION DATA]       SYMBOLS USED IN COLUMN 16

AVERAGE MONTHLY: 63.2   TOTAL FOR MONTH:   1.91    1 = FOG OR MIST
DPTR FM NORMAL:  -3.6   DPTR FM NORMAL:   -0.78    2 = FOG REDUCING VISIBILITY
HIGHEST:    88 ON  3    GRTST 24HR  0.55 ON  6- 6      TO 1/4 MILE OR LESS
LOWEST:     34 ON 10                               3 = THUNDER
                        SNOW, ICE PELLETS, HAIL    4 = ICE PELLETS
                        TOTAL MONTH:   0.0 INCH    5 = HAIL
                        GRTST 24HR     0.0         6 = FREEZING RAIN OR DRIZZLE
                        GRTST DEPTH:   0           7 = DUSTSTORM OR SANDSTORM:
                                                       VSBY 1/2 MILE OR LESS
                                                   8 = SMOKE OR HAZE
[NO. OF DAYS WITH]      [WEATHER - DAYS WITH]      9 = BLOWING SNOW
                                                   X = TORNADO
MAX 32 OR BELOW:   0    0.01 INCH OR MORE:  11
MAX 90 OR ABOVE:   0    0.10 INCH OR MORE:   5
MIN 32 OR BELOW:   0    0.50 INCH OR MORE:   2
MIN  0 OR BELOW:   0    1.00 INCH OR MORE:   0

[HDD (BASE 65) ]
TOTAL THIS MO.    95    CLEAR  (SCALE 0-3)  11
DPTR FM NORMAL    41    PTCLDY (SCALE 4-7)   6
TOTAL FM JUL 1  2926    CLOUDY (SCALE 8-10)  7
DPTR FM NORMAL  -357

[CDD (BASE 65) ]
TOTAL THIS MO.    58
DPTR FM NORMAL   -40    [PRESSURE DATA]
TOTAL FM JAN 1   118    HIGHEST SLP M ON M
DPTR FM NORMAL   -33    LOWEST  SLP 29.66 ON  4

[REMARKS]
