000
CXUS51 KAKQ 210633
CF6PHF
PRELIMINARY LOCAL CLIMATOLOGICAL DATA (WS FORM: F-6)

                                          STATION:   NEWPORT NEWS
                                          MONTH:     SEPTEMBER
                                          YEAR:      2018
                                          LATITUDE:   37  7 N
                                          LONGITUDE:  76 30 W

  TEMPERATURE IN F:       :PCPN:    SNOW:  WIND      :SUNSHINE: SKY     :PK WND
================================================================================
1   2   3   4   5  6A  6B    7    8   9   10  11  12  13   14  15   16   17  18
                                     12Z  AVG MX 2MIN
DY MAX MIN AVG DEP HDD CDD  WTR  SNW DPTH SPD SPD DIR MIN PSBL S-S WX    SPD DR
================================================================================

 1  88  71  80   4   0  15 0.08  0.0    0  3.5 13  20   M    M   2 13     17  30
 2  89  70  80   4   0  15 0.00  0.0    0  3.7  9 100   M    M   1 1      13  70
 3  92  72  82   6   0  17    T  0.0    0  3.2 12 100   M    M   1 1      14 100
 4  91  73  82   6   0  17 0.00  0.0    0  3.1 10 100   M    M   0 1      13  80
 5  90  70  80   4   0  15 0.00  0.0    0  3.2 12  80   M    M   0 12     13  90
 6  92  72  82   7   0  17 0.00  0.0    0  4.2 10 100   M    M   1        27 200
 7  91  74  83   8   0  18 0.00  0.0    0  5.5 12 110   M    M   1        16 170
 8  88  73  81   6   0  16 2.70  0.0    0  6.3 26  60   M    M   5 123    34  70
 9  83  72  78   3   0  13 1.46  0.0    0  6.5 16  90   M    M   8 13     22  80
10  88  72  80   6   0  15    T  0.0    0  4.8 12 100   M    M   7 1      16 230
11  89  75  82   8   0  17    T  0.0    0  4.6 16 140   M    M   2 3      19 150
12  86  75  81   7   0  16 0.08  0.0    0  7.2 14  70   M    M   3 13     19  70
13  81  77  79   5   0  14 0.01  0.0    0 14.4 26  60   M    M   8 1      36  70
14  81  76  79   6   0  14 0.03  0.0    0 16.6 24  70   M    M   9 1      31  70
15  81  75  78   5   0  13 0.02  0.0    0 16.1 22  70   M    M   9 1      29  80
16  85  76  81   8   0  16    T  0.0    0 12.3 25 110   M    M   6 1      30 100
17  85  77  81   9   0  16    T  0.0    0 10.8 18 200   M    M   4        26 160
18  87  73  80   8   0  15 0.04  0.0    0 11.8 21 250   M    M   8 1      27 240
19  87  68  78   6   0  13 0.00  0.0    0  5.4 14 330   M    M   2 1      19  10
20  80  65  73   2   0   8 0.00  0.0    0  5.1 15 100   M    M   5 12     18 110
================================================================================
SM 1734 1456         0 300  4.42     0.0 148.3          M       82
================================================================================
AV 86.7 72.8                               7.4 FASTST   M    M   4    MAX(MPH)
                                 MISC ---->  # 26  60               # 36   70
================================================================================
NOTES:
# LAST OF SEVERAL OCCURRENCES

COLUMN 17 PEAK WIND IN M.P.H.

PRELIMINARY LOCAL CLIMATOLOGICAL DATA (WS FORM: F-6) , PAGE 2

                                          STATION:  NEWPORT NEWS
                                          MONTH:    SEPTEMBER
                                          YEAR:     2018
                                          LATITUDE:   37  7 N
                                          LONGITUDE:  76 30 W

[TEMPERATURE DATA]      [PRECIPITATION DATA]       SYMBOLS USED IN COLUMN 16

AVERAGE MONTHLY: 79.8   TOTAL FOR MONTH:   4.42    1 = FOG OR MIST
DPTR FM NORMAL:   5.7   DPTR FM NORMAL:    1.18    2 = FOG REDUCING VISIBILITY
HIGHEST:    92 ON  6, 3 GRTST 24HR  2.70 ON  8- 8      TO 1/4 MILE OR LESS
LOWEST:     65 ON 20                               3 = THUNDER
                        SNOW, ICE PELLETS, HAIL    4 = ICE PELLETS
                        TOTAL MONTH:   0.0 INCH    5 = HAIL
                        GRTST 24HR     0.0         6 = FREEZING RAIN OR DRIZZLE
                        GRTST DEPTH:   0           7 = DUSTSTORM OR SANDSTORM:
                                                       VSBY 1/2 MILE OR LESS
                                                   8 = SMOKE OR HAZE
[NO. OF DAYS WITH]      [WEATHER - DAYS WITH]      9 = BLOWING SNOW
                                                   X = TORNADO
MAX 32 OR BELOW:   0    0.01 INCH OR MORE:   8
MAX 90 OR ABOVE:   5    0.10 INCH OR MORE:   2
MIN 32 OR BELOW:   0    0.50 INCH OR MORE:   2
MIN  0 OR BELOW:   0    1.00 INCH OR MORE:   2

[HDD (BASE 65) ]
TOTAL THIS MO.     0    CLEAR  (SCALE 0-3)   9
DPTR FM NORMAL     0    PTCLDY (SCALE 4-7)   8
TOTAL FM JUL 1     0    CLOUDY (SCALE 8-10)  3
DPTR FM NORMAL     0

[CDD (BASE 65) ]
TOTAL THIS MO.   300
DPTR FM NORMAL   117    [PRESSURE DATA]
TOTAL FM JAN 1  1834    HIGHEST SLP M ON M
DPTR FM NORMAL   246    LOWEST  SLP 29.73 ON 18

[REMARKS]
