000
CXUS51 KAKQ 230833
CF6PHF
PRELIMINARY LOCAL CLIMATOLOGICAL DATA (WS FORM: F-6)

                                          STATION:   NEWPORT NEWS
                                          MONTH:     OCTOBER
                                          YEAR:      2019
                                          LATITUDE:   37  7 N
                                          LONGITUDE:  76 30 W

  TEMPERATURE IN F:       :PCPN:    SNOW:  WIND      :SUNSHINE: SKY     :PK WND
================================================================================
1   2   3   4   5  6A  6B    7    8   9   10  11  12  13   14  15   16   17  18
                                     12Z  AVG MX 2MIN
DY MAX MIN AVG DEP HDD CDD  WTR  SNW DPTH SPD SPD DIR MIN PSBL S-S WX    SPD DR
================================================================================

 1  84  67  76   9   0  11 0.00  0.0    0  4.0 10 210   M    M   5        13 190
 2  97  70  84  17   0  19 0.00  0.0    0  6.7 13 230   M    M   0        17 220
 3  87  72  80  14   0  15 0.00  0.0    0  7.2 16  70   M    M   2 18     20  80
 4  79  63  71   5   0   6 0.00  0.0    0 10.3 21  70   M    M   2 18     27  70
 5  70  60  65  -1   0   0 0.00  0.0    0 11.3 20  70   M    M   7        27  60
 6  80  66  73   8   0   8 0.00  0.0    0  7.7 17 150   M    M   9        22 180
 7  84  58  71   6   0   6 0.00  0.0    0  5.1 16 190   M    M   3 1      20 200
 8  71  63  67   2   0   2 0.41  0.0    0 11.0 20  20   M    M  10 18     28  30
 9  66  59  63  -1   2   0 0.01  0.0    0  9.4 16  10   M    M  10 18     23 360
10  74  54  64   0   1   0    T  0.0    0  7.0 15 360   M    M   5 1      22  10
11  74  50  62  -2   3   0 0.00  0.0    0  5.9 16  90   M    M   0        19  70
12  80  48  64   1   1   0 0.00  0.0    0  2.8  9  60   M    M   2 1      12 220
13  74  60  67   4   0   2 0.66  0.0    0  5.6 14  80   M    M   6 13     18  60
14  73  55  64   1   1   0    T  0.0    0  3.6 12 270   M    M   7 12     15 280
15  73  49  61  -1   4   0 0.00  0.0    0  5.4 17  60   M    M   1 12     21  70
16  69  55  62   0   3   0 1.26  0.0    0  9.1 24 310   M    M   6 12     36 300
17  63  45  54  -8  11   0    T    M    0 12.1 24 260   M    M   0        33 270
18  65  41  53  -8  12   0 0.00  0.0    0  5.9 20 310   M    M   0        27 310
19  69  39  54  -7  11   0 0.00  0.0    0  2.8 10 120   M    M   0 1      14 240
20  71  58  65   4   0   0 2.40  0.0    0 11.8 20 340   M    M  10 18     30 330
21  62  58  60   0   5   0    T  0.0    0  4.9 16 350   M    M  10 18     21 340
22  74  59  67   7   0   2    T  0.0    0  8.2 16 170   M    M   9 1      24 280
================================================================================
SM 1639 1249        54  71  4.74     0.0 157.8          M      104
================================================================================
AV 74.5 56.8                               7.2 FASTST   M    M   5    MAX(MPH)
                                 MISC ---->  # 24 310               # 36  300
================================================================================
NOTES:
# LAST OF SEVERAL OCCURRENCES

COLUMN 17 PEAK WIND IN M.P.H.

PRELIMINARY LOCAL CLIMATOLOGICAL DATA (WS FORM: F-6) , PAGE 2

                                          STATION:  NEWPORT NEWS
                                          MONTH:    OCTOBER
                                          YEAR:     2019
                                          LATITUDE:   37  7 N
                                          LONGITUDE:  76 30 W

[TEMPERATURE DATA]      [PRECIPITATION DATA]       SYMBOLS USED IN COLUMN 16

AVERAGE MONTHLY: 65.6   TOTAL FOR MONTH:   4.74    1 = FOG OR MIST
DPTR FM NORMAL:   2.1   DPTR FM NORMAL:    2.33    2 = FOG REDUCING VISIBILITY
HIGHEST:    97 ON  2    GRTST 24HR  2.40 ON 20-20      TO 1/4 MILE OR LESS
LOWEST:     39 ON 19                               3 = THUNDER
                        SNOW, ICE PELLETS, HAIL    4 = ICE PELLETS
                        TOTAL MONTH:   0.0 INCH    5 = HAIL
                        GRTST 24HR     0.0         6 = FREEZING RAIN OR DRIZZLE
                        GRTST DEPTH:   0           7 = DUSTSTORM OR SANDSTORM:
                                                       VSBY 1/2 MILE OR LESS
                                                   8 = SMOKE OR HAZE
[NO. OF DAYS WITH]      [WEATHER - DAYS WITH]      9 = BLOWING SNOW
                                                   X = TORNADO
MAX 32 OR BELOW:   0    0.01 INCH OR MORE:   5
MAX 90 OR ABOVE:   1    0.10 INCH OR MORE:   4
MIN 32 OR BELOW:   0    0.50 INCH OR MORE:   3
MIN  0 OR BELOW:   0    1.00 INCH OR MORE:   2

[HDD (BASE 65) ]
TOTAL THIS MO.    54    CLEAR  (SCALE 0-3)  10
DPTR FM NORMAL   -26    PTCLDY (SCALE 4-7)   6
TOTAL FM JUL 1    59    CLOUDY (SCALE 8-10)  6
DPTR FM NORMAL   -29

[CDD (BASE 65) ]
TOTAL THIS MO.    71
DPTR FM NORMAL    26    [PRESSURE DATA]
TOTAL FM JAN 1  1965    HIGHEST SLP M ON M
DPTR FM NORMAL   282    LOWEST  SLP 29.45 ON 16

[REMARKS]
